{"id":9338,"date":"2021-03-09T22:00:21","date_gmt":"2021-03-09T21:00:21","guid":{"rendered":"https:\/\/projectes.xtec.cat\/qualitatfp\/?page_id=9338"},"modified":"2023-07-15T19:42:28","modified_gmt":"2023-07-15T17:42:28","slug":"xvi-jornada-de-qualitat","status":"publish","type":"page","link":"https:\/\/projectes.xtec.cat\/qualitatfp\/projectes\/jornades-de-difusio\/jornada-de-qualitat\/xvi-jornada-de-qualitat\/","title":{"rendered":"XVI Jornada de qualitat"},"content":{"rendered":"<p>8 de novembre de 2018, de 08.30 a 14.30 h, Campus de la Universitat Aut\u00f2noma de Barcelona, Hotel Campus de la UAB<\/p>\n<p><a href=\"https:\/\/projectes.xtec.cat\/qualitatfp\/wp-content\/uploads\/usu772\/2021\/03\/triptic-programa-2018.pdf\" target=\"_blank\" rel=\"noopener noreferrer\">Tr\u00edptic informatiu de la XVI Jornada de Qualitat a l&#8217;Ensenyament<\/a><\/p>\n<p><a href=\"https:\/\/projectes.xtec.cat\/qualitatfp\/wp-content\/uploads\/usu772\/2021\/03\/programa_xvi_jornada_qualitat.pdf\" target=\"_blank\" rel=\"noopener noreferrer\">Programa de la XVI Jornada de Qualitat a l&#8217;Ensenyament<\/a><\/p>\n<p>Acc\u00e9s a les inscripcions de professorat amb compte XTEC<\/p>\n<p>Acc\u00e9s a les inscripcions per al p\u00fablic que NO t\u00e9 compte XTEC<\/p>\n<p><a href=\"https:\/\/projectes.xtec.cat\/qualitatfp\/wp-content\/uploads\/usu772\/2021\/03\/0_Presentacio-de-la-XVI-Jornada-de-Qualitat-a-lEnsenyament.pdf\" target=\"_blank\" rel=\"noopener noreferrer\">Presentaci\u00f3 de la XVI Jornada de Qualitat a l&#8217;Ensenyament<\/a><\/p>\n<p><a href=\"https:\/\/projectes.xtec.cat\/qualitatfp\/wp-content\/uploads\/usu772\/2021\/03\/1_Pla-dactuacio-de-la-DGFPIERE.pdf\" target=\"_blank\" rel=\"noopener noreferrer\">Pla d&#8217;actuaci\u00f3 de la DGFPIERE. Joan-Llu\u00eds Espin\u00f3s<\/a><\/p>\n<p><a href=\"https:\/\/projectes.xtec.cat\/qualitatfp\/wp-content\/uploads\/usu772\/2021\/03\/2_Gestio-de-la-innovacio_Xavier_Ferras.pdf\" target=\"_blank\" rel=\"noopener noreferrer\">Gesti\u00f3 de la innovaci\u00f3. Xavier Ferr\u00e0s<\/a><\/p>\n<p><a href=\"https:\/\/projectes.xtec.cat\/qualitatfp\/wp-content\/uploads\/usu772\/2021\/03\/3_innovacio_xvi_jqe_v03.pdf\" target=\"_blank\" rel=\"noopener noreferrer\">Innovaci\u00f3. Una nova forma d&#8217;aportar valor. J.A. Andr\u00e9s\u00a0<\/a><\/p>\n<p><a href=\"https:\/\/projectes.xtec.cat\/qualitatfp\/wp-content\/uploads\/usu772\/2021\/03\/4_L_alumnat-centre-de-la-innovacio.-David-Bueno.pdf\" target=\"_blank\" rel=\"noopener noreferrer\">L&#8217;alumnat, centre de la innovaci\u00f3. David Bueno<\/a><\/p>\n<p><a href=\"https:\/\/projectes.xtec.cat\/qualitatfp\/wp-content\/uploads\/usu772\/2021\/03\/5_GamificACCIO_El-poder-del-joc-en-limplicacio-del-equips-Imma-Marin-Marinva..pdf\" target=\"_blank\" rel=\"noopener noreferrer\">GamificACCI\u00d3: El poder del joc en la implicaci\u00f3 del equips. Imma Mar\u00edn &#8211; Marinva<\/a><\/p>\n<p><a href=\"https:\/\/www.lavanguardia.com\/vida\/20181108\/452800483609\/bargallo-destaca-la-calidad-de-la-formacion-profesional-en-la-escuela-publica.html\" target=\"_blank\" rel=\"noopener noreferrer\">Not\u00edcia de premsa de la Jornada<\/a><\/p>\n<p><a href=\"https:\/\/projectes.xtec.cat\/qualitatfp\/wp-content\/uploads\/usu772\/2021\/03\/Informe-enquesta-valoracio-XVI-Jornada-de-Qualitat-a-lensenyament.pdf\" target=\"_blank\" rel=\"noopener noreferrer\">Resultats de les enquestes de satisfacci\u00f3<\/a><\/p>\n<p><a href=\"https:\/\/photos.app.goo.gl\/MujLCzjFbAkEerDF8\" target=\"_blank\" rel=\"noopener noreferrer\">Recull fotogr\u00e0fic i v\u00eddeos de la Jornada<\/a><\/p>\n","protected":false},"excerpt":{"rendered":"<p>8 de novembre de 2018, de 08.30 a 14.30 h, Campus de la Universitat Aut\u00f2noma de Barcelona, Hotel Campus de la UAB<br \/>\n<a href=\"https:\/\/projectes.xtec.cat\/qualitatfp\/wp-content\/uploads\/usu772\/2021\/03\/triptic-programa-2018.pdf\" target=\"_blank\" rel=\"noopener noreferrer\">Tr\u00edptic informatiu de la XVI Jornada de Qualitat a l&#8217;Ensenyament<\/a><br \/>\n<a href=\"https:\/\/projectes.xtec.cat\/qualitatfp\/wp-content\/uploads\/usu772\/2021\/03\/programa_xvi_jornada_qualitat.pdf\" target=\"_blank\" rel=\"noopener noreferrer\">Programa de la XVI Jornada de Qualitat&hellip;  <a href=\"https:\/\/projectes.xtec.cat\/qualitatfp\/projectes\/jornades-de-difusio\/jornada-de-qualitat\/xvi-jornada-de-qualitat\/\" title=\"Read XVI Jornada de qualitat\">Llegeix m\u00e9s\u00bb<\/a><\/p>\n","protected":false},"author":1,"featured_media":0,"parent":8565,"menu_order":40,"comment_status":"closed","ping_status":"closed","template":"page-templates\/side-menu.php","meta":{"_bbp_topic_count":0,"_bbp_reply_count":0,"_bbp_total_topic_count":0,"_bbp_total_reply_count":0,"_bbp_voice_count":0,"_bbp_anonymous_reply_count":0,"_bbp_topic_count_hidden":0,"_bbp_reply_count_hidden":0,"_bbp_forum_subforum_count":0,"footnotes":""},"class_list":["post-9338","page","type-page","status-publish","hentry"],"post_mailing_queue_ids":[],"_links":{"self":[{"href":"https:\/\/projectes.xtec.cat\/qualitatfp\/wp-json\/wp\/v2\/pages\/9338","targetHints":{"allow":["GET"]}}],"collection":[{"href":"https:\/\/projectes.xtec.cat\/qualitatfp\/wp-json\/wp\/v2\/pages"}],"about":[{"href":"https:\/\/projectes.xtec.cat\/qualitatfp\/wp-json\/wp\/v2\/types\/page"}],"author":[{"embeddable":true,"href":"https:\/\/projectes.xtec.cat\/qualitatfp\/wp-json\/wp\/v2\/users\/1"}],"replies":[{"embeddable":true,"href":"https:\/\/projectes.xtec.cat\/qualitatfp\/wp-json\/wp\/v2\/comments?post=9338"}],"version-history":[{"count":3,"href":"https:\/\/projectes.xtec.cat\/qualitatfp\/wp-json\/wp\/v2\/pages\/9338\/revisions"}],"predecessor-version":[{"id":12097,"href":"https:\/\/projectes.xtec.cat\/qualitatfp\/wp-json\/wp\/v2\/pages\/9338\/revisions\/12097"}],"up":[{"embeddable":true,"href":"https:\/\/projectes.xtec.cat\/qualitatfp\/wp-json\/wp\/v2\/pages\/8565"}],"wp:attachment":[{"href":"https:\/\/projectes.xtec.cat\/qualitatfp\/wp-json\/wp\/v2\/media?parent=9338"}],"curies":[{"name":"wp","href":"https:\/\/api.w.org\/{rel}","templated":true}]}}