{"id":9389,"date":"2021-03-09T22:53:17","date_gmt":"2021-03-09T21:53:17","guid":{"rendered":"https:\/\/projectes.xtec.cat\/qualitatfp\/?page_id=9389"},"modified":"2023-07-15T19:43:48","modified_gmt":"2023-07-15T17:43:48","slug":"xiii-jornada-de-qualitat","status":"publish","type":"page","link":"https:\/\/projectes.xtec.cat\/qualitatfp\/projectes\/jornades-de-difusio\/jornada-de-qualitat\/xiii-jornada-de-qualitat\/","title":{"rendered":"XIII Jornada de qualitat"},"content":{"rendered":"<p><strong>12 de novembre de 2015<\/strong>, de 08.30 a 14.30 h, Campus de la Universitat Aut\u00f2noma de\u00a0Barcelona, Hotel Campus de la UAB<\/p>\n<p><a href=\"https:\/\/projectes.xtec.cat\/qualitatfp\/wp-content\/uploads\/usu772\/2021\/03\/programa_xiii_jornada_qualitat_v03.pdf\" target=\"_blank\" rel=\"noopener noreferrer\">Programa de la XIII Jornada\u00a0de Qualitat a l&#8217;Ensenyament<\/a><\/p>\n<p>Acc\u00e9s a les inscripcions de professorat amb compte XTEC<\/p>\n<p>Acc\u00e9s a les inscripcions per al p\u00fablic que no t\u00e9 compte XTEC<\/p>\n<p><a href=\"https:\/\/projectes.xtec.cat\/qualitatfp\/wp-content\/uploads\/usu772\/2021\/03\/Fullet-programa-2015.pdf\" target=\"_blank\" rel=\"noopener noreferrer\">Tr\u00edptic informatiu de la XIII Jornada de Qualitat a l&#8217;Ensenyament<\/a><\/p>\n<p><a href=\"https:\/\/projectes.xtec.cat\/qualitatfp\/wp-content\/uploads\/usu772\/2021\/03\/ENQUESTA-VALORACIO-XIII-JORNADA-DE-QUALITAT-A-LENSENYAMENT-12_11_15.pdf\" target=\"_blank\" rel=\"noopener noreferrer\">Resultats Enquesta<\/a><\/p>\n<p><a href=\"http:\/\/educacio.gencat.cat\/ca\/inici\/nota-premsa\/?id=288286\" target=\"_blank\" rel=\"noopener noreferrer\">Not\u00edcia de premsa<\/a><\/p>\n<p>Presentacions Jornada:<\/p>\n<p><a href=\"https:\/\/projectes.xtec.cat\/qualitatfp\/wp-content\/uploads\/usu772\/2021\/03\/Programa-xiii-jornada-de-qualitat-a-lensenyament.pdf\" target=\"_blank\" rel=\"noopener noreferrer\">Presentaci\u00f3 Jornada: Pon\u00e8ncia &#8220;Programa XIII Jornada de Qualitat a l&#8217;Ensenyament&#8221;<\/a><\/p>\n<p><a href=\"https:\/\/projectes.xtec.cat\/qualitatfp\/wp-content\/uploads\/usu772\/2021\/03\/Ensenyament-i-aprenentatge-un-repte-de-tots-per-Angel-Castineira.pdf\" target=\"_blank\" rel=\"noopener noreferrer\">Presentaci\u00f3 d&#8217;\u00c0ngel Casti\u00f1eira:\u00a0Pon\u00e8ncia\u00a0&#8220;Ensenyament i aprenentatge, un repte de tots, per \u00c0ngel Casti\u00f1eira&#8221;<\/a><\/p>\n<p><a href=\"https:\/\/projectes.xtec.cat\/qualitatfp\/wp-content\/uploads\/usu772\/2021\/03\/Leducacio-del-nou-jove-connectat-per-Dolors-Reig.pdf\" target=\"_blank\" rel=\"noopener noreferrer\">presentaci\u00f3 de Dolors Reig:\u00a0Pon\u00e8ncia\u00a0&#8220;L\u00b4educaci\u00f3 del nou jove \u00a0connectat, per Dolors Reig&#8221;<\/a><\/p>\n<p><a href=\"https:\/\/projectes.xtec.cat\/qualitatfp\/wp-content\/uploads\/usu772\/2021\/03\/La-comunicacio-sha-de-planificar.-Parlem-o-comuniquem.pdf\" target=\"_blank\" rel=\"noopener noreferrer\">Presentaci\u00f3 de Jordi Adell:\u00a0Pon\u00e8ncia\u00a0&#8220;La comunicaci\u00f3 s&#8217;ha de planificar. Parlem o comuniquem?<\/a><\/p>\n<p><a href=\"https:\/\/photos.google.com\/share\/AF1QipOUZpA_AYX7_Zrulx14cDg1s2EXRyr63-aIGAeh48J4b1Ehc8Q1oZZSCPQAylg2kg?key=OGJ1VldiZXdzMDE5Q0hybFNVdG9RbVEzUDYzb1JB\" target=\"_blank\" rel=\"noopener noreferrer\">Fotografies<\/a><\/p>\n<p><strong>Proposta inicial de bones pr\u00e0ctiques \/ innovacions, sobre els temes que presentarem al\u00a0work-caf\u00e8:<\/strong><\/p>\n<div class=\"table-responsive pd-15 pd-30 taula_1\">\n<table class=\"table\">\n<tbody>\n<tr>\n<td width=\"64\"><strong>TAULES<\/strong><\/td>\n<td width=\"624\"><strong>TEMES DE TREBALL:<\/strong><\/td>\n<\/tr>\n<tr>\n<td width=\"64\">1<\/td>\n<td width=\"624\">Incorporar la internacionalitzaci\u00f3 de l&#8217;FP al Projecte Educatiu de Centre<\/td>\n<\/tr>\n<tr>\n<td width=\"64\">2<\/td>\n<td width=\"624\">La gesti\u00f3 de l&#8217;FP dual<\/td>\n<\/tr>\n<tr>\n<td width=\"64\">3<\/td>\n<td width=\"624\">Gesti\u00f3 de l\u2019emprenedoria en el centre<\/td>\n<\/tr>\n<tr>\n<td width=\"64\">4<\/td>\n<td width=\"624\">Innovar amb empreses des de l&#8217;FP<\/td>\n<\/tr>\n<tr>\n<td width=\"64\">5<\/td>\n<td width=\"624\">La gesti\u00f3 de la Formaci\u00f3 Interna de Centre<\/td>\n<\/tr>\n<tr>\n<td width=\"64\">6<\/td>\n<td width=\"624\">Estrat\u00e8gies per disminuir l&#8217;abandonament \u00a0a l&#8217;FP<\/td>\n<\/tr>\n<tr>\n<td width=\"64\">7<\/td>\n<td width=\"624\">Els\u00a0projectes\u00a0de\u00a0col\u00b7laboraci\u00f3\u00a0entre\u00a0les\u00a0escoles\u00a0d\u2019Art\u00a0i\u00a0el\u00a0centres\u00a0educatius\u00a0del\u00a0seu\u00a0entorn<\/td>\n<\/tr>\n<tr>\n<td width=\"64\">8<\/td>\n<td width=\"624\">Els\u00a0projectes\u00a0de\u00a0ciutat\u00a0de\u00a0les\u00a0escoles\u00a0de\u00a0m\u00fasica<\/td>\n<\/tr>\n<tr>\n<td width=\"64\">9<\/td>\n<td width=\"624\">La\u00a0gesti\u00f3\u00a0de\u00a0Qualitat\u00a0a\u00a0les\u00a0Escoles\u00a0Oficials\u00a0d\u2019Idiomes<\/td>\n<\/tr>\n<tr>\n<td width=\"64\">10<\/td>\n<td width=\"624\">Metodologies\u00a0per\u00a0realitzar\u00a0l\u2019auditoria\u00a0interna\u00a0del\u00a0sistema\u00a0de\u00a0gesti\u00f3<\/td>\n<\/tr>\n<tr>\n<td width=\"64\">11<\/td>\n<td width=\"624\">L\u2019autoavaluaci\u00f3\u00a0del\u00a0centre<\/td>\n<\/tr>\n<tr>\n<td width=\"64\">12<\/td>\n<td width=\"624\">Implementaci\u00f3\u00a0de\u00a0la\u00a0nova\u00a0ISO\u00a09001:2015\u00a0als\u00a0centres\u00a0educatius<\/td>\n<\/tr>\n<tr>\n<td width=\"64\">13<\/td>\n<td width=\"624\">Model\u00a0E2CAT\u00a0aplicat\u00a0als\u00a0centres\u00a0educatius<\/td>\n<\/tr>\n<tr>\n<td width=\"64\">14<\/td>\n<td width=\"624\">La\u00a0gesti\u00f3\u00a0del\u00a0proc\u00e9s\u00a0d\u2019ensenyament\u00a0i\u00a0aprenentatge<\/td>\n<\/tr>\n<tr>\n<td width=\"64\">15<\/td>\n<td width=\"624\">Els\u00a0reptes\u00a0de\u00a0la\u00a0nova\u00a0funci\u00f3\u00a0directiva<\/td>\n<\/tr>\n<tr>\n<td width=\"64\">16<\/td>\n<td width=\"624\">Implementaci\u00f3\u00a0del\u00a0sistema\u00a0de\u00a0gesti\u00f3\u00a0ambiental\u00a0a\u00a0l\u2019Institut<\/td>\n<\/tr>\n<tr>\n<td width=\"64\">17<\/td>\n<td width=\"624\">Dinamitzaci\u00f3\u00a0d&#8217;equips\u00a0de\u00a0treball\u00a0al\u00a0centre<\/td>\n<\/tr>\n<tr>\n<td width=\"64\">18<\/td>\n<td width=\"624\">La\u00a0gesti\u00f3\u00a0dels\u00a0valors<\/td>\n<\/tr>\n<tr>\n<td width=\"64\">19<\/td>\n<td width=\"624\">La\u00a0gesti\u00f3\u00a0dels\u00a0indicadors\u00a0i\u00a0la\u00a0presa\u00a0de\u00a0decisions\u00a0en\u00a0la\u00a0revisi\u00f3\u00a0per\u00a0la\u00a0direcci\u00f3<\/td>\n<\/tr>\n<tr>\n<td width=\"64\">20<\/td>\n<td width=\"624\">La\u00a0gesti\u00f3\u00a0del\u00a0pla\u00a0de\u00a0comunicaci\u00f3\u00a0del\u00a0centre<\/td>\n<\/tr>\n<tr>\n<td width=\"64\">21<\/td>\n<td width=\"624\">Les\u00a0aliances\u00a0entre\u00a0empreses,\u00a0organitzacions\u00a0i\u00a0instituts<\/td>\n<\/tr>\n<tr>\n<td width=\"64\">22<\/td>\n<td width=\"624\">Gesti\u00f3\u00a0de\u00a0les\u00a0persones\u00a0del\u00a0centre<\/td>\n<\/tr>\n<tr>\n<td width=\"64\">23<\/td>\n<td width=\"624\">Els programaris de gesti\u00f3 de la qualitat als centres<\/td>\n<\/tr>\n<tr>\n<td width=\"64\">24<\/td>\n<td width=\"624\">El treball amb la realitat augmentada a l\u2019aula<\/td>\n<\/tr>\n<tr>\n<td width=\"64\">25<\/td>\n<td width=\"624\">Les\u00a0eines\u00a02.0\u00a0a\u00a0l&#8217;aula<\/td>\n<\/tr>\n<tr>\n<td width=\"64\">26<\/td>\n<td width=\"624\">Flipped\u00a0classroom<\/td>\n<\/tr>\n<tr>\n<td width=\"64\">27<\/td>\n<td width=\"624\">Treball\u00a0a\u00a0l&#8217;aula\u00a0amb\u00a0m\u00f2bils<\/td>\n<\/tr>\n<tr>\n<td width=\"64\">28<\/td>\n<td width=\"624\">Entorns\u00a0personals\u00a0d&#8217;aprenentatge\u00a0(PLE)<\/td>\n<\/tr>\n<tr>\n<td width=\"64\">29<\/td>\n<td width=\"624\">mSchools:\u00a0 Aplicacions\u00a0 m\u00f2bils\u00a0 a\u00a0 les\u00a0 fam\u00edlies\u00a0 professionals\u00a0 d&#8217;Administraci\u00f3\u00a0 i\u00a0 Gesti\u00f3,\u00a0 Arts\u00a0 Gr\u00e0fiques,\u00a0 Comer\u00e7\u00a0i\u00a0M\u00e0rqueting\u00a0i\u00a0Inform\u00e0tica\u00a0i\u00a0Comunicacions<\/td>\n<\/tr>\n<tr>\n<td width=\"64\">30<\/td>\n<td width=\"624\">Associaci\u00f3\u00a0Espiral:\u00a0Noves\u00a0tend\u00e8ncies\u00a0en\u00a0educaci\u00f3\u00a0(gamificaci\u00f3,\u00a0visual\u00a0thinking,\u00a0design\u00a0thinking&#8230;)<\/td>\n<\/tr>\n<tr>\n<td width=\"64\">31<\/td>\n<td width=\"624\">Rob\u00f2tica\u00a0i\u00a0programaci\u00f3\u00a0educatives<\/td>\n<\/tr>\n<tr>\n<td width=\"64\">32<\/td>\n<td width=\"624\">Aplicacions\u00a0educatives\u00a0de\u00a0la\u00a0impressi\u00f3\u00a0en\u00a03D<\/td>\n<\/tr>\n<tr>\n<td width=\"64\">33<\/td>\n<td width=\"624\">L\u2019e\u00adportfoli<\/td>\n<\/tr>\n<tr>\n<td width=\"64\">34<\/td>\n<td width=\"624\">Metodologies\u00a0d&#8217;avaluaci\u00f3:\u00a0Autoavaluaci\u00f3,\u00a0coavaluaci\u00f3,\u00a0r\u00fabriques\u00a0i\u00a0bases\u00a0d&#8217;orientaci\u00f3<\/td>\n<\/tr>\n<tr>\n<td width=\"64\">35<\/td>\n<td width=\"624\">Aprenentatge\u00a0basat\u00a0en\u00a0problemes\u00a0(PBL)<\/td>\n<\/tr>\n<tr>\n<td width=\"64\">36<\/td>\n<td width=\"624\">Metodologies\u00a0per\u00a0tal\u00a0d&#8217;assolir\u00a0els\u00a0resultats\u00a0d\u2019aprenentatge\u00a0en\u00a0angl\u00e8s\u00a0a\u00a0l\u2019FP<\/td>\n<\/tr>\n<tr>\n<td width=\"64\">37<\/td>\n<td width=\"624\">La\u00a0tutoria\u00a0a\u00a0l&#8217;FP<\/td>\n<\/tr>\n<tr>\n<td width=\"64\">38<\/td>\n<td width=\"624\">La\u00a0gesti\u00f3\u00a0del\u00a0proc\u00e9s\u00a0d\u2019assessorament\u00a0i\u00a0reconeixement\u00a0de\u00a0l\u2019experi\u00e8ncia\u00a0professional<\/td>\n<\/tr>\n<tr>\n<td width=\"64\">39<\/td>\n<td width=\"624\">Adaptacions\u00a0curriculars\u00a0dels\u00a0t\u00edtols\u00a0a\u00a0les\u00a0necessitats\u00a0del\u00a0sector\u00a0productiu<\/td>\n<\/tr>\n<tr>\n<td width=\"64\">40<\/td>\n<td width=\"624\">La\u00a0gesti\u00f3\u00a0de\u00a0projectes\u00a0multidisciplinaris<\/td>\n<\/tr>\n<tr>\n<td width=\"64\">41<\/td>\n<td width=\"624\">Treball\u00a0per\u00a0projectes:\u00a0cas\u00a0pr\u00e0ctic\u00a0de\u00a0metodologia\u00a0aplicada\u00a0a\u00a0cicles\u00a0formatius<\/td>\n<\/tr>\n<tr>\n<td width=\"64\">42<\/td>\n<td width=\"624\">El\u00a0tractament\u00a0de\u00a0les\u00a0intel\u00b7lig\u00e8ncies\u00a0m\u00faltiples\u00a0a\u00a0l\u2019escola<\/td>\n<\/tr>\n<tr>\n<td width=\"64\">43<\/td>\n<td width=\"624\">Activitats\u00a0de\u00a0servei\u00a0a\u00a0la\u00a0comunitat\u00a0de\u00a0l\u2019alumnat\u00a0de\u00a0l\u2019ESO<\/td>\n<\/tr>\n<tr>\n<td width=\"64\">44<\/td>\n<td width=\"624\">Aprenentatge\u00a0servei\u00a0a\u00a0la\u00a0FP<\/td>\n<\/tr>\n<tr>\n<td width=\"64\">45<\/td>\n<td width=\"624\">Qualitat\u00a0a\u00a0la\u00a0FP\u00a0del\u00a0Pa\u00eds\u00a0Basc<\/td>\n<\/tr>\n<tr>\n<td width=\"64\">46<\/td>\n<td width=\"624\">Transfer\u00e8ncia\u00a0de\u00a0la\u00a0innovaci\u00f3\u00a0entre\u00a0els\u00a0centres\u00a0d&#8217;FP\u00a0i\u00a0les\u00a0empreses\u00a0al\u00a0Pa\u00eds\u00a0Basc<\/td>\n<\/tr>\n<tr>\n<td width=\"64\">47<\/td>\n<td width=\"624\">El\u00a0projecte\u00a0de\u00a0centre:\u00a0Institut\u00a0Pere\u00a0Martell\u00a0de\u00a0Tarragona<\/td>\n<\/tr>\n<tr>\n<td width=\"64\">48<\/td>\n<td width=\"624\">El\u00a0projecte\u00a0de\u00a0centre:\u00a0Institut\u00a0Cal\u00b7l\u00edpolis\u00a0de\u00a0Tarragona<\/td>\n<\/tr>\n<tr>\n<td width=\"64\">49<\/td>\n<td width=\"624\">El\u00a0projecte\u00a0de\u00a0centre:\u00a0Institut\u00a0Marianao\u00a0de\u00a0Sant\u00a0Boi\u00a0de\u00a0Ll.<\/td>\n<\/tr>\n<tr>\n<td width=\"64\">50<\/td>\n<td width=\"624\">El\u00a0projecte\u00a0de\u00a0centre:\u00a0Institut\u00a0Bernat\u00a0el\u00a0Ferrer\u00a0de\u00a0Molins\u00a0de\u00a0Rei<\/td>\n<\/tr>\n<tr>\n<td width=\"64\">51<\/td>\n<td width=\"624\">El\u00a0projecte\u00a0de\u00a0centre:\u00a0Institut\u00a0Escola\u00a0del\u00a0Treball\u00a0de\u00a0Barcelona<\/td>\n<\/tr>\n<tr>\n<td width=\"64\">52<\/td>\n<td width=\"624\">El\u00a0projecte\u00a0de\u00a0centre:\u00a0Escola\u00a0Sadako\u00a0de\u00a0Barcelona<\/td>\n<\/tr>\n<tr>\n<td width=\"64\">53<\/td>\n<td width=\"624\">El\u00a0projecte\u00a0de\u00a0centre:\u00a0Escola\u00a0Virolai\u00a0de\u00a0Barcelona<\/td>\n<\/tr>\n<tr>\n<td width=\"64\">54<\/td>\n<td width=\"624\">El\u00a0projecte\u00a0Horitz\u00f3\u00a02020\u00a0de\u00a0Jesu\u00eftes\u00a0Educaci\u00f3<\/td>\n<\/tr>\n<tr>\n<td width=\"64\">55<\/td>\n<td width=\"624\">El\u00a0projecte\u00a0de\u00a0centre:\u00a0Centre\u00a0de\u00a0Tecnologies\u00a0Ituarte.\u00a0Fundaci\u00f3\u00a0Joan\u00a0XXIII<\/td>\n<\/tr>\n<tr>\n<td width=\"64\">56<\/td>\n<td width=\"624\">El\u00a0projecte\u00a0de\u00a0centre:\u00a0CCE\u00a0Montessori\u00a0\u00ad\u00a0Palau\u00a0de\u00a0Girona<\/td>\n<\/tr>\n<tr>\n<td width=\"64\"><\/td>\n<td width=\"624\"><\/td>\n<\/tr>\n<\/tbody>\n<\/table>\n<\/div>\n<p>El dia de la Jornada es comunicar\u00e0 la taula assignada al Work-caf\u00e8. Nom\u00e9s es mantindran les taules que disposin d&#8217;una inscripci\u00f3 suficient. En cas de no poder assignar la primera taula sol\u00b7licitada, s&#8217;assignar\u00e0 la seg\u00fcent per ordre estricte de prioritat en la inscripci\u00f3.<\/p>\n","protected":false},"excerpt":{"rendered":"<p>12 de novembre de 2015, de 08.30 a 14.30 h, Campus de la Universitat Aut\u00f2noma de\u00a0Barcelona, Hotel Campus de la UAB<br \/>\n<a href=\"https:\/\/projectes.xtec.cat\/qualitatfp\/wp-content\/uploads\/usu772\/2021\/03\/programa_xiii_jornada_qualitat_v03.pdf\" target=\"_blank\" rel=\"noopener noreferrer\">Programa de la XIII Jornada\u00a0de Qualitat a l&#8217;Ensenyament<\/a><br \/>\nAcc\u00e9s a les inscripcions de professorat amb compte XTEC<br \/>\nAcc\u00e9s a les inscripcions per al&hellip;  <a href=\"https:\/\/projectes.xtec.cat\/qualitatfp\/projectes\/jornades-de-difusio\/jornada-de-qualitat\/xiii-jornada-de-qualitat\/\" title=\"Read XIII Jornada de qualitat\">Llegeix m\u00e9s\u00bb<\/a><\/p>\n","protected":false},"author":1,"featured_media":0,"parent":8565,"menu_order":70,"comment_status":"closed","ping_status":"closed","template":"page-templates\/side-menu.php","meta":{"_bbp_topic_count":0,"_bbp_reply_count":0,"_bbp_total_topic_count":0,"_bbp_total_reply_count":0,"_bbp_voice_count":0,"_bbp_anonymous_reply_count":0,"_bbp_topic_count_hidden":0,"_bbp_reply_count_hidden":0,"_bbp_forum_subforum_count":0,"footnotes":""},"class_list":["post-9389","page","type-page","status-publish","hentry"],"post_mailing_queue_ids":[],"_links":{"self":[{"href":"https:\/\/projectes.xtec.cat\/qualitatfp\/wp-json\/wp\/v2\/pages\/9389","targetHints":{"allow":["GET"]}}],"collection":[{"href":"https:\/\/projectes.xtec.cat\/qualitatfp\/wp-json\/wp\/v2\/pages"}],"about":[{"href":"https:\/\/projectes.xtec.cat\/qualitatfp\/wp-json\/wp\/v2\/types\/page"}],"author":[{"embeddable":true,"href":"https:\/\/projectes.xtec.cat\/qualitatfp\/wp-json\/wp\/v2\/users\/1"}],"replies":[{"embeddable":true,"href":"https:\/\/projectes.xtec.cat\/qualitatfp\/wp-json\/wp\/v2\/comments?post=9389"}],"version-history":[{"count":3,"href":"https:\/\/projectes.xtec.cat\/qualitatfp\/wp-json\/wp\/v2\/pages\/9389\/revisions"}],"predecessor-version":[{"id":12100,"href":"https:\/\/projectes.xtec.cat\/qualitatfp\/wp-json\/wp\/v2\/pages\/9389\/revisions\/12100"}],"up":[{"embeddable":true,"href":"https:\/\/projectes.xtec.cat\/qualitatfp\/wp-json\/wp\/v2\/pages\/8565"}],"wp:attachment":[{"href":"https:\/\/projectes.xtec.cat\/qualitatfp\/wp-json\/wp\/v2\/media?parent=9389"}],"curies":[{"name":"wp","href":"https:\/\/api.w.org\/{rel}","templated":true}]}}