{"id":9489,"date":"2021-03-09T23:57:33","date_gmt":"2021-03-09T22:57:33","guid":{"rendered":"https:\/\/projectes.xtec.cat\/qualitatfp\/?page_id=9489"},"modified":"2022-10-19T13:34:49","modified_gmt":"2022-10-19T11:34:49","slug":"i-jornada-de-qualitat","status":"publish","type":"page","link":"https:\/\/projectes.xtec.cat\/qualitatfp\/projectes\/jornades-de-difusio\/jornada-de-qualitat\/i-jornada-de-qualitat\/","title":{"rendered":"I Jornada de qualitat"},"content":{"rendered":"<p>IES Lacet\u00e0nia<\/p>\n<p><a href=\"https:\/\/projectes.xtec.cat\/qualitatfp\/wp-content\/uploads\/usu772\/2021\/03\/IjornadaLacetania.pdf\" target=\"_blank\" rel=\"noopener noreferrer\"><strong>Programa<br \/>\n<\/strong><\/a><\/p>\n<h5><\/h5>\n<p><strong><a href=\"https:\/\/projectes.xtec.cat\/qualitatfp\/i-jornada-de-qualitat\/attachment\/1a-jdq\/\" rel=\"attachment wp-att-9552\"><img loading=\"lazy\" decoding=\"async\" class=\"size-full wp-image-9552 aligncenter\" src=\"https:\/\/projectes.xtec.cat\/qualitatfp\/wp-content\/uploads\/usu772\/2021\/03\/1a-JdQ.jpg\" alt=\"\" width=\"361\" height=\"583\" srcset=\"https:\/\/projectes.xtec.cat\/qualitatfp\/wp-content\/uploads\/usu772\/2021\/03\/1a-JdQ.jpg 361w, https:\/\/projectes.xtec.cat\/qualitatfp\/wp-content\/uploads\/usu772\/2021\/03\/1a-JdQ-186x300.jpg 186w\" sizes=\"auto, (max-width: 361px) 100vw, 361px\" \/><\/a><\/strong><\/p>\n<ul>\n<li><strong>9.00 Entrega documentaci\u00f3<\/strong><\/li>\n<li><strong>9.15 Inici de la jornada<\/strong><br \/>\nSalutaci\u00f3 del director de l\u2019IES Lacet\u00e0nia Sr. Ramon Raluy<br \/>\nPresentaci\u00f3 a c\u00e0rrec del Sr. Jordi Roig<br \/>\nSubdirector general de Planificaci\u00f3 i Organitzaci\u00f3 de l\u2019FP<\/li>\n<li><strong>9.30 Pon\u00e8ncia: \u00c9s possible la qualitat en un centre educatiu?<\/strong><br \/>\nSr. Joan Cortadellas<br \/>\nCap del Gabinet d\u2019Organitzaci\u00f3 i Qualitat de la Universitat Polit\u00e8cnica de Catalunya<\/li>\n<li><strong>10.30 Pon\u00e8ncia: Experi\u00e8ncia de la qualitat i millora cont\u00ednua<\/strong><br \/>\nSra. Anna Torruella<br \/>\nDirectora IES Quercus(en nom de tots els directors de la xarxa A del Projecte Qualitat i Millora Cont\u00ednua)<\/li>\n<li><strong><strong>11.00 Pausa Caf\u00e8<\/strong><\/strong><\/li>\n<li><strong>11.30 La certificaci\u00f3 ISO en els centres educatius<\/strong><br \/>\nPresentaci\u00f3 i moderaci\u00f3 de la taula<br \/>\nSr. Salvador Boix<br \/>\nCap del Centre de Certificaci\u00f3 LGAI<br \/>\nExperi\u00e8ncia de la Universitat<br \/>\nSr. Jordi Hern\u00e1ndez<br \/>\nCap d\u2019Estudis i Coordinador de Qualitat de l\u2019Escola Polit\u00e8cnica Superior de Castelldefels EPSC-UPC<br \/>\nExperi\u00e8ncia en un Institut de secundaria del Pa\u00eds Basc<br \/>\nSr. I\u00f1aki Biguri Zarraonandia<br \/>\nSubdirector i Coordinador de Qualitat de l\u2019IES Nicol\u00e1s Larburu de Baracaldo<\/li>\n<li><strong>Torn obert de paraules<\/strong><\/li>\n<li><strong>13.45 Fi de la sessi\u00f3 del mat\u00ed<\/strong><\/li>\n<\/ul>\n<p>&nbsp;<\/p>\n","protected":false},"excerpt":{"rendered":"<p>IES Lacet\u00e0nia<br \/>\n<a href=\"https:\/\/projectes.xtec.cat\/qualitatfp\/wp-content\/uploads\/usu772\/2021\/03\/IjornadaLacetania.pdf\" target=\"_blank\" rel=\"noopener noreferrer\">Programa<br \/>\n<\/a><\/p>\n<p><a href=\"https:\/\/projectes.xtec.cat\/qualitatfp\/i-jornada-de-qualitat\/attachment\/1a-jdq\/\" rel=\"attachment wp-att-9552\"><\/a><\/p>\n<ul>\n<li>9.00 Entrega documentaci\u00f3<\/li>\n<li>9.15 Inici de la jornada<br \/>\nSalutaci\u00f3 del director de l\u2019IES Lacet\u00e0nia Sr. Ramon Raluy<br \/>\nPresentaci\u00f3 a c\u00e0rrec del Sr. Jordi Roig<br \/>\nSubdirector general de Planificaci\u00f3 i Organitzaci\u00f3 de l\u2019FP<\/li>\n<li>9.30 Pon\u00e8ncia: \u00c9s possible la qualitat en un centre educatiu?<br \/>\nSr.&hellip;  <a href=\"https:\/\/projectes.xtec.cat\/qualitatfp\/projectes\/jornades-de-difusio\/jornada-de-qualitat\/i-jornada-de-qualitat\/\" title=\"Read I Jornada de qualitat\">Llegeix m\u00e9s\u00bb<\/a><\/p>\n","protected":false},"author":1,"featured_media":0,"parent":8565,"menu_order":190,"comment_status":"closed","ping_status":"closed","template":"page-templates\/side-menu.php","meta":{"_bbp_topic_count":0,"_bbp_reply_count":0,"_bbp_total_topic_count":0,"_bbp_total_reply_count":0,"_bbp_voice_count":0,"_bbp_anonymous_reply_count":0,"_bbp_topic_count_hidden":0,"_bbp_reply_count_hidden":0,"_bbp_forum_subforum_count":0,"footnotes":""},"class_list":["post-9489","page","type-page","status-publish","hentry"],"post_mailing_queue_ids":[],"_links":{"self":[{"href":"https:\/\/projectes.xtec.cat\/qualitatfp\/wp-json\/wp\/v2\/pages\/9489","targetHints":{"allow":["GET"]}}],"collection":[{"href":"https:\/\/projectes.xtec.cat\/qualitatfp\/wp-json\/wp\/v2\/pages"}],"about":[{"href":"https:\/\/projectes.xtec.cat\/qualitatfp\/wp-json\/wp\/v2\/types\/page"}],"author":[{"embeddable":true,"href":"https:\/\/projectes.xtec.cat\/qualitatfp\/wp-json\/wp\/v2\/users\/1"}],"replies":[{"embeddable":true,"href":"https:\/\/projectes.xtec.cat\/qualitatfp\/wp-json\/wp\/v2\/comments?post=9489"}],"version-history":[{"count":3,"href":"https:\/\/projectes.xtec.cat\/qualitatfp\/wp-json\/wp\/v2\/pages\/9489\/revisions"}],"predecessor-version":[{"id":10106,"href":"https:\/\/projectes.xtec.cat\/qualitatfp\/wp-json\/wp\/v2\/pages\/9489\/revisions\/10106"}],"up":[{"embeddable":true,"href":"https:\/\/projectes.xtec.cat\/qualitatfp\/wp-json\/wp\/v2\/pages\/8565"}],"wp:attachment":[{"href":"https:\/\/projectes.xtec.cat\/qualitatfp\/wp-json\/wp\/v2\/media?parent=9489"}],"curies":[{"name":"wp","href":"https:\/\/api.w.org\/{rel}","templated":true}]}}