{"id":8616,"date":"2025-04-30T09:54:38","date_gmt":"2025-04-30T07:54:38","guid":{"rendered":"https:\/\/projectes.xtec.cat\/recerca\/?page_id=8616"},"modified":"2025-11-07T12:40:40","modified_gmt":"2025-11-07T11:40:40","slug":"introduccio-a-la-recerca-accio","status":"publish","type":"page","link":"https:\/\/projectes.xtec.cat\/recerca\/recercaula\/introduccio-a-la-recerca-accio\/","title":{"rendered":"Introducci\u00f3 a la recerca acci\u00f3"},"content":{"rendered":"\n<p>En el programa d\u2019innovaci\u00f3 RecercAULA es promou l\u2019aprenentatge entre iguals mitjan\u00e7ant recerca acci\u00f3 participativa com a eina per a la millora dels resultats educatius.&nbsp;<\/p>\n\n\n\n<h4 class=\"wp-block-heading\">Qu\u00e8 entenem per recerca acci\u00f3 col\u00b7laborativa?<\/h4>\n\n\n\n<p>La recerca <a href=\"https:\/\/www.termcat.cat\/ca\" data-type=\"link\" data-id=\"https:\/\/www.termcat.cat\/ca\" target=\"_blank\" rel=\"noreferrer noopener\">acci\u00f3<\/a> \u00e9s la \u201c<em>Recerca educativa sobre el terreny que es caracteritza per la participaci\u00f3 del personal docent i investigador en totes les fases del proc\u00e9s de recerca i per la gran import\u00e0ncia que es dona al context<\/em>\u201d.<\/p>\n\n\n\n<p>La recerca acci\u00f3 col\u00b7laborativa implica que tota la comunitat educativa<strong> participa activament per analitzar la seva realitat i millorar-la<\/strong>. Combina la teoria i la pr\u00e0ctica: la <strong>teoria ajuda a orientar l\u2019acci\u00f3, i alhora la pr\u00e0ctica serveix per revisar i donar sentit a la teoria.<\/strong> En aquesta manera d\u2019investigar totes les persones implicades (docents, formadors, investigadors, alumnes, etc.) hi col\u00b7laboren en pla d\u2019igualtat, independentment de la seva experi\u00e8ncia o formaci\u00f3. Aquesta col\u00b7laboraci\u00f3 els permet treballar junts amb un objectiu com\u00fa: entendre millor com es produeix l\u2019aprenentatge a l\u2019aula per tal de millorar-lo i adaptar-lo a les necessitats concretes.<\/p>\n\n\n\n<p>Quan s\u2019aplica a l\u2019educaci\u00f3, la recerca acci\u00f3 col\u00b7laborativa no busca nom\u00e9s generar m\u00e9s coneixement, sin\u00f3<strong> transformar les pr\u00e0ctiques educatives<\/strong>. \u00c9s un proc\u00e9s que combina la recerca i la formaci\u00f3, i on es <strong>relacionen la teoria i la pr\u00e0ctica.<\/strong><\/p>\n\n\n\n<p>Dins el programa \u201cAprenentatge entre iguals: RecercAULA\u201d, cada centre educatiu crea un equip de recerca que segueix cicles de recerca acci\u00f3 col\u00b7laborativa (com mostra la figura) per abordar una situaci\u00f3 que vol millorar. Al llarg del proc\u00e9s, compten amb l\u2019acompanyament d\u2019assessors de recerca que visiten els centres. Amb el temps, es crea una<strong> xarxa de col\u00b7laboraci\u00f3<\/strong> tant dins del centre com amb la resta de centres que participen en el programa. <\/p>\n\n\n\n<p class=\"has-ast-global-color-3-color has-text-color has-link-color has-small-font-size wp-elements-176c42a498a3ccb07296a5476fa200fc\">Recercaula<\/p>\n\n\n\n<p><\/p>\n\n\n\n<p><\/p>\n\n\n\n<p><\/p>\n\n\n\n<figure class=\"wp-block-image size-full is-resized\"><a href=\"https:\/\/projectes.xtec.cat\/recerca\/wp-content\/uploads\/usu2090\/2025\/11\/Presentacio-Webinar-1-Area-dinteres-i-pregunta-de-recerca.pptx.png\"><img loading=\"lazy\" decoding=\"async\" width=\"1280\" height=\"720\" src=\"https:\/\/projectes.xtec.cat\/recerca\/wp-content\/uploads\/usu2090\/2025\/11\/Presentacio-Webinar-1-Area-dinteres-i-pregunta-de-recerca.pptx.png\" alt=\"\" class=\"wp-image-11578\" style=\"width:1200px;height:auto\" srcset=\"https:\/\/projectes.xtec.cat\/recerca\/wp-content\/uploads\/usu2090\/2025\/11\/Presentacio-Webinar-1-Area-dinteres-i-pregunta-de-recerca.pptx.png 1280w, https:\/\/projectes.xtec.cat\/recerca\/wp-content\/uploads\/usu2090\/2025\/11\/Presentacio-Webinar-1-Area-dinteres-i-pregunta-de-recerca.pptx-300x169.png 300w, https:\/\/projectes.xtec.cat\/recerca\/wp-content\/uploads\/usu2090\/2025\/11\/Presentacio-Webinar-1-Area-dinteres-i-pregunta-de-recerca.pptx-1024x576.png 1024w, https:\/\/projectes.xtec.cat\/recerca\/wp-content\/uploads\/usu2090\/2025\/11\/Presentacio-Webinar-1-Area-dinteres-i-pregunta-de-recerca.pptx-768x432.png 768w\" sizes=\"auto, (max-width: 1280px) 100vw, 1280px\" \/><\/a><\/figure>\n\n\n\n<p class=\"has-small-font-size\">Font: Adaptat d&#8217;Esteve, O. (2023). La recerca a l\u2019aula com a eina per a la transformaci\u00f3 pedag\u00f2gica i el desenvolupament professional com a docents. Jornada Inicial RecercAULA.<\/p>\n\n\n\n<p><\/p>\n","protected":false},"excerpt":{"rendered":"<p>En el programa d\u2019innovaci\u00f3 RecercAULA es promou l\u2019aprenentatge entre iguals mitjan\u00e7ant recerca acci\u00f3 participativa com a eina per a la [&hellip;]<\/p>\n","protected":false},"author":2,"featured_media":8922,"parent":8451,"menu_order":2,"comment_status":"closed","ping_status":"close","template":"","meta":{"site-sidebar-layout":"default","site-content-layout":"","ast-site-content-layout":"default","site-content-style":"default","site-sidebar-style":"default","ast-global-header-display":"","ast-banner-title-visibility":"","ast-main-header-display":"","ast-hfb-above-header-display":"","ast-hfb-below-header-display":"","ast-hfb-mobile-header-display":"","site-post-title":"","ast-breadcrumbs-content":"","ast-featured-img":"","footer-sml-layout":"","theme-transparent-header-meta":"","adv-header-id-meta":"","stick-header-meta":"","header-above-stick-meta":"","header-main-stick-meta":"","header-below-stick-meta":"","astra-migrate-meta-layouts":"set","ast-page-background-enabled":"default","ast-page-background-meta":{"desktop":{"background-color":"var(--ast-global-color-4)","background-image":"","background-repeat":"repeat","background-position":"center center","background-size":"auto","background-attachment":"scroll","background-type":"","background-media":"","overlay-type":"","overlay-color":"","overlay-opacity":"","overlay-gradient":""},"tablet":{"background-color":"","background-image":"","background-repeat":"repeat","background-position":"center center","background-size":"auto","background-attachment":"scroll","background-type":"","background-media":"","overlay-type":"","overlay-color":"","overlay-opacity":"","overlay-gradient":""},"mobile":{"background-color":"","background-image":"","background-repeat":"repeat","background-position":"center center","background-size":"auto","background-attachment":"scroll","background-type":"","background-media":"","overlay-type":"","overlay-color":"","overlay-opacity":"","overlay-gradient":""}},"ast-content-background-meta":{"desktop":{"background-color":"var(--ast-global-color-5)","background-image":"","background-repeat":"repeat","background-position":"center center","background-size":"auto","background-attachment":"scroll","background-type":"","background-media":"","overlay-type":"","overlay-color":"","overlay-opacity":"","overlay-gradient":""},"tablet":{"background-color":"var(--ast-global-color-5)","background-image":"","background-repeat":"repeat","background-position":"center center","background-size":"auto","background-attachment":"scroll","background-type":"","background-media":"","overlay-type":"","overlay-color":"","overlay-opacity":"","overlay-gradient":""},"mobile":{"background-color":"var(--ast-global-color-5)","background-image":"","background-repeat":"repeat","background-position":"center center","background-size":"auto","background-attachment":"scroll","background-type":"","background-media":"","overlay-type":"","overlay-color":"","overlay-opacity":"","overlay-gradient":""}},"footnotes":""},"class_list":["post-8616","page","type-page","status-publish","has-post-thumbnail","hentry"],"post_mailing_queue_ids":[],"_links":{"self":[{"href":"https:\/\/projectes.xtec.cat\/recerca\/wp-json\/wp\/v2\/pages\/8616","targetHints":{"allow":["GET"]}}],"collection":[{"href":"https:\/\/projectes.xtec.cat\/recerca\/wp-json\/wp\/v2\/pages"}],"about":[{"href":"https:\/\/projectes.xtec.cat\/recerca\/wp-json\/wp\/v2\/types\/page"}],"author":[{"embeddable":true,"href":"https:\/\/projectes.xtec.cat\/recerca\/wp-json\/wp\/v2\/users\/2"}],"replies":[{"embeddable":true,"href":"https:\/\/projectes.xtec.cat\/recerca\/wp-json\/wp\/v2\/comments?post=8616"}],"version-history":[{"count":6,"href":"https:\/\/projectes.xtec.cat\/recerca\/wp-json\/wp\/v2\/pages\/8616\/revisions"}],"predecessor-version":[{"id":11580,"href":"https:\/\/projectes.xtec.cat\/recerca\/wp-json\/wp\/v2\/pages\/8616\/revisions\/11580"}],"up":[{"embeddable":true,"href":"https:\/\/projectes.xtec.cat\/recerca\/wp-json\/wp\/v2\/pages\/8451"}],"wp:featuredmedia":[{"embeddable":true,"href":"https:\/\/projectes.xtec.cat\/recerca\/wp-json\/wp\/v2\/media\/8922"}],"wp:attachment":[{"href":"https:\/\/projectes.xtec.cat\/recerca\/wp-json\/wp\/v2\/media?parent=8616"}],"curies":[{"name":"wp","href":"https:\/\/api.w.org\/{rel}","templated":true}]}}

Introducció a la recerca acció

<p>En el programa d’innovació RecercAULA es promou l’aprenentatge entre iguals mitjançant recerca acció participativa com a eina per a la millora dels resultats educatius.&nbsp;</p>



<h4 class="wp-block-heading">Què entenem per recerca acció col·laborativa?</h4>



<p>La recerca <a href="https://www.termcat.cat/ca" data-type="link" data-id="https://www.termcat.cat/ca" target="_blank" rel="noreferrer noopener">acció</a> és la “<em>Recerca educativa sobre el terreny que es caracteritza per la participació del personal docent i investigador en totes les fases del procés de recerca i per la gran importància que es dona al context</em>”.</p>



<p>La recerca acció col·laborativa implica que tota la comunitat educativa<strong> participa activament per analitzar la seva realitat i millorar-la</strong>. Combina la teoria i la pràctica: la <strong>teoria ajuda a orientar l’acció, i alhora la pràctica serveix per revisar i donar sentit a la teoria.</strong> En aquesta manera d’investigar totes les persones implicades (docents, formadors, investigadors, alumnes, etc.) hi col·laboren en pla d’igualtat, independentment de la seva experiència o formació. Aquesta col·laboració els permet treballar junts amb un objectiu comú: entendre millor com es produeix l’aprenentatge a l’aula per tal de millorar-lo i adaptar-lo a les necessitats concretes.</p>



<p>Quan s’aplica a l’educació, la recerca acció col·laborativa no busca només generar més coneixement, sinó<strong> transformar les pràctiques educatives</strong>. És un procés que combina la recerca i la formació, i on es <strong>relacionen la teoria i la pràctica.</strong></p>



<p>Dins el programa “Aprenentatge entre iguals: RecercAULA”, cada centre educatiu crea un equip de recerca que segueix cicles de recerca acció col·laborativa (com mostra la figura) per abordar una situació que vol millorar. Al llarg del procés, compten amb l’acompanyament d’assessors de recerca que visiten els centres. Amb el temps, es crea una<strong> xarxa de col·laboració</strong> tant dins del centre com amb la resta de centres que participen en el programa. </p>



<p class="has-ast-global-color-3-color has-text-color has-link-color has-small-font-size wp-elements-176c42a498a3ccb07296a5476fa200fc">Recercaula</p>



<p></p>



<p></p>



<p></p>



<figure class="wp-block-image size-full is-resized"><a href="https://projectes.xtec.cat/recerca/wp-content/uploads/usu2090/2025/11/Presentacio-Webinar-1-Area-dinteres-i-pregunta-de-recerca.pptx.png"><img loading="lazy" decoding="async" width="1280" height="720" src="https://projectes.xtec.cat/recerca/wp-content/uploads/usu2090/2025/11/Presentacio-Webinar-1-Area-dinteres-i-pregunta-de-recerca.pptx.png" alt="" class="wp-image-11578" style="width:1200px;height:auto" srcset="https://projectes.xtec.cat/recerca/wp-content/uploads/usu2090/2025/11/Presentacio-Webinar-1-Area-dinteres-i-pregunta-de-recerca.pptx.png 1280w, https://projectes.xtec.cat/recerca/wp-content/uploads/usu2090/2025/11/Presentacio-Webinar-1-Area-dinteres-i-pregunta-de-recerca.pptx-300x169.png 300w, https://projectes.xtec.cat/recerca/wp-content/uploads/usu2090/2025/11/Presentacio-Webinar-1-Area-dinteres-i-pregunta-de-recerca.pptx-1024x576.png 1024w, https://projectes.xtec.cat/recerca/wp-content/uploads/usu2090/2025/11/Presentacio-Webinar-1-Area-dinteres-i-pregunta-de-recerca.pptx-768x432.png 768w" sizes="auto, (max-width: 1280px) 100vw, 1280px" /></a></figure>



<p class="has-small-font-size">Font: Adaptat d&#8217;Esteve, O. (2023). La recerca a l’aula com a eina per a la transformació pedagògica i el desenvolupament professional com a docents. Jornada Inicial RecercAULA.</p>



<p></p>

<p>En el programa d’innovació RecercAULA es promou l’aprenentatge entre iguals mitjançant recerca acció participativa com a eina per a la [&hellip;]</p>
