{"id":8645,"date":"2025-04-30T10:57:17","date_gmt":"2025-04-30T08:57:17","guid":{"rendered":"https:\/\/projectes.xtec.cat\/recerca\/?page_id=8645"},"modified":"2025-05-31T20:30:48","modified_gmt":"2025-05-31T18:30:48","slug":"historia","status":"publish","type":"page","link":"https:\/\/projectes.xtec.cat\/recerca\/erasmus-redu\/historia\/","title":{"rendered":"Hist\u00f2ric de mobilitats"},"content":{"rendered":"\n<p>El programa <strong>REDU va n\u00e9ixer el 2023<\/strong> amb la participaci\u00f3 de <strong>cinc centres educatius<\/strong> (tres de prim\u00e0ria i dos de secund\u00e0ria) per abordar reptes educatius que els mateixos centres identifiquen com a prioritaris. En aquest marc, els docents han realitzat 12 mobilitats internacionals en format de <strong><em>job shadowing<\/em> <\/strong>a centres de diversos pa\u00efsos durant una setmana.&nbsp;<\/p>\n\n\n\n<p>Pr\u00e8viament, en el per\u00edode 2021-2023 el Servei de Recerca Educativa va coordinar l\u2019equip IA (Innovaci\u00f3 Avan\u00e7ada) amb la participaci\u00f3 de cinc centres educatius. Entre tots dos cursos es van realitzar <strong>22 mobilitats a diversos pa\u00efsos europeus.<\/strong><\/p>\n\n\n\n<figure class=\"wp-block-image aligncenter size-full is-resized has-custom-border\"><a href=\"https:\/\/projectes.xtec.cat\/recerca\/wp-content\/uploads\/usu2090\/2025\/05\/Infografies-Nodes-SRE-format-estret-17.svg\"><img decoding=\"async\" src=\"https:\/\/projectes.xtec.cat\/recerca\/wp-content\/uploads\/usu2090\/2025\/05\/Infografies-Nodes-SRE-format-estret-17.svg\" alt=\"\" class=\"wp-image-9475\" style=\"border-style:none;border-width:0px;width:1065px;height:auto\"\/><\/a><\/figure>\n\n\n\n<p>En el conjunt del programa Erasmus+ coordinat pel Servei de Recerca Educativa, des del 2021 s\u2019han visitat centres educatius de<strong> 10 pa\u00efsos diferents, <\/strong>amb un total de <strong>50 mobilitats docents i 18 centres educatius implicats<\/strong>.<\/p>\n\n\n\n<figure class=\"wp-block-image size-full is-resized has-custom-border\" style=\"margin-top:var(--wp--preset--spacing--30);margin-bottom:var(--wp--preset--spacing--30)\"><a href=\"https:\/\/projectes.xtec.cat\/recerca\/wp-content\/uploads\/usu2090\/2025\/05\/Infografies-Nodes-SRE-format-estret-16.svg\"><img decoding=\"async\" src=\"https:\/\/projectes.xtec.cat\/recerca\/wp-content\/uploads\/usu2090\/2025\/05\/Infografies-Nodes-SRE-format-estret-16.svg\" alt=\"\" class=\"has-border-color has-ast-global-color-3-border-color wp-image-9452\" style=\"border-width:9px;width:1200px;height:auto\"\/><\/a><\/figure>\n\n\n\n<p><\/p>\n","protected":false},"excerpt":{"rendered":"<p>El programa REDU va n\u00e9ixer el 2023 amb la participaci\u00f3 de cinc centres educatius (tres de prim\u00e0ria i dos de [&hellip;]<\/p>\n","protected":false},"author":2,"featured_media":9157,"parent":8462,"menu_order":1,"comment_status":"closed","ping_status":"close","template":"","meta":{"site-sidebar-layout":"default","site-content-layout":"","ast-site-content-layout":"default","site-content-style":"default","site-sidebar-style":"default","ast-global-header-display":"","ast-banner-title-visibility":"","ast-main-header-display":"","ast-hfb-above-header-display":"","ast-hfb-below-header-display":"","ast-hfb-mobile-header-display":"","site-post-title":"","ast-breadcrumbs-content":"","ast-featured-img":"","footer-sml-layout":"","theme-transparent-header-meta":"","adv-header-id-meta":"","stick-header-meta":"","header-above-stick-meta":"","header-main-stick-meta":"","header-below-stick-meta":"","astra-migrate-meta-layouts":"set","ast-page-background-enabled":"default","ast-page-background-meta":{"desktop":{"background-color":"var(--ast-global-color-4)","background-image":"","background-repeat":"repeat","background-position":"center center","background-size":"auto","background-attachment":"scroll","background-type":"","background-media":"","overlay-type":"","overlay-color":"","overlay-opacity":"","overlay-gradient":""},"tablet":{"background-color":"","background-image":"","background-repeat":"repeat","background-position":"center center","background-size":"auto","background-attachment":"scroll","background-type":"","background-media":"","overlay-type":"","overlay-color":"","overlay-opacity":"","overlay-gradient":""},"mobile":{"background-color":"","background-image":"","background-repeat":"repeat","background-position":"center center","background-size":"auto","background-attachment":"scroll","background-type":"","background-media":"","overlay-type":"","overlay-color":"","overlay-opacity":"","overlay-gradient":""}},"ast-content-background-meta":{"desktop":{"background-color":"var(--ast-global-color-5)","background-image":"","background-repeat":"repeat","background-position":"center center","background-size":"auto","background-attachment":"scroll","background-type":"","background-media":"","overlay-type":"","overlay-color":"","overlay-opacity":"","overlay-gradient":""},"tablet":{"background-color":"var(--ast-global-color-5)","background-image":"","background-repeat":"repeat","background-position":"center center","background-size":"auto","background-attachment":"scroll","background-type":"","background-media":"","overlay-type":"","overlay-color":"","overlay-opacity":"","overlay-gradient":""},"mobile":{"background-color":"var(--ast-global-color-5)","background-image":"","background-repeat":"repeat","background-position":"center center","background-size":"auto","background-attachment":"scroll","background-type":"","background-media":"","overlay-type":"","overlay-color":"","overlay-opacity":"","overlay-gradient":""}},"footnotes":""},"class_list":["post-8645","page","type-page","status-publish","has-post-thumbnail","hentry"],"post_mailing_queue_ids":[],"_links":{"self":[{"href":"https:\/\/projectes.xtec.cat\/recerca\/wp-json\/wp\/v2\/pages\/8645","targetHints":{"allow":["GET"]}}],"collection":[{"href":"https:\/\/projectes.xtec.cat\/recerca\/wp-json\/wp\/v2\/pages"}],"about":[{"href":"https:\/\/projectes.xtec.cat\/recerca\/wp-json\/wp\/v2\/types\/page"}],"author":[{"embeddable":true,"href":"https:\/\/projectes.xtec.cat\/recerca\/wp-json\/wp\/v2\/users\/2"}],"replies":[{"embeddable":true,"href":"https:\/\/projectes.xtec.cat\/recerca\/wp-json\/wp\/v2\/comments?post=8645"}],"version-history":[{"count":6,"href":"https:\/\/projectes.xtec.cat\/recerca\/wp-json\/wp\/v2\/pages\/8645\/revisions"}],"predecessor-version":[{"id":9476,"href":"https:\/\/projectes.xtec.cat\/recerca\/wp-json\/wp\/v2\/pages\/8645\/revisions\/9476"}],"up":[{"embeddable":true,"href":"https:\/\/projectes.xtec.cat\/recerca\/wp-json\/wp\/v2\/pages\/8462"}],"wp:featuredmedia":[{"embeddable":true,"href":"https:\/\/projectes.xtec.cat\/recerca\/wp-json\/wp\/v2\/media\/9157"}],"wp:attachment":[{"href":"https:\/\/projectes.xtec.cat\/recerca\/wp-json\/wp\/v2\/media?parent=8645"}],"curies":[{"name":"wp","href":"https:\/\/api.w.org\/{rel}","templated":true}]}}

Històric de mobilitats

<p>El programa <strong>REDU va néixer el 2023</strong> amb la participació de <strong>cinc centres educatius</strong> (tres de primària i dos de secundària) per abordar reptes educatius que els mateixos centres identifiquen com a prioritaris. En aquest marc, els docents han realitzat 12 mobilitats internacionals en format de <strong><em>job shadowing</em> </strong>a centres de diversos països durant una setmana.&nbsp;</p>



<p>Prèviament, en el període 2021-2023 el Servei de Recerca Educativa va coordinar l’equip IA (Innovació Avançada) amb la participació de cinc centres educatius. Entre tots dos cursos es van realitzar <strong>22 mobilitats a diversos països europeus.</strong></p>



<figure class="wp-block-image aligncenter size-full is-resized has-custom-border"><a href="https://projectes.xtec.cat/recerca/wp-content/uploads/usu2090/2025/05/Infografies-Nodes-SRE-format-estret-17.svg"><img decoding="async" src="https://projectes.xtec.cat/recerca/wp-content/uploads/usu2090/2025/05/Infografies-Nodes-SRE-format-estret-17.svg" alt="" class="wp-image-9475" style="border-style:none;border-width:0px;width:1065px;height:auto"/></a></figure>



<p>En el conjunt del programa Erasmus+ coordinat pel Servei de Recerca Educativa, des del 2021 s’han visitat centres educatius de<strong> 10 països diferents, </strong>amb un total de <strong>50 mobilitats docents i 18 centres educatius implicats</strong>.</p>



<figure class="wp-block-image size-full is-resized has-custom-border" style="margin-top:var(--wp--preset--spacing--30);margin-bottom:var(--wp--preset--spacing--30)"><a href="https://projectes.xtec.cat/recerca/wp-content/uploads/usu2090/2025/05/Infografies-Nodes-SRE-format-estret-16.svg"><img decoding="async" src="https://projectes.xtec.cat/recerca/wp-content/uploads/usu2090/2025/05/Infografies-Nodes-SRE-format-estret-16.svg" alt="" class="has-border-color has-ast-global-color-3-border-color wp-image-9452" style="border-width:9px;width:1200px;height:auto"/></a></figure>



<p></p>

<p>El programa REDU va néixer el 2023 amb la participació de cinc centres educatius (tres de primària i dos de [&hellip;]</p>
