{"id":8963,"date":"2025-05-28T17:18:19","date_gmt":"2025-05-28T15:18:19","guid":{"rendered":"https:\/\/projectes.xtec.cat\/recerca\/?page_id=8963"},"modified":"2025-09-17T14:13:35","modified_gmt":"2025-09-17T12:13:35","slug":"criteris-dadjudicacio","status":"publish","type":"page","link":"https:\/\/projectes.xtec.cat\/recerca\/formacio\/criteris-dadjudicacio\/","title":{"rendered":"Criteris d\u2019adjudicaci\u00f3"},"content":{"rendered":"\n<p>En el proc\u00e9s d\u2019adjudicaci\u00f3 de places es tindran en compte els seg\u00fcents criteris:<\/p>\n\n\n\n<ul class=\"wp-block-list\">\n<li>A la formaci\u00f3 individual cal tenir un<strong> \u00edndex d\u2019assist\u00e8ncia ponderada<\/strong> a les activitats formatives en els darrers tres anys <strong>superior al 50%<\/strong><\/li>\n\n\n\n<li>Es prioritza el <strong>professorat en actiu <\/strong>en un centre docent.&nbsp;<\/li>\n\n\n\n<li>A les activitats de formaci\u00f3 centralitzada i en l\u00ednia es prioritza estar en actiu en un centre de<strong> zones geogr\u00e0fiques amb poca oferta de formaci\u00f3 presencial<\/strong> (comarques de l\u2019Alta Ribagor\u00e7a, l\u2019Alt Urgell, el Bergued\u00e0, la Cerdanya, la Garrotxa, el Pallars Juss\u00e0, el Pallars Sobir\u00e0, el Priorat, el Ripoll\u00e8s, el Solson\u00e8s, la Terra Alta i la Vall d\u2019Aran).<\/li>\n\n\n\n<li>Altres criteris espec\u00edfics contemplats en l\u2019activitat.&nbsp;<\/li>\n<\/ul>\n\n\n\n<p>Si despr\u00e9s de tenir en compte aquests criteris \u00e9s necessari un desempat entre les sol\u00b7licituds, l\u2019adjudicaci\u00f3 es realitzar\u00e0 alfab\u00e8ticament a partir de les dues primeres lletres del primer cognom definides per sorteig. <\/p>\n\n\n\n<p><\/p>\n\n\n\n<p><strong>Desempat per a les adjudicacions<\/strong> L\u2019acte p\u00fablic s\u2019ha celebrat el dia 17 de setembre de 2025 a les 9\u202fh del mat\u00ed, a la planta 2B del Departament d&#8217;Educaci\u00f3 i Formaci\u00f3 Professional, Via Augusta, 202 de Barcelona. <strong>Les lletres pel desempat s\u00f3n JX.<\/strong><\/p>\n\n\n\n<p><\/p>\n","protected":false},"excerpt":{"rendered":"<p>En el proc\u00e9s d\u2019adjudicaci\u00f3 de places es tindran en compte els seg\u00fcents criteris: Si despr\u00e9s de tenir en compte aquests [&hellip;]<\/p>\n","protected":false},"author":2,"featured_media":9165,"parent":8499,"menu_order":0,"comment_status":"closed","ping_status":"close","template":"","meta":{"site-sidebar-layout":"default","site-content-layout":"","ast-site-content-layout":"default","site-content-style":"default","site-sidebar-style":"default","ast-global-header-display":"","ast-banner-title-visibility":"","ast-main-header-display":"","ast-hfb-above-header-display":"","ast-hfb-below-header-display":"","ast-hfb-mobile-header-display":"","site-post-title":"","ast-breadcrumbs-content":"","ast-featured-img":"","footer-sml-layout":"","theme-transparent-header-meta":"","adv-header-id-meta":"","stick-header-meta":"","header-above-stick-meta":"","header-main-stick-meta":"","header-below-stick-meta":"","astra-migrate-meta-layouts":"set","ast-page-background-enabled":"default","ast-page-background-meta":{"desktop":{"background-color":"var(--ast-global-color-4)","background-image":"","background-repeat":"repeat","background-position":"center center","background-size":"auto","background-attachment":"scroll","background-type":"","background-media":"","overlay-type":"","overlay-color":"","overlay-opacity":"","overlay-gradient":""},"tablet":{"background-color":"","background-image":"","background-repeat":"repeat","background-position":"center center","background-size":"auto","background-attachment":"scroll","background-type":"","background-media":"","overlay-type":"","overlay-color":"","overlay-opacity":"","overlay-gradient":""},"mobile":{"background-color":"","background-image":"","background-repeat":"repeat","background-position":"center center","background-size":"auto","background-attachment":"scroll","background-type":"","background-media":"","overlay-type":"","overlay-color":"","overlay-opacity":"","overlay-gradient":""}},"ast-content-background-meta":{"desktop":{"background-color":"var(--ast-global-color-5)","background-image":"","background-repeat":"repeat","background-position":"center center","background-size":"auto","background-attachment":"scroll","background-type":"","background-media":"","overlay-type":"","overlay-color":"","overlay-opacity":"","overlay-gradient":""},"tablet":{"background-color":"var(--ast-global-color-5)","background-image":"","background-repeat":"repeat","background-position":"center center","background-size":"auto","background-attachment":"scroll","background-type":"","background-media":"","overlay-type":"","overlay-color":"","overlay-opacity":"","overlay-gradient":""},"mobile":{"background-color":"var(--ast-global-color-5)","background-image":"","background-repeat":"repeat","background-position":"center center","background-size":"auto","background-attachment":"scroll","background-type":"","background-media":"","overlay-type":"","overlay-color":"","overlay-opacity":"","overlay-gradient":""}},"footnotes":""},"class_list":["post-8963","page","type-page","status-publish","has-post-thumbnail","hentry"],"post_mailing_queue_ids":[],"_links":{"self":[{"href":"https:\/\/projectes.xtec.cat\/recerca\/wp-json\/wp\/v2\/pages\/8963","targetHints":{"allow":["GET"]}}],"collection":[{"href":"https:\/\/projectes.xtec.cat\/recerca\/wp-json\/wp\/v2\/pages"}],"about":[{"href":"https:\/\/projectes.xtec.cat\/recerca\/wp-json\/wp\/v2\/types\/page"}],"author":[{"embeddable":true,"href":"https:\/\/projectes.xtec.cat\/recerca\/wp-json\/wp\/v2\/users\/2"}],"replies":[{"embeddable":true,"href":"https:\/\/projectes.xtec.cat\/recerca\/wp-json\/wp\/v2\/comments?post=8963"}],"version-history":[{"count":5,"href":"https:\/\/projectes.xtec.cat\/recerca\/wp-json\/wp\/v2\/pages\/8963\/revisions"}],"predecessor-version":[{"id":11376,"href":"https:\/\/projectes.xtec.cat\/recerca\/wp-json\/wp\/v2\/pages\/8963\/revisions\/11376"}],"up":[{"embeddable":true,"href":"https:\/\/projectes.xtec.cat\/recerca\/wp-json\/wp\/v2\/pages\/8499"}],"wp:featuredmedia":[{"embeddable":true,"href":"https:\/\/projectes.xtec.cat\/recerca\/wp-json\/wp\/v2\/media\/9165"}],"wp:attachment":[{"href":"https:\/\/projectes.xtec.cat\/recerca\/wp-json\/wp\/v2\/media?parent=8963"}],"curies":[{"name":"wp","href":"https:\/\/api.w.org\/{rel}","templated":true}]}}