{"id":9590,"date":"2025-06-02T15:32:48","date_gmt":"2025-06-02T13:32:48","guid":{"rendered":"https:\/\/projectes.xtec.cat\/recerca\/?page_id=9590"},"modified":"2026-01-12T14:03:16","modified_gmt":"2026-01-12T13:03:16","slug":"qui-som","status":"publish","type":"page","link":"https:\/\/projectes.xtec.cat\/recerca\/qui-som\/","title":{"rendered":"Qui som?"},"content":{"rendered":"\n<p>El DECRET 274\/2018, de 20 de desembre, de reestructuraci\u00f3 del Departament d&#8217;Educaci\u00f3 crea<strong> per primera vegada <\/strong>el<strong>  <a href=\"https:\/\/web.gencat.cat\/ca\/adreces-i-telefons\/detall\/index.html?codInf=20891#Funcions\" data-type=\"link\" data-id=\"https:\/\/web.gencat.cat\/ca\/adreces-i-telefons\/detall\/index.html?codInf=20891#Funcions\">Servei de Recerca Educativa<\/a> <\/strong>dins la Direcci\u00f3 General d\u2019Innovaci\u00f3, Digitalitzaci\u00f3 i Curr\u00edculum.<\/p>\n\n\n\n<p>El Servei de Recerca i Innovaci\u00f3 Educativa t\u00e9 l\u2019atribuci\u00f3 de<strong> teixir aliances<\/strong> entre les universitats i altres institucions de recerca amb els centres docents per <strong>impulsar una cultura de la recerca educativa<\/strong> al sistema educatiu catal\u00e0.<\/p>\n\n\n\n<figure class=\"wp-block-image aligncenter size-full is-resized\"><a href=\"https:\/\/projectes.xtec.cat\/recerca\/wp-content\/uploads\/usu2090\/2025\/06\/Infografies-Nodes-SRE-format-ample-17.svg\"><img decoding=\"async\" src=\"https:\/\/projectes.xtec.cat\/recerca\/wp-content\/uploads\/usu2090\/2025\/06\/Infografies-Nodes-SRE-format-ample-17.svg\" alt=\"\" class=\"wp-image-10645\" style=\"width:1057px;height:auto\"\/><\/a><\/figure>\n\n\n\n<p>El Servei de Recerca i Innovaci\u00f3 Educativa es troba als serveis centrals del Departament d\u2019Educaci\u00f3 i Formaci\u00f3 Professional, a Via Augusta 202-226, 08021 Barcelona, planta 2D. Si voleu contactar amb nosaltres, escriviu-nos a <a href=\"mailto:recerca.educacio@gencat.cat\" target=\"_blank\" rel=\"noreferrer noopener\">recerca.educacio@gencat.cat<\/a>.<\/p>\n\n\n\n<p>Podeu consultar les <strong>funcions <\/strong>del servei clicant l&#8217;enlla\u00e7 seg\u00fcent: <a href=\"https:\/\/projectes.xtec.cat\/recerca\/funcions\/\">https:\/\/projectes.xtec.cat\/recerca\/funcions\/<\/a><\/p>\n","protected":false},"excerpt":{"rendered":"<p>El DECRET 274\/2018, de 20 de desembre, de reestructuraci\u00f3 del Departament d&#8217;Educaci\u00f3 crea per primera vegada el Servei de Recerca [&hellip;]<\/p>\n","protected":false},"author":2,"featured_media":9069,"parent":0,"menu_order":0,"comment_status":"closed","ping_status":"close","template":"","meta":{"site-sidebar-layout":"default","site-content-layout":"","ast-site-content-layout":"default","site-content-style":"default","site-sidebar-style":"default","ast-global-header-display":"","ast-banner-title-visibility":"","ast-main-header-display":"","ast-hfb-above-header-display":"","ast-hfb-below-header-display":"","ast-hfb-mobile-header-display":"","site-post-title":"","ast-breadcrumbs-content":"","ast-featured-img":"","footer-sml-layout":"","theme-transparent-header-meta":"","adv-header-id-meta":"","stick-header-meta":"","header-above-stick-meta":"","header-main-stick-meta":"","header-below-stick-meta":"","astra-migrate-meta-layouts":"set","ast-page-background-enabled":"default","ast-page-background-meta":{"desktop":{"background-color":"var(--ast-global-color-4)","background-image":"","background-repeat":"repeat","background-position":"center center","background-size":"auto","background-attachment":"scroll","background-type":"","background-media":"","overlay-type":"","overlay-color":"","overlay-opacity":"","overlay-gradient":""},"tablet":{"background-color":"","background-image":"","background-repeat":"repeat","background-position":"center center","background-size":"auto","background-attachment":"scroll","background-type":"","background-media":"","overlay-type":"","overlay-color":"","overlay-opacity":"","overlay-gradient":""},"mobile":{"background-color":"","background-image":"","background-repeat":"repeat","background-position":"center center","background-size":"auto","background-attachment":"scroll","background-type":"","background-media":"","overlay-type":"","overlay-color":"","overlay-opacity":"","overlay-gradient":""}},"ast-content-background-meta":{"desktop":{"background-color":"var(--ast-global-color-5)","background-image":"","background-repeat":"repeat","background-position":"center center","background-size":"auto","background-attachment":"scroll","background-type":"","background-media":"","overlay-type":"","overlay-color":"","overlay-opacity":"","overlay-gradient":""},"tablet":{"background-color":"var(--ast-global-color-5)","background-image":"","background-repeat":"repeat","background-position":"center center","background-size":"auto","background-attachment":"scroll","background-type":"","background-media":"","overlay-type":"","overlay-color":"","overlay-opacity":"","overlay-gradient":""},"mobile":{"background-color":"var(--ast-global-color-5)","background-image":"","background-repeat":"repeat","background-position":"center center","background-size":"auto","background-attachment":"scroll","background-type":"","background-media":"","overlay-type":"","overlay-color":"","overlay-opacity":"","overlay-gradient":""}},"footnotes":""},"class_list":["post-9590","page","type-page","status-publish","has-post-thumbnail","hentry"],"post_mailing_queue_ids":[],"_links":{"self":[{"href":"https:\/\/projectes.xtec.cat\/recerca\/wp-json\/wp\/v2\/pages\/9590","targetHints":{"allow":["GET"]}}],"collection":[{"href":"https:\/\/projectes.xtec.cat\/recerca\/wp-json\/wp\/v2\/pages"}],"about":[{"href":"https:\/\/projectes.xtec.cat\/recerca\/wp-json\/wp\/v2\/types\/page"}],"author":[{"embeddable":true,"href":"https:\/\/projectes.xtec.cat\/recerca\/wp-json\/wp\/v2\/users\/2"}],"replies":[{"embeddable":true,"href":"https:\/\/projectes.xtec.cat\/recerca\/wp-json\/wp\/v2\/comments?post=9590"}],"version-history":[{"count":6,"href":"https:\/\/projectes.xtec.cat\/recerca\/wp-json\/wp\/v2\/pages\/9590\/revisions"}],"predecessor-version":[{"id":11733,"href":"https:\/\/projectes.xtec.cat\/recerca\/wp-json\/wp\/v2\/pages\/9590\/revisions\/11733"}],"wp:featuredmedia":[{"embeddable":true,"href":"https:\/\/projectes.xtec.cat\/recerca\/wp-json\/wp\/v2\/media\/9069"}],"wp:attachment":[{"href":"https:\/\/projectes.xtec.cat\/recerca\/wp-json\/wp\/v2\/media?parent=9590"}],"curies":[{"name":"wp","href":"https:\/\/api.w.org\/{rel}","templated":true}]}}

<p>El DECRET 274/2018, de 20 de desembre, de reestructuració del Departament d&#8217;Educació crea<strong> per primera vegada </strong>el<strong>  <a href="https://web.gencat.cat/ca/adreces-i-telefons/detall/index.html?codInf=20891#Funcions" data-type="link" data-id="https://web.gencat.cat/ca/adreces-i-telefons/detall/index.html?codInf=20891#Funcions">Servei de Recerca Educativa</a> </strong>dins la Direcció General d’Innovació, Digitalització i Currículum.</p>



<p>El Servei de Recerca i Innovació Educativa té l’atribució de<strong> teixir aliances</strong> entre les universitats i altres institucions de recerca amb els centres docents per <strong>impulsar una cultura de la recerca educativa</strong> al sistema educatiu català.</p>



<figure class="wp-block-image aligncenter size-full is-resized"><a href="https://projectes.xtec.cat/recerca/wp-content/uploads/usu2090/2025/06/Infografies-Nodes-SRE-format-ample-17.svg"><img decoding="async" src="https://projectes.xtec.cat/recerca/wp-content/uploads/usu2090/2025/06/Infografies-Nodes-SRE-format-ample-17.svg" alt="" class="wp-image-10645" style="width:1057px;height:auto"/></a></figure>



<p>El Servei de Recerca i Innovació Educativa es troba als serveis centrals del Departament d’Educació i Formació Professional, a Via Augusta 202-226, 08021 Barcelona, planta 2D. Si voleu contactar amb nosaltres, escriviu-nos a <a href="mailto:recerca.educacio@gencat.cat" target="_blank" rel="noreferrer noopener">recerca.educacio@gencat.cat</a>.</p>



<p>Podeu consultar les <strong>funcions </strong>del servei clicant l&#8217;enllaç següent: <a href="https://projectes.xtec.cat/recerca/funcions/">https://projectes.xtec.cat/recerca/funcions/</a></p>

<p>El DECRET 274/2018, de 20 de desembre, de reestructuració del Departament d&#8217;Educació crea per primera vegada el Servei de Recerca [&hellip;]</p>
