{"id":9642,"date":"2025-06-03T12:20:04","date_gmt":"2025-06-03T10:20:04","guid":{"rendered":"https:\/\/projectes.xtec.cat\/recerca\/?page_id=9642"},"modified":"2025-06-11T11:20:14","modified_gmt":"2025-06-11T09:20:14","slug":"proteccio-de-dades","status":"publish","type":"page","link":"https:\/\/projectes.xtec.cat\/recerca\/grup-investigador\/acces-a-dades-i-a-centres-educatius\/proteccio-de-dades\/","title":{"rendered":"Protecci\u00f3 de dades"},"content":{"rendered":"\n<p>En l\u2019\u00e0mbit educatiu, la recerca juga un paper essencial per millorar les pr\u00e0ctiques docents, con\u00e8ixer millor l\u2019alumnat i dissenyar pol\u00edtiques educatives m\u00e9s eficients. Ara b\u00e9, quan la investigaci\u00f3 implica el tractament de dades personals \u2014sobretot si s\u00f3n dades sensibles com l\u2019origen, la salut, les necessitats educatives o el rendiment acad\u00e8mic\u2014, entren en joc drets fonamentals com el dret a la protecci\u00f3 de dades.<\/p>\n\n\n\n<p>Aquest dret est\u00e0 protegit per un conjunt de normes que s&#8217;han anat consolidant en l&#8217;\u00e0mbit europeu, estatal i catal\u00e0. El <strong>Reglament general de protecci\u00f3 de dades (RGPD)<\/strong>, aprovat pel Parlament Europeu el 2016 (<a href=\"https:\/\/eur-lex.europa.eu\/legal-content\/CA\/TXT\/?uri=CELEX%3A32016R0679\" target=\"_blank\" rel=\"noreferrer noopener\">Reglament (UE) 2016\/679<\/a>), \u00e9s la pe\u00e7a clau que estableix les condicions per tractar dades personals dins la Uni\u00f3 Europea. A l\u2019Estat espanyol, aquesta norma es complementa amb la <strong>Llei org\u00e0nica 3\/2018, de protecci\u00f3 de dades personals i garantia dels drets digitals<\/strong> <a href=\"https:\/\/www.boe.es\/eli\/es\/lo\/2018\/12\/05\/3\" target=\"_blank\" rel=\"noreferrer noopener\">(BOE n\u00fam. 294),<\/a> que adapta el reglament europeu al context estatal.<\/p>\n\n\n\n<p>A Catalunya, l\u2019aplicaci\u00f3 d\u2019aquestes normes es refor\u00e7a amb una normativa pr\u00f2pia, com la <strong>Llei 32\/2010, de l\u2019Autoritat Catalana de Protecci\u00f3 de Dades<\/strong> (<a href=\"https:\/\/portaljuridic.gencat.cat\/eli\/es-ct\/l\/2010\/10\/01\/32\" target=\"_blank\" rel=\"noreferrer noopener\">DOGC n\u00fam. 5731<\/a>) i el <strong>Decret 48\/2003<\/strong> (<a href=\"https:\/\/portaljuridic.gencat.cat\/eli\/es-ct\/d\/2003\/02\/20\/48\" target=\"_blank\" rel=\"noreferrer noopener\">DOGC n\u00fam. 3835<\/a>) que va aprovar l&#8217;Estatut de l&#8217;Ag\u00e8ncia Catalana de Protecci\u00f3 de Dades. En aquest marc legal, qualsevol projecte de recerca educativa que impliqui tractar dades personals ha de garantir els drets de les persones participants, siguin alumnes, docents o fam\u00edlies. \u00c9s aqu\u00ed on entra en joc la <a href=\"https:\/\/educacio.gencat.cat\/ca\/departament\/proteccio-dades\/dpd\/index.html\" target=\"_blank\" rel=\"noreferrer noopener\"><strong>delegada de Protecci\u00f3 de Dades del Departament d\u2019Educaci\u00f3 i Formaci\u00f3 Professional<\/strong><\/a>, una figura clau que assessora, orienta i vetlla perqu\u00e8 totes les actuacions siguin conformes amb la normativa.<\/p>\n\n\n\n<div class=\"wp-block-getwid-toggle has-icon-left\">\n<div class=\"wp-block-getwid-toggle__row\"><div class=\"wp-block-getwid-toggle__header-wrapper\"><h4 class=\"wp-block-getwid-toggle__header\"><a href=\"#\"><span class=\"wp-block-getwid-toggle__header-title\">Avaluaci\u00f3 d&#8217;impacte<\/span><span class=\"wp-block-getwid-toggle__icon is-active\"><i class=\"fas fa-plus\"><\/i><\/span><span class=\"wp-block-getwid-toggle__icon is-passive\"><i class=\"fas fa-minus\"><\/i><\/span><\/a><\/h4><\/div><div class=\"wp-block-getwid-toggle__content-wrapper\"><div class=\"wp-block-getwid-toggle__content\">\n<p>Si la teva recerca implica el tractament de dades personals \u00e9s molt probable que hagis de fer una <a href=\"https:\/\/apdcat.gencat.cat\/ca\/drets_i_obligacions\/responsables\/obligacions\/avaluacio-impacte-relativa-proteccio-dades\/index.html\" target=\"_blank\" rel=\"noreferrer noopener\">Avaluaci\u00f3 d\u2019Impacte relativa a la Protecci\u00f3 de Dades (AIPD)<\/a>. Aquesta avaluaci\u00f3 \u00e9s obligat\u00f2ria quan el tractament pot suposar un alt risc per als drets i llibertats de les persones, com en cas d\u2019un projecte que inclogui la creaci\u00f3 de perfils automatitzats, el tractament massiu de dades de salut o l\u2019observaci\u00f3 sistem\u00e0tica dins l\u2019entorn escolar. Per saber si el teu cas entra dins aquests sup\u00f2sits, haur\u00e0s de valorar elements com el nombre d\u2019alumnes implicats, el tipus i volum de dades que tractar\u00e0s, la durada del projecte i el seu abast geogr\u00e0fic. Tingues en compte que, encara que el teu projecte no aparegui expl\u00edcitament a les <a href=\"https:\/\/apdcat.gencat.cat\/web\/.content\/02-drets_i_obligacions\/obligacions\/documents\/Lista-DPIA-CAT.pdf\" target=\"_blank\" rel=\"noreferrer noopener\">llistes de tractaments<\/a> que requereixen AIPD publicades per autoritats com l\u2019APDCAT, aix\u00f2 no vol dir que en puguis prescindir. Si detectes que hi pot haver riscos importants, cal fer-la igualment. I si, un cop feta l\u2019AIPD, conclous que els riscos no estan prou mitigats, haur\u00e0s de fer una consulta pr\u00e8via a la <a href=\"https:\/\/igualtat.gencat.cat\/ca\/departament\/proteccio-de-dades\/delegat-delegada-de-proteccio-de-dades\/\" target=\"_blank\" rel=\"noreferrer noopener\">Delegada de Protecci\u00f3 de Dades <\/a>abans de comen\u00e7ar. All\u00e0 et poden assessorar i, si cal, indicar modificacions. \u00c9s una passa clau per garantir que la teva recerca es dugui a terme amb ple respecte pels drets de les persones participants.<\/p>\n\n\n\n<p>Consulta la informaci\u00f3 addicional sobre quan cal fer una avaluaci\u00f3 d&#8217;impacte en aquest <a href=\"https:\/\/apdcat.gencat.cat\/ca\/documentacio\/preguntes-frequents\/preguntes-per-a-responsable-del-tractament-encarregat-del-tractament\/aipd\/\" data-type=\"link\" data-id=\"https:\/\/apdcat.gencat.cat\/ca\/documentacio\/preguntes-frequents\/preguntes-per-a-responsable-del-tractament-encarregat-del-tractament\/aipd\/\">enlla\u00e7.<\/a><\/p>\n\n\n\n<p>Consulta la <a href=\"https:\/\/apdcat.gencat.cat\/ca\/drets_i_obligacions\/rgpd\/altres_documents_dinteres\/Guia-practica-sobre-levaluacio-de-impacte-relativa-a-la-proteccio-de-dades\/\" data-type=\"link\" data-id=\"https:\/\/apdcat.gencat.cat\/ca\/drets_i_obligacions\/rgpd\/altres_documents_dinteres\/Guia-practica-sobre-levaluacio-de-impacte-relativa-a-la-proteccio-de-dades\/\">guia pr\u00e0ctica<\/a> i aplicaci\u00f3 sobre l&#8217;avaluaci\u00f3 d&#8217;impacte relativa a la protecci\u00f3 de dades.<\/p>\n\n\n\n<p>Accedeix a la <a href=\"https:\/\/apdcat.gencat.cat\/web\/.content\/03-documentacio\/Reglament_general_de_proteccio_de_dades\/documents\/Plantilla-Avaluacio-Impacte-Proteccio-de-Dades.pdf\" data-type=\"link\" data-id=\"https:\/\/apdcat.gencat.cat\/web\/.content\/03-documentacio\/Reglament_general_de_proteccio_de_dades\/documents\/Plantilla-Avaluacio-Impacte-Proteccio-de-Dades.pdf\">plantilla<\/a> d&#8217;Avaluaci\u00f3 d&#8217;Impacte relativa a la Protecci\u00f3 de Dades.<\/p>\n<\/div><\/div><\/div>\n<\/div>\n","protected":false},"excerpt":{"rendered":"<p>En l\u2019\u00e0mbit educatiu, la recerca juga un paper essencial per millorar les pr\u00e0ctiques docents, con\u00e8ixer millor l\u2019alumnat i dissenyar pol\u00edtiques [&hellip;]<\/p>\n","protected":false},"author":2,"featured_media":9161,"parent":9630,"menu_order":0,"comment_status":"closed","ping_status":"close","template":"","meta":{"site-sidebar-layout":"default","site-content-layout":"","ast-site-content-layout":"default","site-content-style":"default","site-sidebar-style":"default","ast-global-header-display":"","ast-banner-title-visibility":"","ast-main-header-display":"","ast-hfb-above-header-display":"","ast-hfb-below-header-display":"","ast-hfb-mobile-header-display":"","site-post-title":"","ast-breadcrumbs-content":"","ast-featured-img":"","footer-sml-layout":"","theme-transparent-header-meta":"","adv-header-id-meta":"","stick-header-meta":"","header-above-stick-meta":"","header-main-stick-meta":"","header-below-stick-meta":"","astra-migrate-meta-layouts":"set","ast-page-background-enabled":"default","ast-page-background-meta":{"desktop":{"background-color":"var(--ast-global-color-4)","background-image":"","background-repeat":"repeat","background-position":"center center","background-size":"auto","background-attachment":"scroll","background-type":"","background-media":"","overlay-type":"","overlay-color":"","overlay-opacity":"","overlay-gradient":""},"tablet":{"background-color":"","background-image":"","background-repeat":"repeat","background-position":"center center","background-size":"auto","background-attachment":"scroll","background-type":"","background-media":"","overlay-type":"","overlay-color":"","overlay-opacity":"","overlay-gradient":""},"mobile":{"background-color":"","background-image":"","background-repeat":"repeat","background-position":"center center","background-size":"auto","background-attachment":"scroll","background-type":"","background-media":"","overlay-type":"","overlay-color":"","overlay-opacity":"","overlay-gradient":""}},"ast-content-background-meta":{"desktop":{"background-color":"var(--ast-global-color-5)","background-image":"","background-repeat":"repeat","background-position":"center center","background-size":"auto","background-attachment":"scroll","background-type":"","background-media":"","overlay-type":"","overlay-color":"","overlay-opacity":"","overlay-gradient":""},"tablet":{"background-color":"var(--ast-global-color-5)","background-image":"","background-repeat":"repeat","background-position":"center center","background-size":"auto","background-attachment":"scroll","background-type":"","background-media":"","overlay-type":"","overlay-color":"","overlay-opacity":"","overlay-gradient":""},"mobile":{"background-color":"var(--ast-global-color-5)","background-image":"","background-repeat":"repeat","background-position":"center center","background-size":"auto","background-attachment":"scroll","background-type":"","background-media":"","overlay-type":"","overlay-color":"","overlay-opacity":"","overlay-gradient":""}},"footnotes":""},"class_list":["post-9642","page","type-page","status-publish","has-post-thumbnail","hentry"],"post_mailing_queue_ids":[],"_links":{"self":[{"href":"https:\/\/projectes.xtec.cat\/recerca\/wp-json\/wp\/v2\/pages\/9642","targetHints":{"allow":["GET"]}}],"collection":[{"href":"https:\/\/projectes.xtec.cat\/recerca\/wp-json\/wp\/v2\/pages"}],"about":[{"href":"https:\/\/projectes.xtec.cat\/recerca\/wp-json\/wp\/v2\/types\/page"}],"author":[{"embeddable":true,"href":"https:\/\/projectes.xtec.cat\/recerca\/wp-json\/wp\/v2\/users\/2"}],"replies":[{"embeddable":true,"href":"https:\/\/projectes.xtec.cat\/recerca\/wp-json\/wp\/v2\/comments?post=9642"}],"version-history":[{"count":3,"href":"https:\/\/projectes.xtec.cat\/recerca\/wp-json\/wp\/v2\/pages\/9642\/revisions"}],"predecessor-version":[{"id":10471,"href":"https:\/\/projectes.xtec.cat\/recerca\/wp-json\/wp\/v2\/pages\/9642\/revisions\/10471"}],"up":[{"embeddable":true,"href":"https:\/\/projectes.xtec.cat\/recerca\/wp-json\/wp\/v2\/pages\/9630"}],"wp:featuredmedia":[{"embeddable":true,"href":"https:\/\/projectes.xtec.cat\/recerca\/wp-json\/wp\/v2\/media\/9161"}],"wp:attachment":[{"href":"https:\/\/projectes.xtec.cat\/recerca\/wp-json\/wp\/v2\/media?parent=9642"}],"curies":[{"name":"wp","href":"https:\/\/api.w.org\/{rel}","templated":true}]}}