{"id":8618,"date":"2021-07-25T09:26:38","date_gmt":"2021-07-25T07:26:38","guid":{"rendered":"https:\/\/projectes.xtec.cat\/repo\/?page_id=8618"},"modified":"2021-09-10T07:47:44","modified_gmt":"2021-09-10T05:47:44","slug":"sobre-xtcd","status":"publish","type":"page","link":"https:\/\/projectes.xtec.cat\/repo\/xarxa-territorial-de-cultura-digital\/sobre-xtcd\/","title":{"rendered":"Qu\u00e8 \u00e9s la Xarxa territorial de Cultura digital?"},"content":{"rendered":"<div class=\"seccio\">\n<div class=\"wp-block-columns\">\n<div class=\"wp-block-column\">\n<h3>Objectius<\/h3>\n<p>L\u2019objectiu d\u2019aquesta proposta \u00e9s intercanviar i compartir experi\u00e8ncies d\u2019aula i de centre, sumar i enriquir la feina que ja s\u2019est\u00e0 fent arreu del territori, tot potenciant el treball en xarxa i facilitant, des de l\u2019\u00c0rea de Cultura Digital, espais de coordinaci\u00f3 i documentaci\u00f3 sobre temes espec\u00edfics. En aquest sentit, la XTCD es correspon a les dimensions 3 i 5 de la compet\u00e8ncia digital docent.<\/p>\n<ul>\n<li>Lorem ipsum dolor sit amet<\/li>\n<li>Praesent varius purus risus<\/li>\n<li>Orci varius natoque penatibus et magnis dis parturient montes<\/li>\n<\/div>\n<\/div>\n<div class=\"wp-block-columns\">\n<div class=\"wp-block-column has-text-align-center\">\n<h3>Webinars<\/h3>\n<p><img decoding=\"async\" src=\"https:\/\/projectes.xtec.cat\/repo\/wp-content\/uploads\/usu2637\/2021\/07\/noun_webinar_3316566.png\" alt=\"\" style=\"height:150px\"\/><\/p>\n<p>Lorem ipsum dolor sit amet, consectetur adipiscing elit. Quisque aliquam rhoncus leo sit amet mollis. Praesent varius purus risus, in vulputate felis efficitur in. Suspendisse nec fermentum risus.<\/p>\n<\/div>\n<div class=\"wp-block-column has-text-align-center\">\n<h3>Sessions territorials<\/h3>\n<p><img decoding=\"async\" src=\"https:\/\/projectes.xtec.cat\/repo\/wp-content\/uploads\/usu2637\/2021\/07\/noun_forum_2788792.png\" alt=\"\" style=\"height:150px\" \/><\/p>\n<p>Lorem ipsum dolor sit amet, consectetur adipiscing elit. Quisque aliquam rhoncus leo sit amet mollis. Praesent varius purus risus, in vulputate felis efficitur in. Suspendisse nec fermentum risus.<\/p>\n<\/div>\n<div class=\"wp-block-column has-text-align-center\">\n<h3>Nus<\/h3>\n<p><img decoding=\"async\" src=\"https:\/\/projectes.xtec.cat\/repo\/wp-content\/uploads\/usu2637\/2021\/07\/nus_logo_negre-1.png\" alt=\"\" style=\"height:150px\"\/><\/p>\n<p>Lorem ipsum dolor sit amet, consectetur adipiscing elit. Quisque aliquam rhoncus leo sit amet mollis. Praesent varius purus risus, in vulputate felis efficitur in. Suspendisse nec fermentum risus.<\/p>\n<\/div>\n<\/div>\n<\/div>\n","protected":false},"excerpt":{"rendered":"<p>Objectius L\u2019objectiu d\u2019aquesta proposta \u00e9s intercanviar i compartir experi\u00e8ncies d\u2019aula i de centre, sumar i enriquir la feina que ja s\u2019est\u00e0 fent arreu del territori, tot potenciant el treball en xarxa i facilitant, des de l\u2019\u00c0rea de Cultura Digital, espais de coordinaci\u00f3 i documentaci\u00f3 sobre temes espec\u00edfics. En aquest sentit, la XTCD es correspon a [&hellip;]<\/p>\n","protected":false},"author":2,"featured_media":0,"parent":8247,"menu_order":0,"comment_status":"closed","ping_status":"closed","template":"","meta":{"_bbp_topic_count":0,"_bbp_reply_count":0,"_bbp_total_topic_count":0,"_bbp_total_reply_count":0,"_bbp_voice_count":0,"_bbp_anonymous_reply_count":0,"_bbp_topic_count_hidden":0,"_bbp_reply_count_hidden":0,"_bbp_forum_subforum_count":0,"site-sidebar-layout":"no-sidebar","site-content-layout":"page-builder","ast-site-content-layout":"","site-content-style":"default","site-sidebar-style":"default","ast-global-header-display":"","ast-banner-title-visibility":"","ast-main-header-display":"disabled","ast-hfb-above-header-display":"","ast-hfb-below-header-display":"","ast-hfb-mobile-header-display":"","site-post-title":"","ast-breadcrumbs-content":"","ast-featured-img":"","footer-sml-layout":"","theme-transparent-header-meta":"default","adv-header-id-meta":"8253","stick-header-meta":"default","header-above-stick-meta":"","header-main-stick-meta":"","header-below-stick-meta":"","astra-migrate-meta-layouts":"default","ast-page-background-enabled":"default","ast-page-background-meta":{"desktop":{"background-color":"","background-image":"","background-repeat":"repeat","background-position":"center center","background-size":"auto","background-attachment":"scroll","background-type":"","background-media":"","overlay-type":"","overlay-color":"","overlay-opacity":"","overlay-gradient":""},"tablet":{"background-color":"","background-image":"","background-repeat":"repeat","background-position":"center center","background-size":"auto","background-attachment":"scroll","background-type":"","background-media":"","overlay-type":"","overlay-color":"","overlay-opacity":"","overlay-gradient":""},"mobile":{"background-color":"","background-image":"","background-repeat":"repeat","background-position":"center center","background-size":"auto","background-attachment":"scroll","background-type":"","background-media":"","overlay-type":"","overlay-color":"","overlay-opacity":"","overlay-gradient":""}},"ast-content-background-meta":{"desktop":{"background-color":"var(--ast-global-color-5)","background-image":"","background-repeat":"repeat","background-position":"center center","background-size":"auto","background-attachment":"scroll","background-type":"","background-media":"","overlay-type":"","overlay-color":"","overlay-opacity":"","overlay-gradient":""},"tablet":{"background-color":"var(--ast-global-color-5)","background-image":"","background-repeat":"repeat","background-position":"center center","background-size":"auto","background-attachment":"scroll","background-type":"","background-media":"","overlay-type":"","overlay-color":"","overlay-opacity":"","overlay-gradient":""},"mobile":{"background-color":"var(--ast-global-color-5)","background-image":"","background-repeat":"repeat","background-position":"center center","background-size":"auto","background-attachment":"scroll","background-type":"","background-media":"","overlay-type":"","overlay-color":"","overlay-opacity":"","overlay-gradient":""}},"footnotes":""},"class_list":["post-8618","page","type-page","status-publish","hentry"],"post_mailing_queue_ids":[],"_links":{"self":[{"href":"https:\/\/projectes.xtec.cat\/repo\/wp-json\/wp\/v2\/pages\/8618","targetHints":{"allow":["GET"]}}],"collection":[{"href":"https:\/\/projectes.xtec.cat\/repo\/wp-json\/wp\/v2\/pages"}],"about":[{"href":"https:\/\/projectes.xtec.cat\/repo\/wp-json\/wp\/v2\/types\/page"}],"author":[{"embeddable":true,"href":"https:\/\/projectes.xtec.cat\/repo\/wp-json\/wp\/v2\/users\/2"}],"replies":[{"embeddable":true,"href":"https:\/\/projectes.xtec.cat\/repo\/wp-json\/wp\/v2\/comments?post=8618"}],"version-history":[{"count":3,"href":"https:\/\/projectes.xtec.cat\/repo\/wp-json\/wp\/v2\/pages\/8618\/revisions"}],"predecessor-version":[{"id":9912,"href":"https:\/\/projectes.xtec.cat\/repo\/wp-json\/wp\/v2\/pages\/8618\/revisions\/9912"}],"up":[{"embeddable":true,"href":"https:\/\/projectes.xtec.cat\/repo\/wp-json\/wp\/v2\/pages\/8247"}],"wp:attachment":[{"href":"https:\/\/projectes.xtec.cat\/repo\/wp-json\/wp\/v2\/media?parent=8618"}],"curies":[{"name":"wp","href":"https:\/\/api.w.org\/{rel}","templated":true}]}}