{"id":11876,"date":"2023-07-24T12:41:44","date_gmt":"2023-07-24T10:41:44","guid":{"rendered":"https:\/\/projectes.xtec.cat\/secrp\/?page_id=11876"},"modified":"2025-06-16T10:51:09","modified_gmt":"2025-06-16T08:51:09","slug":"cda-i-eda","status":"publish","type":"page","link":"https:\/\/projectes.xtec.cat\/secrp\/cda-i-eda\/","title":{"rendered":"CdA i EdA"},"content":{"rendered":"<p>Els camps i entorns d\u2019aprenentatge (CdA i EdA) s\u00f3n serveis educatius de suport curricular i de car\u00e0cter interterritorial que treballen conjuntament amb els centres educatius. El valor afegit dels camps d\u2019aprenentatge \u00e9s promoure l\u2019aprenentatge competencial dels alumnes a partir d\u2019activitats did\u00e0ctiques en entorns naturals, socials i culturals singulars de Catalunya.<\/p>\n<p><a href=\"https:\/\/xtec.gencat.cat\/ca\/serveis\/sesc\/cda\/inscripcio\/\"><img loading=\"lazy\" decoding=\"async\" class=\"alignnone wp-image-11902\" src=\"https:\/\/projectes.xtec.cat\/secrp\/wp-content\/uploads\/usu2432\/2023\/07\/Poster-CdA.png\" alt=\"\" width=\"419\" height=\"233\" srcset=\"https:\/\/projectes.xtec.cat\/secrp\/wp-content\/uploads\/usu2432\/2023\/07\/Poster-CdA.png 568w, https:\/\/projectes.xtec.cat\/secrp\/wp-content\/uploads\/usu2432\/2023\/07\/Poster-CdA-300x167.png 300w\" sizes=\"auto, (max-width: 419px) 100vw, 419px\" \/><\/a><\/p>\n<p>Els camps i els entorns d\u2019aprenentatge (CdA \/EdA) ofereixen activitats did\u00e0ctiques innovadores que poden ser de m\u00e9s d\u2019un dia o d\u2019un dia. Les activitats de m\u00e9s d\u2019un dia, les estades, promouen la consolidaci\u00f3 dels aprenentatges dels alumnes. Per tal d\u2019assolir els objectius d\u2019aprenentatge es recomana aquesta tipologia d\u2019estada.<\/p>\n<p>Les activitats d\u2019un dia sol dia, les sortides, s\u2019adrecen principalment als centres educatius propers als CdA\/EdA.<\/p>\n<p>Les estades i les sortides\u00a0 es preparen com a activitats (seq\u00fc\u00e8ncies did\u00e0ctiques) del propi centre educatiu que es volen treballar al CdA\/EdA. Aquestes activitats han d\u2019estar vinculades al projecte educatiu de cada centre (PEC).<\/p>\n<p>Els CdA\/EdA s&#8217;adrecen principalment a alumnes d&#8217;educaci\u00f3 prim\u00e0ria, de secund\u00e0ria, dels cicles formatius, del batxillerat i primers cursos universitaris dels centres educatius de Catalunya. En cas excepcional, condicionat per les activitats col\u00b7laboratives concretes i a la disponibilitat del CdA\/ l\u2019EdA, es podran atendre centres educatius p\u00fablics de fora de Catalunya.<\/p>\n<p>Per ampliar informaci\u00f3 es pot contactar directament amb cada un dels CdA\/EdA, personalment o a trav\u00e9s del seu web.<\/p>\n<p>Podeu veure tota la informaci\u00f3 dels Camps i Entorns d&#8217;Aprenentatge al <a href=\"https:\/\/projectes.xtec.cat\/camps\/\" target=\"_blank\" rel=\"noopener\">nodes de Camps<\/a><\/p>\n","protected":false},"excerpt":{"rendered":"<p>Els camps i entorns d\u2019aprenentatge (CdA i EdA) s\u00f3n serveis educatius de suport curricular i de car\u00e0cter interterritorial que treballen [&hellip;]<\/p>\n","protected":false},"author":1,"featured_media":0,"parent":0,"menu_order":0,"comment_status":"closed","ping_status":"closed","template":"","meta":{"_bbp_topic_count":0,"_bbp_reply_count":0,"_bbp_total_topic_count":0,"_bbp_total_reply_count":0,"_bbp_voice_count":0,"_bbp_anonymous_reply_count":0,"_bbp_topic_count_hidden":0,"_bbp_reply_count_hidden":0,"_bbp_forum_subforum_count":0,"site-sidebar-layout":"default","site-content-layout":"","ast-site-content-layout":"","site-content-style":"default","site-sidebar-style":"default","ast-global-header-display":"","ast-banner-title-visibility":"","ast-main-header-display":"","ast-hfb-above-header-display":"","ast-hfb-below-header-display":"","ast-hfb-mobile-header-display":"","site-post-title":"","ast-breadcrumbs-content":"","ast-featured-img":"","footer-sml-layout":"","theme-transparent-header-meta":"","adv-header-id-meta":"","stick-header-meta":"","header-above-stick-meta":"","header-main-stick-meta":"","header-below-stick-meta":"","astra-migrate-meta-layouts":"default","ast-page-background-enabled":"default","ast-page-background-meta":{"desktop":{"background-color":"var(--ast-global-color-4)","background-image":"","background-repeat":"repeat","background-position":"center center","background-size":"auto","background-attachment":"scroll","background-type":"","background-media":"","overlay-type":"","overlay-color":"","overlay-opacity":"","overlay-gradient":""},"tablet":{"background-color":"","background-image":"","background-repeat":"repeat","background-position":"center center","background-size":"auto","background-attachment":"scroll","background-type":"","background-media":"","overlay-type":"","overlay-color":"","overlay-opacity":"","overlay-gradient":""},"mobile":{"background-color":"","background-image":"","background-repeat":"repeat","background-position":"center center","background-size":"auto","background-attachment":"scroll","background-type":"","background-media":"","overlay-type":"","overlay-color":"","overlay-opacity":"","overlay-gradient":""}},"ast-content-background-meta":{"desktop":{"background-color":"var(--ast-global-color-5)","background-image":"","background-repeat":"repeat","background-position":"center center","background-size":"auto","background-attachment":"scroll","background-type":"","background-media":"","overlay-type":"","overlay-color":"","overlay-opacity":"","overlay-gradient":""},"tablet":{"background-color":"var(--ast-global-color-5)","background-image":"","background-repeat":"repeat","background-position":"center center","background-size":"auto","background-attachment":"scroll","background-type":"","background-media":"","overlay-type":"","overlay-color":"","overlay-opacity":"","overlay-gradient":""},"mobile":{"background-color":"var(--ast-global-color-5)","background-image":"","background-repeat":"repeat","background-position":"center center","background-size":"auto","background-attachment":"scroll","background-type":"","background-media":"","overlay-type":"","overlay-color":"","overlay-opacity":"","overlay-gradient":""}},"footnotes":""},"class_list":["post-11876","page","type-page","status-publish","hentry"],"post_mailing_queue_ids":[],"_links":{"self":[{"href":"https:\/\/projectes.xtec.cat\/secrp\/wp-json\/wp\/v2\/pages\/11876","targetHints":{"allow":["GET"]}}],"collection":[{"href":"https:\/\/projectes.xtec.cat\/secrp\/wp-json\/wp\/v2\/pages"}],"about":[{"href":"https:\/\/projectes.xtec.cat\/secrp\/wp-json\/wp\/v2\/types\/page"}],"author":[{"embeddable":true,"href":"https:\/\/projectes.xtec.cat\/secrp\/wp-json\/wp\/v2\/users\/1"}],"replies":[{"embeddable":true,"href":"https:\/\/projectes.xtec.cat\/secrp\/wp-json\/wp\/v2\/comments?post=11876"}],"version-history":[{"count":3,"href":"https:\/\/projectes.xtec.cat\/secrp\/wp-json\/wp\/v2\/pages\/11876\/revisions"}],"predecessor-version":[{"id":12424,"href":"https:\/\/projectes.xtec.cat\/secrp\/wp-json\/wp\/v2\/pages\/11876\/revisions\/12424"}],"wp:attachment":[{"href":"https:\/\/projectes.xtec.cat\/secrp\/wp-json\/wp\/v2\/media?parent=11876"}],"curies":[{"name":"wp","href":"https:\/\/api.w.org\/{rel}","templated":true}]}}