{"id":19407,"date":"2025-08-27T20:39:15","date_gmt":"2025-08-27T18:39:15","guid":{"rendered":"https:\/\/projectes.xtec.cat\/steamcat\/?page_id=19407"},"modified":"2025-09-19T17:18:05","modified_gmt":"2025-09-19T15:18:05","slug":"marc-pedagogic","status":"publish","type":"page","link":"https:\/\/projectes.xtec.cat\/steamcat\/programa-dinnovacio-steamcat\/marc-pedagogic\/","title":{"rendered":"Marc Pedag\u00f2gic"},"content":{"rendered":"        <div class=\"wp-block-getwid-custom-post-type custom-post-type-post has-layout-list\">\n            <div class=\"wp-block-getwid-custom-post-type__wrapper\">\n                \t\t\t\t\t\t\t\t<div class='wp-block-getwid-custom-post-type__post'>\n\t\t\t\t\t\t\t\t\t\n<div class=\"wp-block-getwid-custom-post-type__post-wrapper\">\n            <div class=\"wp-block-getwid-custom-post-type__post-thumbnail\">\n            <a href=\"https:\/\/projectes.xtec.cat\/steamcat\/marc_pedagogic\/check-list-steam\/\"><img loading=\"lazy\" decoding=\"async\" width=\"1121\" height=\"793\" src=\"https:\/\/projectes.xtec.cat\/steamcat\/wp-content\/uploads\/usu1760\/2020\/10\/presentacio-checklist-STEAM.png\" class=\"attachment-post-thumbnail size-post-thumbnail wp-post-image\" alt=\"\" srcset=\"https:\/\/projectes.xtec.cat\/steamcat\/wp-content\/uploads\/usu1760\/2020\/10\/presentacio-checklist-STEAM.png 1121w, https:\/\/projectes.xtec.cat\/steamcat\/wp-content\/uploads\/usu1760\/2020\/10\/presentacio-checklist-STEAM-300x212.png 300w, https:\/\/projectes.xtec.cat\/steamcat\/wp-content\/uploads\/usu1760\/2020\/10\/presentacio-checklist-STEAM-1024x724.png 1024w, https:\/\/projectes.xtec.cat\/steamcat\/wp-content\/uploads\/usu1760\/2020\/10\/presentacio-checklist-STEAM-768x543.png 768w\" sizes=\"auto, (max-width: 1121px) 100vw, 1121px\" \/><\/a>\n        <\/div>\n        <div class=\"wp-block-getwid-custom-post-type__content-wrapper\">\n        <div class=\"wp-block-getwid-custom-post-type__post-header\">\n            <h3 class=\"wp-block-getwid-custom-post-type__post-title\"><a href=\"https:\/\/projectes.xtec.cat\/steamcat\/marc_pedagogic\/check-list-steam\/\">Check list STEAM<\/a><\/h3>        <\/div>\n        <div class=\"wp-block-getwid-custom-post-type__post-excerpt \"><p>Des del m\u00f3n pedag\u00f2gic, parlem de STEAM per referir-nos a enfocaments globals i transversals, que aprofiten situacions contextualitzades i problematitzades per treballar les Ci\u00e8ncies, la Tecnologia, l&#8217;Enginyeria, l&#8217;Art i les Matem\u00e0tiques, cercant solucions creatives i cr\u00edtiques. El Programa STEAMcat, dissenya aquesta eina que pot ser d&#8217;ajuda a l&#8217;hora de definir i dissenyar propostes STEAM. Checklist [&hellip;]<\/p>\n<\/div>\n    <\/div>\n<\/div>\n\t\t\t\t\t\t\t\t<\/div>\n\t\t\t\t\t\t\t\t\t\t\t\t\t\t\t<div class='wp-block-getwid-custom-post-type__post'>\n\t\t\t\t\t\t\t\t\t\n<div class=\"wp-block-getwid-custom-post-type__post-wrapper\">\n            <div class=\"wp-block-getwid-custom-post-type__post-thumbnail\">\n            <a href=\"https:\/\/projectes.xtec.cat\/steamcat\/general\/stemtools-una-proposta-per-a-planificar-el-desplegament-stem-a-lescola\/\"><img loading=\"lazy\" decoding=\"async\" width=\"977\" height=\"540\" src=\"https:\/\/projectes.xtec.cat\/steamcat\/wp-content\/uploads\/usu1760\/2019\/11\/STEAM-tools.png\" class=\"attachment-post-thumbnail size-post-thumbnail wp-post-image\" alt=\"\" srcset=\"https:\/\/projectes.xtec.cat\/steamcat\/wp-content\/uploads\/usu1760\/2019\/11\/STEAM-tools.png 977w, https:\/\/projectes.xtec.cat\/steamcat\/wp-content\/uploads\/usu1760\/2019\/11\/STEAM-tools-300x166.png 300w, https:\/\/projectes.xtec.cat\/steamcat\/wp-content\/uploads\/usu1760\/2019\/11\/STEAM-tools-768x424.png 768w\" sizes=\"auto, (max-width: 977px) 100vw, 977px\" \/><\/a>\n        <\/div>\n        <div class=\"wp-block-getwid-custom-post-type__content-wrapper\">\n        <div class=\"wp-block-getwid-custom-post-type__post-header\">\n            <h3 class=\"wp-block-getwid-custom-post-type__post-title\"><a href=\"https:\/\/projectes.xtec.cat\/steamcat\/general\/stemtools-una-proposta-per-a-planificar-el-desplegament-stem-a-lescola\/\">STEMtools: Una proposta per a planificar el desplegament STEM a l\u2019escola<\/a><\/h3>        <\/div>\n        <div class=\"wp-block-getwid-custom-post-type__post-excerpt \"><p>El desplegament de STEM als centres educatius s\u2019orienta a l\u2019assoliment d\u2019uns objectius STEM (vocacions, inclusi\u00f3 i g\u00e8nere, ciutadania) que han de ser formulats en clau educativa. Es proposen diverses vies per a desplegar aquesta formulaci\u00f3, anomenades STEMtools, estructurades en tres eixos (Perspectives, Metodologies i Tecnologies). La proposta ha estat desenvolupada i aplicada en el marc [&hellip;]<\/p>\n<\/div>\n    <\/div>\n<\/div>\n\t\t\t\t\t\t\t\t<\/div>\n\t\t\t\t\t\t\t\t\t\t\t\t\t\t\t<div class='wp-block-getwid-custom-post-type__post'>\n\t\t\t\t\t\t\t\t\t\n<div class=\"wp-block-getwid-custom-post-type__post-wrapper\">\n            <div class=\"wp-block-getwid-custom-post-type__post-thumbnail\">\n            <a href=\"https:\/\/projectes.xtec.cat\/steamcat\/marc_pedagogic\/comunitat1\/\"><img loading=\"lazy\" decoding=\"async\" width=\"1121\" height=\"793\" src=\"https:\/\/projectes.xtec.cat\/steamcat\/wp-content\/uploads\/usu1760\/2021\/10\/comunitat-i-repte.png\" class=\"attachment-post-thumbnail size-post-thumbnail wp-post-image\" alt=\"\" srcset=\"https:\/\/projectes.xtec.cat\/steamcat\/wp-content\/uploads\/usu1760\/2021\/10\/comunitat-i-repte.png 1121w, https:\/\/projectes.xtec.cat\/steamcat\/wp-content\/uploads\/usu1760\/2021\/10\/comunitat-i-repte-300x212.png 300w, https:\/\/projectes.xtec.cat\/steamcat\/wp-content\/uploads\/usu1760\/2021\/10\/comunitat-i-repte-1024x724.png 1024w, https:\/\/projectes.xtec.cat\/steamcat\/wp-content\/uploads\/usu1760\/2021\/10\/comunitat-i-repte-768x543.png 768w\" sizes=\"auto, (max-width: 1121px) 100vw, 1121px\" \/><\/a>\n        <\/div>\n        <div class=\"wp-block-getwid-custom-post-type__content-wrapper\">\n        <div class=\"wp-block-getwid-custom-post-type__post-header\">\n            <h3 class=\"wp-block-getwid-custom-post-type__post-title\"><a href=\"https:\/\/projectes.xtec.cat\/steamcat\/marc_pedagogic\/comunitat1\/\">Qu\u00e8 \u00e9s i qu\u00e8 no \u00e9s STEAM?<\/a><\/h3>        <\/div>\n        <div class=\"wp-block-getwid-custom-post-type__post-excerpt \"><p>Qu\u00e8 \u00e9s i qu\u00e8 no \u00e9s STEAM? Us convidem a seguir la conversa de la N\u00faria Sal\u00e1n i la Digna Couso en el marc de la 1a comunitat #STEAMcat del cicle 21-24<\/p>\n<\/div>\n    <\/div>\n<\/div>\n\t\t\t\t\t\t\t\t<\/div>\n\t\t\t\t\t\t\t\t\t\t\t\t\t\t\t<div class='wp-block-getwid-custom-post-type__post'>\n\t\t\t\t\t\t\t\t\t\n<div class=\"wp-block-getwid-custom-post-type__post-wrapper\">\n            <div class=\"wp-block-getwid-custom-post-type__post-thumbnail\">\n            <a href=\"https:\/\/projectes.xtec.cat\/steamcat\/marc_pedagogic\/per-a-que-estem-a-stem-un-intent-de-definir-lalfabetitzacio-stem-per-a-tothom-i-amb-valors\/\"><img loading=\"lazy\" decoding=\"async\" width=\"1108\" height=\"203\" src=\"https:\/\/projectes.xtec.cat\/steamcat\/wp-content\/uploads\/usu1760\/2020\/04\/per-a-qu\u00e8-STEM.jpg\" class=\"attachment-post-thumbnail size-post-thumbnail wp-post-image\" alt=\"\" srcset=\"https:\/\/projectes.xtec.cat\/steamcat\/wp-content\/uploads\/usu1760\/2020\/04\/per-a-qu\u00e8-STEM.jpg 1108w, https:\/\/projectes.xtec.cat\/steamcat\/wp-content\/uploads\/usu1760\/2020\/04\/per-a-qu\u00e8-STEM-300x55.jpg 300w, https:\/\/projectes.xtec.cat\/steamcat\/wp-content\/uploads\/usu1760\/2020\/04\/per-a-qu\u00e8-STEM-768x141.jpg 768w, https:\/\/projectes.xtec.cat\/steamcat\/wp-content\/uploads\/usu1760\/2020\/04\/per-a-qu\u00e8-STEM-1024x188.jpg 1024w\" sizes=\"auto, (max-width: 1108px) 100vw, 1108px\" \/><\/a>\n        <\/div>\n        <div class=\"wp-block-getwid-custom-post-type__content-wrapper\">\n        <div class=\"wp-block-getwid-custom-post-type__post-header\">\n            <h3 class=\"wp-block-getwid-custom-post-type__post-title\"><a href=\"https:\/\/projectes.xtec.cat\/steamcat\/marc_pedagogic\/per-a-que-estem-a-stem-un-intent-de-definir-lalfabetitzacio-stem-per-a-tothom-i-amb-valors\/\">Per a qu\u00e8 estem a STEM?<\/a><\/h3>        <\/div>\n        <div class=\"wp-block-getwid-custom-post-type__post-excerpt \"><p>Per a qu\u00e8 estem a STEM? Un intent de definir l\u2019alfabetitzaci\u00f3 STEM per a tothom i amb valors. Digna Couso (digna.couso@uab.cat) CRECIM. Universitat Aut\u00f2noma de Barcelona L\u2019educaci\u00f3 STEM \u00e9s una proposta emergent sobre la que se\u2019n parla molt darrerament. Entre els investigadors\/es, docents, educadors\/es o dissenyadors\/es en educaci\u00f3 STEM no hi ha, per\u00f2, gaire consens [&hellip;]<\/p>\n<\/div>\n    <\/div>\n<\/div>\n\t\t\t\t\t\t\t\t<\/div>\n\t\t\t\t\t\t\t\t\t\t\t\t\t\t\t<div class='wp-block-getwid-custom-post-type__post'>\n\t\t\t\t\t\t\t\t\t\n<div class=\"wp-block-getwid-custom-post-type__post-wrapper\">\n            <div class=\"wp-block-getwid-custom-post-type__post-thumbnail\">\n            <a href=\"https:\/\/projectes.xtec.cat\/steamcat\/marc_pedagogic\/marc-pedagogic-steamcat\/\"><img loading=\"lazy\" decoding=\"async\" width=\"576\" height=\"495\" src=\"https:\/\/projectes.xtec.cat\/steamcat\/wp-content\/uploads\/usu1760\/2020\/01\/Marc-pedagogic-STEAMcat.png\" class=\"attachment-post-thumbnail size-post-thumbnail wp-post-image\" alt=\"\" srcset=\"https:\/\/projectes.xtec.cat\/steamcat\/wp-content\/uploads\/usu1760\/2020\/01\/Marc-pedagogic-STEAMcat.png 576w, https:\/\/projectes.xtec.cat\/steamcat\/wp-content\/uploads\/usu1760\/2020\/01\/Marc-pedagogic-STEAMcat-300x258.png 300w\" sizes=\"auto, (max-width: 576px) 100vw, 576px\" \/><\/a>\n        <\/div>\n        <div class=\"wp-block-getwid-custom-post-type__content-wrapper\">\n        <div class=\"wp-block-getwid-custom-post-type__post-header\">\n            <h3 class=\"wp-block-getwid-custom-post-type__post-title\"><a href=\"https:\/\/projectes.xtec.cat\/steamcat\/marc_pedagogic\/marc-pedagogic-steamcat\/\">Marc pedag\u00f2gic STEAMcat<\/a><\/h3>        <\/div>\n        <div class=\"wp-block-getwid-custom-post-type__post-excerpt \"><p>Acc\u00e9s al document (pdf) Tal i com s\u2019estableix al Pla STEMcat, \u201cla necessitat d\u2019incrementar el nombre de treballadors qualificats d\u2019aquests sectors implica treballar en direccions i \u00e0mbits diversos: des del m\u00f3n educatiu \u2013tant per millorar la percepci\u00f3 d\u2019aquestes professions com l\u2019orientaci\u00f3 professional i acad\u00e8mica- com de les mateixes universitats per millorar les metodologies, reduir les [&hellip;]<\/p>\n<\/div>\n    <\/div>\n<\/div>\n\t\t\t\t\t\t\t\t<\/div>\n\t\t\t\t\t\t\t            <\/div>\n\n                            <nav class=\"navigation pagination\" role=\"navigation\">\n                    <h2 class=\"screen-reader-text\"><\/h2>\n                    <div class=\"nav-links\">\n                                        <\/div>\n                <\/nav>\n                    <\/div>\n        ","protected":false},"excerpt":{"rendered":"","protected":false},"author":8,"featured_media":0,"parent":13144,"menu_order":0,"comment_status":"closed","ping_status":"close","template":"","meta":{"_bbp_topic_count":0,"_bbp_reply_count":0,"_bbp_total_topic_count":0,"_bbp_total_reply_count":0,"_bbp_voice_count":0,"_bbp_anonymous_reply_count":0,"_bbp_topic_count_hidden":0,"_bbp_reply_count_hidden":0,"_bbp_forum_subforum_count":0,"site-sidebar-layout":"default","site-content-layout":"","ast-site-content-layout":"default","site-content-style":"default","site-sidebar-style":"default","ast-global-header-display":"","ast-banner-title-visibility":"","ast-main-header-display":"","ast-hfb-above-header-display":"","ast-hfb-below-header-display":"","ast-hfb-mobile-header-display":"","site-post-title":"","ast-breadcrumbs-content":"","ast-featured-img":"disabled","footer-sml-layout":"","theme-transparent-header-meta":"","adv-header-id-meta":"","stick-header-meta":"","header-above-stick-meta":"","header-main-stick-meta":"","header-below-stick-meta":"","astra-migrate-meta-layouts":"set","ast-page-background-enabled":"default","ast-page-background-meta":{"desktop":{"background-color":"var(--ast-global-color-4)","background-image":"","background-repeat":"repeat","background-position":"center center","background-size":"auto","background-attachment":"scroll","background-type":"","background-media":"","overlay-type":"","overlay-color":"","overlay-opacity":"","overlay-gradient":""},"tablet":{"background-color":"","background-image":"","background-repeat":"repeat","background-position":"center center","background-size":"auto","background-attachment":"scroll","background-type":"","background-media":"","overlay-type":"","overlay-color":"","overlay-opacity":"","overlay-gradient":""},"mobile":{"background-color":"","background-image":"","background-repeat":"repeat","background-position":"center center","background-size":"auto","background-attachment":"scroll","background-type":"","background-media":"","overlay-type":"","overlay-color":"","overlay-opacity":"","overlay-gradient":""}},"ast-content-background-meta":{"desktop":{"background-color":"var(--ast-global-color-5)","background-image":"","background-repeat":"repeat","background-position":"center center","background-size":"auto","background-attachment":"scroll","background-type":"","background-media":"","overlay-type":"","overlay-color":"","overlay-opacity":"","overlay-gradient":""},"tablet":{"background-color":"var(--ast-global-color-5)","background-image":"","background-repeat":"repeat","background-position":"center center","background-size":"auto","background-attachment":"scroll","background-type":"","background-media":"","overlay-type":"","overlay-color":"","overlay-opacity":"","overlay-gradient":""},"mobile":{"background-color":"var(--ast-global-color-5)","background-image":"","background-repeat":"repeat","background-position":"center center","background-size":"auto","background-attachment":"scroll","background-type":"","background-media":"","overlay-type":"","overlay-color":"","overlay-opacity":"","overlay-gradient":""}},"footnotes":""},"class_list":["post-19407","page","type-page","status-publish","hentry"],"post_mailing_queue_ids":[],"_links":{"self":[{"href":"https:\/\/projectes.xtec.cat\/steamcat\/wp-json\/wp\/v2\/pages\/19407","targetHints":{"allow":["GET"]}}],"collection":[{"href":"https:\/\/projectes.xtec.cat\/steamcat\/wp-json\/wp\/v2\/pages"}],"about":[{"href":"https:\/\/projectes.xtec.cat\/steamcat\/wp-json\/wp\/v2\/types\/page"}],"author":[{"embeddable":true,"href":"https:\/\/projectes.xtec.cat\/steamcat\/wp-json\/wp\/v2\/users\/8"}],"replies":[{"embeddable":true,"href":"https:\/\/projectes.xtec.cat\/steamcat\/wp-json\/wp\/v2\/comments?post=19407"}],"version-history":[{"count":2,"href":"https:\/\/projectes.xtec.cat\/steamcat\/wp-json\/wp\/v2\/pages\/19407\/revisions"}],"predecessor-version":[{"id":19410,"href":"https:\/\/projectes.xtec.cat\/steamcat\/wp-json\/wp\/v2\/pages\/19407\/revisions\/19410"}],"up":[{"embeddable":true,"href":"https:\/\/projectes.xtec.cat\/steamcat\/wp-json\/wp\/v2\/pages\/13144"}],"wp:attachment":[{"href":"https:\/\/projectes.xtec.cat\/steamcat\/wp-json\/wp\/v2\/media?parent=19407"}],"curies":[{"name":"wp","href":"https:\/\/api.w.org\/{rel}","templated":true}]}}