{"id":8283,"date":"2022-11-23T12:50:55","date_gmt":"2022-11-23T11:50:55","guid":{"rendered":"https:\/\/projectes.xtec.cat\/stem-espai\/\/\/?page_id=8283"},"modified":"2023-06-28T08:46:36","modified_gmt":"2023-06-28T06:46:36","slug":"newspace","status":"publish","type":"page","link":"https:\/\/projectes.xtec.cat\/stem-espai\/newspace\/","title":{"rendered":"Programa educatiu de l&#8217;Estrat\u00e8gia NewSpace de Catalunya"},"content":{"rendered":"\n<div class=\"wp-block-group alignfull\"><div class=\"wp-block-group__inner-container is-layout-flow wp-block-group-is-layout-flow\">\n<p><\/p>\n<\/div><\/div>\n\n\n\n<div class=\"wp-block-group alignfull marges2 has-ast-global-color-4-background-color has-background\"><div class=\"wp-block-group__inner-container is-layout-flow wp-block-group-is-layout-flow\">\n<p class=\"marges has-ast-global-color-8-color has-text-color\">El programa educatiu corresponent a l&#8217;Estrat\u00e8gia NewSpace de Catalunya est\u00e0 adre\u00e7at a alumnes de l&#8217;educaci\u00f3 prim\u00e0ria i secund\u00e0ria. Ofereix recursos educatius en forma de <strong>situacions d&#8217;aprenentatge<\/strong> i <strong>projectes globalitzats<\/strong> per aplicar a l&#8217;aula que inclouen <strong>activitats<\/strong> creades per diversos autors i autores (col\u00b7laboracions) i per membres del grup de treball. Actualment, el programa educatiu est\u00e0 en fase de <strong>pilotatge<\/strong> i es posar\u00e0 a disposici\u00f3 el pr\u00f2xim curs escolar.<\/p>\n<\/div><\/div>\n\n\n\n<div class=\"wp-block-columns is-layout-flex wp-container-core-columns-is-layout-1 wp-block-columns-is-layout-flex\">\n<div class=\"wp-block-column caixa is-layout-flow wp-block-column-is-layout-flow\">\n<h5 class=\"has-text-align-center has-ast-global-color-8-color has-text-color wp-block-heading\">Recursos educatius<\/h5>\n\n\n\n<div class=\"wp-block-image\"><figure class=\"aligncenter size-large is-resized\"><a href=\"https:\/\/projectes.xtec.cat\/stem-espai\/newspace\/recursos\/\"><img loading=\"lazy\" decoding=\"async\" src=\"https:\/\/projectes.xtec.cat\/stem-espai\/wp-content\/uploads\/usu2332\/2022\/12\/activitats.png\" alt=\"Logotip de les activitats\" class=\"wp-image-8640\" width=\"150\" height=\"150\" srcset=\"https:\/\/projectes.xtec.cat\/stem-espai\/wp-content\/uploads\/usu2332\/2022\/12\/activitats.png 500w, https:\/\/projectes.xtec.cat\/stem-espai\/wp-content\/uploads\/usu2332\/2022\/12\/activitats-300x300.png 300w, https:\/\/projectes.xtec.cat\/stem-espai\/wp-content\/uploads\/usu2332\/2022\/12\/activitats-150x150.png 150w\" sizes=\"auto, (max-width: 150px) 100vw, 150px\" \/><\/a><\/figure><\/div>\n<\/div>\n\n\n\n<div class=\"wp-block-column caixa is-layout-flow wp-block-column-is-layout-flow\">\n<h5 class=\"has-text-align-center has-ast-global-color-8-color has-text-color wp-block-heading\">Col\u00b7laboracions<\/h5>\n\n\n\n<div class=\"wp-block-image\"><figure class=\"aligncenter size-large is-resized\"><a href=\"https:\/\/projectes.xtec.cat\/stem-espai\/newspace\/collaboracions\/\"><img loading=\"lazy\" decoding=\"async\" src=\"https:\/\/projectes.xtec.cat\/stem-espai\/wp-content\/uploads\/usu2332\/2023\/02\/collaborate.png\" alt=\"Logotip de les col\u00b7laboracions\" class=\"wp-image-8825\" width=\"150\" height=\"150\" srcset=\"https:\/\/projectes.xtec.cat\/stem-espai\/wp-content\/uploads\/usu2332\/2023\/02\/collaborate.png 500w, https:\/\/projectes.xtec.cat\/stem-espai\/wp-content\/uploads\/usu2332\/2023\/02\/collaborate-300x300.png 300w, https:\/\/projectes.xtec.cat\/stem-espai\/wp-content\/uploads\/usu2332\/2023\/02\/collaborate-150x150.png 150w\" sizes=\"auto, (max-width: 150px) 100vw, 150px\" \/><\/a><\/figure><\/div>\n<\/div>\n\n\n\n<div class=\"wp-block-column caixa is-layout-flow wp-block-column-is-layout-flow\">\n<h5 class=\"has-text-align-center has-ast-global-color-8-color has-text-color wp-block-heading\">Grup de treball<\/h5>\n\n\n\n<div class=\"wp-block-image\"><figure class=\"aligncenter size-large is-resized\"><a href=\"https:\/\/comunitat.edigital.cat\/c\/grups-treball\/stem-espai\/223\" target=\"_blank\" rel=\"noopener\"><img loading=\"lazy\" decoding=\"async\" src=\"https:\/\/projectes.xtec.cat\/stem-espai\/wp-content\/uploads\/usu2332\/2023\/01\/Nus-blau.png\" alt=\"Logotip del grup de treball\" class=\"wp-image-8793\" width=\"150\" height=\"150\" srcset=\"https:\/\/projectes.xtec.cat\/stem-espai\/wp-content\/uploads\/usu2332\/2023\/01\/Nus-blau.png 500w, https:\/\/projectes.xtec.cat\/stem-espai\/wp-content\/uploads\/usu2332\/2023\/01\/Nus-blau-300x300.png 300w, https:\/\/projectes.xtec.cat\/stem-espai\/wp-content\/uploads\/usu2332\/2023\/01\/Nus-blau-150x150.png 150w\" sizes=\"auto, (max-width: 150px) 100vw, 150px\" \/><\/a><\/figure><\/div>\n<\/div>\n<\/div>\n\n\n\n<p><\/p>\n","protected":false},"excerpt":{"rendered":"<p>El programa educatiu corresponent a l&#8217;Estrat\u00e8gia NewSpace de Catalunya est\u00e0 adre\u00e7at a alumnes de l&#8217;educaci\u00f3 prim\u00e0ria i secund\u00e0ria. Ofereix recursos educatius en forma de situacions d&#8217;aprenentatge i projectes globalitzats per aplicar a l&#8217;aula que inclouen activitats creades per diversos autors i autores (col\u00b7laboracions) i per membres del grup de treball. Actualment, el programa educatiu est\u00e0 [&hellip;]<\/p>\n","protected":false},"author":1,"featured_media":0,"parent":0,"menu_order":1,"comment_status":"closed","ping_status":"close","template":"","meta":{"_bbp_topic_count":0,"_bbp_reply_count":0,"_bbp_total_topic_count":0,"_bbp_total_reply_count":0,"_bbp_voice_count":0,"_bbp_anonymous_reply_count":0,"_bbp_topic_count_hidden":0,"_bbp_reply_count_hidden":0,"_bbp_forum_subforum_count":0,"site-sidebar-layout":"default","site-content-layout":"","ast-site-content-layout":"","site-content-style":"default","site-sidebar-style":"default","ast-global-header-display":"","ast-banner-title-visibility":"","ast-main-header-display":"","ast-hfb-above-header-display":"","ast-hfb-below-header-display":"","ast-hfb-mobile-header-display":"","site-post-title":"disabled","ast-breadcrumbs-content":"","ast-featured-img":"","footer-sml-layout":"","theme-transparent-header-meta":"","adv-header-id-meta":"","stick-header-meta":"","header-above-stick-meta":"","header-main-stick-meta":"","header-below-stick-meta":"","astra-migrate-meta-layouts":"default","ast-page-background-enabled":"default","ast-page-background-meta":{"desktop":{"background-color":"var(--ast-global-color-4)","background-image":"","background-repeat":"repeat","background-position":"center center","background-size":"auto","background-attachment":"scroll","background-type":"","background-media":"","overlay-type":"","overlay-color":"","overlay-opacity":"","overlay-gradient":""},"tablet":{"background-color":"","background-image":"","background-repeat":"repeat","background-position":"center center","background-size":"auto","background-attachment":"scroll","background-type":"","background-media":"","overlay-type":"","overlay-color":"","overlay-opacity":"","overlay-gradient":""},"mobile":{"background-color":"","background-image":"","background-repeat":"repeat","background-position":"center center","background-size":"auto","background-attachment":"scroll","background-type":"","background-media":"","overlay-type":"","overlay-color":"","overlay-opacity":"","overlay-gradient":""}},"ast-content-background-meta":{"desktop":{"background-color":"var(--ast-global-color-5)","background-image":"","background-repeat":"repeat","background-position":"center center","background-size":"auto","background-attachment":"scroll","background-type":"","background-media":"","overlay-type":"","overlay-color":"","overlay-opacity":"","overlay-gradient":""},"tablet":{"background-color":"var(--ast-global-color-5)","background-image":"","background-repeat":"repeat","background-position":"center center","background-size":"auto","background-attachment":"scroll","background-type":"","background-media":"","overlay-type":"","overlay-color":"","overlay-opacity":"","overlay-gradient":""},"mobile":{"background-color":"var(--ast-global-color-5)","background-image":"","background-repeat":"repeat","background-position":"center center","background-size":"auto","background-attachment":"scroll","background-type":"","background-media":"","overlay-type":"","overlay-color":"","overlay-opacity":"","overlay-gradient":""}},"footnotes":""},"class_list":["post-8283","page","type-page","status-publish","hentry"],"post_mailing_queue_ids":[],"_links":{"self":[{"href":"https:\/\/projectes.xtec.cat\/stem-espai\/wp-json\/wp\/v2\/pages\/8283","targetHints":{"allow":["GET"]}}],"collection":[{"href":"https:\/\/projectes.xtec.cat\/stem-espai\/wp-json\/wp\/v2\/pages"}],"about":[{"href":"https:\/\/projectes.xtec.cat\/stem-espai\/wp-json\/wp\/v2\/types\/page"}],"author":[{"embeddable":true,"href":"https:\/\/projectes.xtec.cat\/stem-espai\/wp-json\/wp\/v2\/users\/1"}],"replies":[{"embeddable":true,"href":"https:\/\/projectes.xtec.cat\/stem-espai\/wp-json\/wp\/v2\/comments?post=8283"}],"version-history":[{"count":3,"href":"https:\/\/projectes.xtec.cat\/stem-espai\/wp-json\/wp\/v2\/pages\/8283\/revisions"}],"predecessor-version":[{"id":9771,"href":"https:\/\/projectes.xtec.cat\/stem-espai\/wp-json\/wp\/v2\/pages\/8283\/revisions\/9771"}],"wp:attachment":[{"href":"https:\/\/projectes.xtec.cat\/stem-espai\/wp-json\/wp\/v2\/media?parent=8283"}],"curies":[{"name":"wp","href":"https:\/\/api.w.org\/{rel}","templated":true}]}}