{"id":9,"date":"2014-09-12T10:15:01","date_gmt":"2014-09-12T10:15:01","guid":{"rendered":"http:\/\/projectes.xtec.cat\/stem-espai\/\/\/?page_id=9"},"modified":"2023-07-11T13:10:56","modified_gmt":"2023-07-11T11:10:56","slug":"pagina-dinici-buida","status":"publish","type":"page","link":"https:\/\/projectes.xtec.cat\/stem-espai\/","title":{"rendered":"Inici"},"content":{"rendered":"\n<div class=\"wp-block-group alignfull has-background\" style=\"background-color:#eeeeee\"><div class=\"wp-block-group__inner-container is-layout-flow wp-block-group-is-layout-flow\">\n<div class=\"wp-block-getwid-section\"><div class=\"wp-block-getwid-section__wrapper\" style=\"padding-bottom:0px\"><div class=\"wp-block-getwid-section__inner-wrapper\"><div class=\"wp-block-getwid-section__background-holder\"><div class=\"wp-block-getwid-section__background\"><\/div><div class=\"wp-block-getwid-section__foreground\"><\/div><\/div><div class=\"wp-block-getwid-section__content\"><div class=\"wp-block-getwid-section__inner-content\">\n<p class=\"caixagris\">Les tecnologies de l&#8217;espai s\u00f3n un centre d&#8217;inter\u00e8s excel\u00b7lent per motivar l&#8217;alumnat en la realitzaci\u00f3 d&#8217;activitats educatives. En aquest web podeu trobar-hi situacions d&#8217;aprenentatge dissenyades pel grup de treball del programa educatiu <strong>NewSpace<\/strong>, informaci\u00f3 sobre les<strong> jornades<\/strong> STEM a l&#8217;espai realitzades i <strong>recursos<\/strong> educatius relacionats amb tem\u00e0tiques de l&#8217;espai.<\/p>\n<\/div><\/div><\/div><\/div><\/div>\n<\/div><\/div>\n\n\n\n<div class=\"wp-block-getwid-section alignfull alignfull getwid-margin-bottom-small\"><div class=\"wp-block-getwid-section__wrapper\"><div class=\"wp-block-getwid-section__inner-wrapper\"><div class=\"wp-block-getwid-section__background-holder\"><div class=\"wp-block-getwid-section__background\"><\/div><div class=\"wp-block-getwid-section__foreground\"><\/div><\/div><div class=\"wp-block-getwid-section__content\"><div class=\"wp-block-getwid-section__inner-content\">\n<div class=\"wp-block-columns is-layout-flex wp-container-core-columns-is-layout-1 wp-block-columns-is-layout-flex\">\n<div class=\"wp-block-column caixa is-layout-flow wp-block-column-is-layout-flow\">\n<p class=\"has-text-align-center has-ast-global-color-8-color has-text-color\" style=\"font-size:18px\">Programa educatiu NewSpace<\/p>\n\n\n\n<div class=\"wp-block-image\"><figure class=\"aligncenter size-large is-resized\"><a href=\"https:\/\/projectes.xtec.cat\/stem-espai\/newspace\/\"><img loading=\"lazy\" decoding=\"async\" src=\"https:\/\/projectes.xtec.cat\/stem-espai\/wp-content\/uploads\/usu2332\/2022\/12\/NewSpace-1-e1673866042638.png\" alt=\"Logotip programa educatiu NewSpace\" class=\"wp-image-8633\" width=\"144\" height=\"148\" srcset=\"https:\/\/projectes.xtec.cat\/stem-espai\/wp-content\/uploads\/usu2332\/2022\/12\/NewSpace-1-e1673866042638.png 375w, https:\/\/projectes.xtec.cat\/stem-espai\/wp-content\/uploads\/usu2332\/2022\/12\/NewSpace-1-e1673866042638-292x300.png 292w\" sizes=\"auto, (max-width: 144px) 100vw, 144px\" \/><\/a><\/figure><\/div>\n\n\n\n<p><\/p>\n<\/div>\n\n\n\n<div class=\"wp-block-column caixa is-layout-flow wp-block-column-is-layout-flow\">\n<p class=\"has-text-align-center has-ast-global-color-8-color has-text-color\" style=\"font-size:18px\">Jornades STEM a l&#8217;espai<\/p>\n\n\n\n<div class=\"wp-block-image\"><figure class=\"aligncenter size-large is-resized\"><a href=\"https:\/\/projectes.xtec.cat\/stem-espai\/jornades\/\"><img loading=\"lazy\" decoding=\"async\" src=\"https:\/\/projectes.xtec.cat\/stem-espai\/wp-content\/uploads\/usu2332\/2023\/01\/Jornades-0-e1673866610308.png\" alt=\"Logotip Jornades STEM a l'espai\" class=\"wp-image-8781\" width=\"148\" height=\"149\" srcset=\"https:\/\/projectes.xtec.cat\/stem-espai\/wp-content\/uploads\/usu2332\/2023\/01\/Jornades-0-e1673866610308.png 397w, https:\/\/projectes.xtec.cat\/stem-espai\/wp-content\/uploads\/usu2332\/2023\/01\/Jornades-0-e1673866610308-298x300.png 298w, https:\/\/projectes.xtec.cat\/stem-espai\/wp-content\/uploads\/usu2332\/2023\/01\/Jornades-0-e1673866610308-150x150.png 150w\" sizes=\"auto, (max-width: 148px) 100vw, 148px\" \/><\/a><\/figure><\/div>\n\n\n\n<p><\/p>\n<\/div>\n\n\n\n<div class=\"wp-block-column caixa is-layout-flow wp-block-column-is-layout-flow\">\n<p class=\"has-text-align-center has-ast-global-color-8-color has-text-color\" style=\"font-size:18px\">Recursos<\/p>\n\n\n\n<div class=\"wp-block-image\"><figure class=\"aligncenter size-large is-resized\"><a href=\"https:\/\/projectes.xtec.cat\/stem-espai\/recursos\/\"><img loading=\"lazy\" decoding=\"async\" src=\"https:\/\/projectes.xtec.cat\/stem-espai\/wp-content\/uploads\/usu2332\/2022\/12\/Recursos-img-e1673866340764.png\" alt=\"Logotip recursos\" class=\"wp-image-8629\" width=\"140\" height=\"141\" srcset=\"https:\/\/projectes.xtec.cat\/stem-espai\/wp-content\/uploads\/usu2332\/2022\/12\/Recursos-img-e1673866340764.png 396w, https:\/\/projectes.xtec.cat\/stem-espai\/wp-content\/uploads\/usu2332\/2022\/12\/Recursos-img-e1673866340764-298x300.png 298w, https:\/\/projectes.xtec.cat\/stem-espai\/wp-content\/uploads\/usu2332\/2022\/12\/Recursos-img-e1673866340764-150x150.png 150w\" sizes=\"auto, (max-width: 140px) 100vw, 140px\" \/><\/a><\/figure><\/div>\n\n\n\n<p><\/p>\n<\/div>\n<\/div>\n\n\n\n<div style=\"height:14px\" aria-hidden=\"true\" class=\"wp-block-spacer\"><\/div>\n\n\n\n<h1 class=\"has-text-color has-background wp-block-heading\" style=\"background-color:#eeeeee;color:#102d6f;font-size:22px\">Destaquem<\/h1>\n\n\n<ul class=\"wp-block-latest-posts__list has-dates wp-block-latest-posts\"><li><div class=\"wp-block-latest-posts__featured-image alignright\"><a href=\"https:\/\/projectes.xtec.cat\/stem-espai\/portada\/v-jornada-stem-a-lespai\/\" aria-label=\"V Jornada STEM a l&#8217;espai\"><img loading=\"lazy\" decoding=\"async\" width=\"150\" height=\"150\" src=\"https:\/\/projectes.xtec.cat\/stem-espai\/wp-content\/uploads\/usu2332\/2024\/09\/image-16-150x150.png\" class=\"attachment-thumbnail size-thumbnail wp-post-image\" alt=\"\" style=\"\" \/><\/a><\/div><a class=\"wp-block-latest-posts__post-title\" href=\"https:\/\/projectes.xtec.cat\/stem-espai\/portada\/v-jornada-stem-a-lespai\/\">V Jornada STEM a l&#8217;espai<\/a><time datetime=\"2024-09-04T11:22:03+02:00\" class=\"wp-block-latest-posts__post-date\">04\/09\/2024<\/time><div class=\"wp-block-latest-posts__post-excerpt\">\u00a0El proper\u00a05 d&#8217;octubre\u00a0celebrarem la\u00a05a Jornada STEM a l&#8217;espai, a la\u00a0UPC de Castelldefels. Aquesta jornada est\u00e0 dirigida al col\u00b7lectiu docent de Prim\u00e0ria i Secund\u00e0ria de Catalunya, i t\u00e9 com a objectiu principal promoure l&#8217;\u00fas de l&#8217;espai com a context d&#8217;aprenentatge en les aules, proporcionant recursos i compartint experi\u00e8ncies inspiradores. Podeu consultar el programa i efectuar la\u2026 <a class=\"wp-block-latest-posts__read-more\" href=\"https:\/\/projectes.xtec.cat\/stem-espai\/portada\/v-jornada-stem-a-lespai\/\" rel=\"noopener noreferrer\">M\u00e9s informaci\u00f3<span class=\"screen-reader-text\">: V Jornada STEM a l&#8217;espai<\/span><\/a><\/div><\/li>\n<li><div class=\"wp-block-latest-posts__featured-image alignright\"><a href=\"https:\/\/projectes.xtec.cat\/stem-espai\/general\/cansat2024\/\" aria-label=\"CanSat2024\"><img loading=\"lazy\" decoding=\"async\" width=\"150\" height=\"150\" src=\"https:\/\/projectes.xtec.cat\/stem-espai\/wp-content\/uploads\/usu2332\/2023\/03\/cansat_key_visual_pillars-1-150x150.png\" class=\"attachment-thumbnail size-thumbnail wp-post-image\" alt=\"\" style=\"\" srcset=\"https:\/\/projectes.xtec.cat\/stem-espai\/wp-content\/uploads\/usu2332\/2023\/03\/cansat_key_visual_pillars-1-150x150.png 150w, https:\/\/projectes.xtec.cat\/stem-espai\/wp-content\/uploads\/usu2332\/2023\/03\/cansat_key_visual_pillars-1-300x300.png 300w, https:\/\/projectes.xtec.cat\/stem-espai\/wp-content\/uploads\/usu2332\/2023\/03\/cansat_key_visual_pillars-1.png 491w\" sizes=\"auto, (max-width: 150px) 100vw, 150px\" \/><\/a><\/div><a class=\"wp-block-latest-posts__post-title\" href=\"https:\/\/projectes.xtec.cat\/stem-espai\/general\/cansat2024\/\">CanSat2024<\/a><time datetime=\"2023-11-01T21:39:03+01:00\" class=\"wp-block-latest-posts__post-date\">01\/11\/2023<\/time><div class=\"wp-block-latest-posts__post-excerpt\">Cansat&nbsp;\u00e9s una iniciativa de l\u2019Ag\u00e8ncia Espacial Europea&nbsp;que convida a grups d\u2019estudiants d\u2019educaci\u00f3 secund\u00e0ria de tota Europa a dissenyar, construir i llan\u00e7ar un mini sat\u00e8l\u00b7lit de la mida d\u2019una llauna de refresc. Repte:&nbsp;desenvolupar tots els subsistemes principals que es troben en un sat\u00e8l\u00b7lit (energia, comunicacions, sensors, etc.) i encabir-los en el volum i forma d\u2019una llauna\u2026 <a class=\"wp-block-latest-posts__read-more\" href=\"https:\/\/projectes.xtec.cat\/stem-espai\/general\/cansat2024\/\" rel=\"noopener noreferrer\">M\u00e9s informaci\u00f3<span class=\"screen-reader-text\">: CanSat2024<\/span><\/a><\/div><\/li>\n<li><div class=\"wp-block-latest-posts__featured-image alignright\"><a href=\"https:\/\/projectes.xtec.cat\/stem-espai\/general\/viii-jornada-dinnovacio-a-lensenyament-de-la-tecnologia\/\" aria-label=\"VIII Jornada d&#8217;innovaci\u00f3 a l&#8217;ensenyament de la Tecnologia\"><img loading=\"lazy\" decoding=\"async\" width=\"150\" height=\"150\" src=\"https:\/\/projectes.xtec.cat\/stem-espai\/wp-content\/uploads\/usu2332\/2023\/06\/iec-e1686823623521-150x150.png\" class=\"attachment-thumbnail size-thumbnail wp-post-image\" alt=\"\" style=\"\" srcset=\"https:\/\/projectes.xtec.cat\/stem-espai\/wp-content\/uploads\/usu2332\/2023\/06\/iec-e1686823623521-150x150.png 150w, https:\/\/projectes.xtec.cat\/stem-espai\/wp-content\/uploads\/usu2332\/2023\/06\/iec-e1686823623521-300x297.png 300w, https:\/\/projectes.xtec.cat\/stem-espai\/wp-content\/uploads\/usu2332\/2023\/06\/iec-e1686823623521.png 513w\" sizes=\"auto, (max-width: 150px) 100vw, 150px\" \/><\/a><\/div><a class=\"wp-block-latest-posts__post-title\" href=\"https:\/\/projectes.xtec.cat\/stem-espai\/general\/viii-jornada-dinnovacio-a-lensenyament-de-la-tecnologia\/\">VIII Jornada d&#8217;innovaci\u00f3 a l&#8217;ensenyament de la Tecnologia<\/a><time datetime=\"2023-06-15T12:18:09+02:00\" class=\"wp-block-latest-posts__post-date\">15\/06\/2023<\/time><div class=\"wp-block-latest-posts__post-excerpt\">El pr\u00f2xim 1 de juliol se celebra la vuitena jornada, aquest cop abordant un repte del segle XXI: la intel\u00b7lig\u00e8ncia artificial a l&#8217;aula. Es tracta d&#8217;una jornada organitzada pel grup de professorat de la Societat Catalana de Tecnologia i el programa d&#8217;innovaci\u00f3 STEAMcat.<\/div><\/li>\n<li><div class=\"wp-block-latest-posts__featured-image alignright\"><a href=\"https:\/\/projectes.xtec.cat\/stem-espai\/general\/la-missio-minairo-senlaira-amb-exit-des-de-california\/\" aria-label=\"La missi\u00f3 &#8216;Minair\u00f3&#8217; s&#8217;enlaira amb \u00e8xit des de Calif\u00f2rnia\"><img loading=\"lazy\" decoding=\"async\" width=\"150\" height=\"150\" src=\"https:\/\/projectes.xtec.cat\/stem-espai\/wp-content\/uploads\/usu2332\/2023\/04\/Minair-150x150.jpg\" class=\"attachment-thumbnail size-thumbnail wp-post-image\" alt=\"\" style=\"\" \/><\/a><\/div><a class=\"wp-block-latest-posts__post-title\" href=\"https:\/\/projectes.xtec.cat\/stem-espai\/general\/la-missio-minairo-senlaira-amb-exit-des-de-california\/\">La missi\u00f3 &#8216;Minair\u00f3&#8217; s&#8217;enlaira amb \u00e8xit des de Calif\u00f2rnia<\/a><time datetime=\"2023-04-18T14:05:38+02:00\" class=\"wp-block-latest-posts__post-date\">18\/04\/2023<\/time><div class=\"wp-block-latest-posts__post-excerpt\">El \u2018laboratori en \u00f2rbita\u2019 permetr\u00e0 validar el concepte innovador de c\u00e0rregues flexibles (flexible payload) reprogramables en vol per facilitar l\u2019execuci\u00f3 de diferents funcions i serveis adaptats a diferents casos d&#8217;\u00fas i reptes, com poden ser la monitoritzaci\u00f3 de cultius, la gesti\u00f3 de recursos h\u00eddrics, el control de transports i mercaderies o la gesti\u00f3 d&#8217;infraestructures remotes.<\/div><\/li>\n<li><div class=\"wp-block-latest-posts__featured-image alignright\"><a href=\"https:\/\/projectes.xtec.cat\/stem-espai\/portada\/on-es-el-menut-i-lenxaneta\/\" aria-label=\"On \u00e9s el Menut? i l&#8217;Enxaneta?\"><img loading=\"lazy\" decoding=\"async\" width=\"150\" height=\"150\" src=\"https:\/\/projectes.xtec.cat\/stem-espai\/wp-content\/uploads\/usu2332\/2023\/01\/simulador-quadrat-150x150.png\" class=\"attachment-thumbnail size-thumbnail wp-post-image\" alt=\"\" style=\"\" srcset=\"https:\/\/projectes.xtec.cat\/stem-espai\/wp-content\/uploads\/usu2332\/2023\/01\/simulador-quadrat-150x150.png 150w, https:\/\/projectes.xtec.cat\/stem-espai\/wp-content\/uploads\/usu2332\/2023\/01\/simulador-quadrat-300x300.png 300w, https:\/\/projectes.xtec.cat\/stem-espai\/wp-content\/uploads\/usu2332\/2023\/01\/simulador-quadrat-1024x1024.png 1024w, https:\/\/projectes.xtec.cat\/stem-espai\/wp-content\/uploads\/usu2332\/2023\/01\/simulador-quadrat-768x768.png 768w, https:\/\/projectes.xtec.cat\/stem-espai\/wp-content\/uploads\/usu2332\/2023\/01\/simulador-quadrat-1536x1536.png 1536w, https:\/\/projectes.xtec.cat\/stem-espai\/wp-content\/uploads\/usu2332\/2023\/01\/simulador-quadrat.png 1919w\" sizes=\"auto, (max-width: 150px) 100vw, 150px\" \/><\/a><\/div><a class=\"wp-block-latest-posts__post-title\" href=\"https:\/\/projectes.xtec.cat\/stem-espai\/portada\/on-es-el-menut-i-lenxaneta\/\">On \u00e9s el Menut? i l&#8217;Enxaneta?<\/a><time datetime=\"2023-01-17T13:41:56+01:00\" class=\"wp-block-latest-posts__post-date\">17\/01\/2023<\/time><div class=\"wp-block-latest-posts__post-excerpt\">A principis d&#8217;any s&#8217;ha fet el llan\u00e7ament del segon nanosat\u00e8l\u00b7lit catal\u00e0, el &#8220;Menut&#8221;. Continua tamb\u00e9 actiu el primer que es va llan\u00e7ar, l'&#8221;Enxaneta&#8221;. T&#8217;agradaria saber la seva posici\u00f3 actual, les caracter\u00edstiques de la seva \u00f2rbita, els darrers albiraments&#8230;?<\/div><\/li>\n<\/ul><\/div><\/div><\/div><\/div><\/div>\n\n\n\n<p><\/p>\n","protected":false},"excerpt":{"rendered":"","protected":false},"author":1,"featured_media":0,"parent":7,"menu_order":0,"comment_status":"closed","ping_status":"closed","template":"","meta":{"_bbp_topic_count":0,"_bbp_reply_count":0,"_bbp_total_topic_count":0,"_bbp_total_reply_count":0,"_bbp_voice_count":0,"_bbp_anonymous_reply_count":0,"_bbp_topic_count_hidden":0,"_bbp_reply_count_hidden":0,"_bbp_forum_subforum_count":0,"site-sidebar-layout":"no-sidebar","site-content-layout":"page-builder","ast-site-content-layout":"","site-content-style":"default","site-sidebar-style":"default","ast-global-header-display":"","ast-banner-title-visibility":"","ast-main-header-display":"","ast-hfb-above-header-display":"","ast-hfb-below-header-display":"","ast-hfb-mobile-header-display":"","site-post-title":"disabled","ast-breadcrumbs-content":"disabled","ast-featured-img":"","footer-sml-layout":"","theme-transparent-header-meta":"","adv-header-id-meta":"","stick-header-meta":"","header-above-stick-meta":"","header-main-stick-meta":"","header-below-stick-meta":"","astra-migrate-meta-layouts":"default","ast-page-background-enabled":"default","ast-page-background-meta":{"desktop":{"background-color":"var(--ast-global-color-4)","background-image":"","background-repeat":"repeat","background-position":"center center","background-size":"auto","background-attachment":"scroll","background-type":"","background-media":"","overlay-type":"","overlay-color":"","overlay-opacity":"","overlay-gradient":""},"tablet":{"background-color":"","background-image":"","background-repeat":"repeat","background-position":"center center","background-size":"auto","background-attachment":"scroll","background-type":"","background-media":"","overlay-type":"","overlay-color":"","overlay-opacity":"","overlay-gradient":""},"mobile":{"background-color":"","background-image":"","background-repeat":"repeat","background-position":"center center","background-size":"auto","background-attachment":"scroll","background-type":"","background-media":"","overlay-type":"","overlay-color":"","overlay-opacity":"","overlay-gradient":""}},"ast-content-background-meta":{"desktop":{"background-color":"var(--ast-global-color-5)","background-image":"","background-repeat":"repeat","background-position":"center center","background-size":"auto","background-attachment":"scroll","background-type":"","background-media":"","overlay-type":"","overlay-color":"","overlay-opacity":"","overlay-gradient":""},"tablet":{"background-color":"var(--ast-global-color-5)","background-image":"","background-repeat":"repeat","background-position":"center center","background-size":"auto","background-attachment":"scroll","background-type":"","background-media":"","overlay-type":"","overlay-color":"","overlay-opacity":"","overlay-gradient":""},"mobile":{"background-color":"var(--ast-global-color-5)","background-image":"","background-repeat":"repeat","background-position":"center center","background-size":"auto","background-attachment":"scroll","background-type":"","background-media":"","overlay-type":"","overlay-color":"","overlay-opacity":"","overlay-gradient":""}},"footnotes":""},"class_list":["post-9","page","type-page","status-publish","hentry"],"post_mailing_queue_ids":[],"_links":{"self":[{"href":"https:\/\/projectes.xtec.cat\/stem-espai\/wp-json\/wp\/v2\/pages\/9","targetHints":{"allow":["GET"]}}],"collection":[{"href":"https:\/\/projectes.xtec.cat\/stem-espai\/wp-json\/wp\/v2\/pages"}],"about":[{"href":"https:\/\/projectes.xtec.cat\/stem-espai\/wp-json\/wp\/v2\/types\/page"}],"author":[{"embeddable":true,"href":"https:\/\/projectes.xtec.cat\/stem-espai\/wp-json\/wp\/v2\/users\/1"}],"replies":[{"embeddable":true,"href":"https:\/\/projectes.xtec.cat\/stem-espai\/wp-json\/wp\/v2\/comments?post=9"}],"version-history":[{"count":3,"href":"https:\/\/projectes.xtec.cat\/stem-espai\/wp-json\/wp\/v2\/pages\/9\/revisions"}],"predecessor-version":[{"id":9849,"href":"https:\/\/projectes.xtec.cat\/stem-espai\/wp-json\/wp\/v2\/pages\/9\/revisions\/9849"}],"up":[{"embeddable":true,"href":"https:\/\/projectes.xtec.cat\/stem-espai\/wp-json\/wp\/v2\/pages\/7"}],"wp:attachment":[{"href":"https:\/\/projectes.xtec.cat\/stem-espai\/wp-json\/wp\/v2\/media?parent=9"}],"curies":[{"name":"wp","href":"https:\/\/api.w.org\/{rel}","templated":true}]}}