{"id":8273,"date":"2020-07-24T19:24:53","date_gmt":"2020-07-24T17:24:53","guid":{"rendered":"https:\/\/projectes.xtec.cat\/stemalespai\/?page_id=8273"},"modified":"2022-04-20T10:58:35","modified_gmt":"2022-04-20T08:58:35","slug":"formacio","status":"publish","type":"page","link":"https:\/\/projectes.xtec.cat\/stemalespai\/formacio\/","title":{"rendered":"Jornades"},"content":{"rendered":"<p>Jornades &#8220;STEM a l&#8217;espai&#8221; i mostra de materials. Feu clic en l&#8217;opci\u00f3 del men\u00fa superior per accedir a la informaci\u00f3.<\/p>\n","protected":false},"excerpt":{"rendered":"<p>Jornades &#8220;STEM a l&#8217;espai&#8221; i mostra de materials. Feu clic en l&#8217;opci\u00f3 del men\u00fa superior per accedir a la informaci\u00f3.<\/p>\n","protected":false},"author":6,"featured_media":0,"parent":0,"menu_order":0,"comment_status":"closed","ping_status":"closed","template":"","meta":{"_bbp_topic_count":0,"_bbp_reply_count":0,"_bbp_total_topic_count":0,"_bbp_total_reply_count":0,"_bbp_voice_count":0,"_bbp_anonymous_reply_count":0,"_bbp_topic_count_hidden":0,"_bbp_reply_count_hidden":0,"_bbp_forum_subforum_count":0,"footnotes":""},"class_list":["post-8273","page","type-page","status-publish","hentry"],"post_mailing_queue_ids":[],"_links":{"self":[{"href":"https:\/\/projectes.xtec.cat\/stemalespai\/wp-json\/wp\/v2\/pages\/8273","targetHints":{"allow":["GET"]}}],"collection":[{"href":"https:\/\/projectes.xtec.cat\/stemalespai\/wp-json\/wp\/v2\/pages"}],"about":[{"href":"https:\/\/projectes.xtec.cat\/stemalespai\/wp-json\/wp\/v2\/types\/page"}],"author":[{"embeddable":true,"href":"https:\/\/projectes.xtec.cat\/stemalespai\/wp-json\/wp\/v2\/users\/6"}],"replies":[{"embeddable":true,"href":"https:\/\/projectes.xtec.cat\/stemalespai\/wp-json\/wp\/v2\/comments?post=8273"}],"version-history":[{"count":3,"href":"https:\/\/projectes.xtec.cat\/stemalespai\/wp-json\/wp\/v2\/pages\/8273\/revisions"}],"predecessor-version":[{"id":8492,"href":"https:\/\/projectes.xtec.cat\/stemalespai\/wp-json\/wp\/v2\/pages\/8273\/revisions\/8492"}],"wp:attachment":[{"href":"https:\/\/projectes.xtec.cat\/stemalespai\/wp-json\/wp\/v2\/media?parent=8273"}],"curies":[{"name":"wp","href":"https:\/\/api.w.org\/{rel}","templated":true}]}}