{"id":8295,"date":"2020-07-24T19:52:34","date_gmt":"2020-07-24T17:52:34","guid":{"rendered":"https:\/\/projectes.xtec.cat\/stemalespai\/?page_id=8295"},"modified":"2022-04-20T11:38:37","modified_gmt":"2022-04-20T09:38:37","slug":"peter-robots-que-miren-el-cel","status":"publish","type":"page","link":"https:\/\/projectes.xtec.cat\/stemalespai\/materials-i-recursos\/peter-robots-que-miren-el-cel\/","title":{"rendered":"PETeR, robots que miren el cel"},"content":{"rendered":"<p>El <strong>P<\/strong>royecto <strong>E<\/strong>ducativo con <strong>Te<\/strong>lescopios <strong>R<\/strong>ob\u00f3ticos (PETeR) de l&#8217;Institut d&#8217;Astrof\u00edsica de Can\u00e0ries proposa l&#8217;aprofitament de temps d&#8217;observaci\u00f3 de telesc\u00f2pics rob\u00f2tics per dedicar-lo a activitats educatives adre\u00e7ades a alumnes.<\/p>\n<p><img loading=\"lazy\" decoding=\"async\" class=\"aligncenter size-large\" src=\"http:\/\/www3.gobiernodecanarias.org\/medusa\/ecoescuela\/esero\/files\/2018\/10\/peter_logo.png\" width=\"300\" height=\"276\" \/><\/p>\n","protected":false},"excerpt":{"rendered":"<p>El Proyecto Educativo con Telescopios Rob\u00f3ticos (PETeR) de l&#8217;Institut d&#8217;Astrof\u00edsica de Can\u00e0ries proposa l&#8217;aprofitament de temps d&#8217;observaci\u00f3 de telesc\u00f2pics rob\u00f2tics per dedicar-lo a activitats educatives adre\u00e7ades a alumnes.<\/p>\n","protected":false},"author":6,"featured_media":0,"parent":8280,"menu_order":2,"comment_status":"closed","ping_status":"closed","template":"page-templates\/side-menu.php","meta":{"_bbp_topic_count":0,"_bbp_reply_count":0,"_bbp_total_topic_count":0,"_bbp_total_reply_count":0,"_bbp_voice_count":0,"_bbp_anonymous_reply_count":0,"_bbp_topic_count_hidden":0,"_bbp_reply_count_hidden":0,"_bbp_forum_subforum_count":0,"footnotes":""},"class_list":["post-8295","page","type-page","status-publish","hentry"],"post_mailing_queue_ids":[],"_links":{"self":[{"href":"https:\/\/projectes.xtec.cat\/stemalespai\/wp-json\/wp\/v2\/pages\/8295","targetHints":{"allow":["GET"]}}],"collection":[{"href":"https:\/\/projectes.xtec.cat\/stemalespai\/wp-json\/wp\/v2\/pages"}],"about":[{"href":"https:\/\/projectes.xtec.cat\/stemalespai\/wp-json\/wp\/v2\/types\/page"}],"author":[{"embeddable":true,"href":"https:\/\/projectes.xtec.cat\/stemalespai\/wp-json\/wp\/v2\/users\/6"}],"replies":[{"embeddable":true,"href":"https:\/\/projectes.xtec.cat\/stemalespai\/wp-json\/wp\/v2\/comments?post=8295"}],"version-history":[{"count":3,"href":"https:\/\/projectes.xtec.cat\/stemalespai\/wp-json\/wp\/v2\/pages\/8295\/revisions"}],"predecessor-version":[{"id":8503,"href":"https:\/\/projectes.xtec.cat\/stemalespai\/wp-json\/wp\/v2\/pages\/8295\/revisions\/8503"}],"up":[{"embeddable":true,"href":"https:\/\/projectes.xtec.cat\/stemalespai\/wp-json\/wp\/v2\/pages\/8280"}],"wp:attachment":[{"href":"https:\/\/projectes.xtec.cat\/stemalespai\/wp-json\/wp\/v2\/media?parent=8295"}],"curies":[{"name":"wp","href":"https:\/\/api.w.org\/{rel}","templated":true}]}}