{"id":8469,"date":"2022-04-08T13:35:08","date_gmt":"2022-04-08T11:35:08","guid":{"rendered":"https:\/\/projectes.xtec.cat\/stemalespai\/?page_id=8469"},"modified":"2022-10-07T14:34:18","modified_gmt":"2022-10-07T12:34:18","slug":"programa-educatiu","status":"publish","type":"page","link":"https:\/\/projectes.xtec.cat\/stemalespai\/newspace\/programa-educatiu\/","title":{"rendered":"Programa educatiu"},"content":{"rendered":"<p><iframe loading=\"lazy\" src=\"https:\/\/edumet.cat\/areatac\/presentacions\/index_json.php?ID=1HFim87ES2Oz3H6JKaHKKVOYnqBDuprXMmo9-V9AR_3Q&#038;config=Projectes\" width=\"1200\" height=\"600\"><\/iframe><\/p>\n<p>Aquestes s\u00f3n les principals caracter\u00edstiques del programa educatiu associat a l&#8217;Estrat\u00e8gia Newspace:<\/p>\n<ul>\n<li style=\"font-weight: 400;\" aria-level=\"1\"><span style=\"font-weight: 400;\">Es dirigir\u00e0, principalment, a infants i joves que estiguin cursant l\u2019educaci\u00f3 obligat\u00f2ria (prim\u00e0ria i ESO) a Catalunya, per\u00f2, com que ja s\u2019estan desenvolupant, inclour\u00e0 iniciatives per a batxillerat i cicles formatius.<\/span><\/li>\n<li style=\"font-weight: 400;\" aria-level=\"1\"><span style=\"font-weight: 400;\">Les activitats es podran dur a terme dins l\u2019aula (preferentment) o fora (extraescolars).<\/span><\/li>\n<li style=\"font-weight: 400;\" aria-level=\"1\"><span style=\"font-weight: 400;\">El programa estar\u00e0 lligat al desenvolupament de l\u2019estrat\u00e8gia NewSpace i, per tant, tindr\u00e0 com a m\u00ednim la mateixa durada que l\u2019Estrat\u00e8gia.<\/span><\/li>\n<li style=\"font-weight: 400;\" aria-level=\"1\"><span style=\"font-weight: 400;\">El programa es desenvolupar\u00e0 <\/span><span style=\"font-weight: 400;\">arreu del territori.<\/span><\/li>\n<\/ul>\n","protected":false},"excerpt":{"rendered":"<p>Aquestes s\u00f3n les principals caracter\u00edstiques del programa educatiu associat a l&#8217;Estrat\u00e8gia Newspace:<\/p>\n<ul>\n<li style=\"font-weight: 400;\" aria-level=\"1\">Es dirigir\u00e0, principalment, a infants i joves que estiguin cursant l\u2019educaci\u00f3 obligat\u00f2ria (prim\u00e0ria i ESO) a Catalunya, per\u00f2, com que ja s\u2019estan desenvolupant, inclour\u00e0 iniciatives per a batxillerat i cicles formatius.<\/li>\n<li&hellip;  <a href=\"https:\/\/projectes.xtec.cat\/stemalespai\/newspace\/programa-educatiu\/\" title=\"Read Programa educatiu\">Llegeix m\u00e9s\u00bb<\/a><br \/>\n","protected":false},"author":7,"featured_media":0,"parent":8462,"menu_order":0,"comment_status":"closed","ping_status":"closed","template":"page-templates\/side-menu.php","meta":{"_bbp_topic_count":0,"_bbp_reply_count":0,"_bbp_total_topic_count":0,"_bbp_total_reply_count":0,"_bbp_voice_count":0,"_bbp_anonymous_reply_count":0,"_bbp_topic_count_hidden":0,"_bbp_reply_count_hidden":0,"_bbp_forum_subforum_count":0,"footnotes":""},"class_list":["post-8469","page","type-page","status-publish","hentry"],"post_mailing_queue_ids":[],"_links":{"self":[{"href":"https:\/\/projectes.xtec.cat\/stemalespai\/wp-json\/wp\/v2\/pages\/8469","targetHints":{"allow":["GET"]}}],"collection":[{"href":"https:\/\/projectes.xtec.cat\/stemalespai\/wp-json\/wp\/v2\/pages"}],"about":[{"href":"https:\/\/projectes.xtec.cat\/stemalespai\/wp-json\/wp\/v2\/types\/page"}],"author":[{"embeddable":true,"href":"https:\/\/projectes.xtec.cat\/stemalespai\/wp-json\/wp\/v2\/users\/7"}],"replies":[{"embeddable":true,"href":"https:\/\/projectes.xtec.cat\/stemalespai\/wp-json\/wp\/v2\/comments?post=8469"}],"version-history":[{"count":4,"href":"https:\/\/projectes.xtec.cat\/stemalespai\/wp-json\/wp\/v2\/pages\/8469\/revisions"}],"predecessor-version":[{"id":8612,"href":"https:\/\/projectes.xtec.cat\/stemalespai\/wp-json\/wp\/v2\/pages\/8469\/revisions\/8612"}],"up":[{"embeddable":true,"href":"https:\/\/projectes.xtec.cat\/stemalespai\/wp-json\/wp\/v2\/pages\/8462"}],"wp:attachment":[{"href":"https:\/\/projectes.xtec.cat\/stemalespai\/wp-json\/wp\/v2\/media?parent=8469"}],"curies":[{"name":"wp","href":"https:\/\/api.w.org\/{rel}","templated":true}]}}