{"id":11546,"date":"2023-01-25T15:50:26","date_gmt":"2023-01-25T14:50:26","guid":{"rendered":"https:\/\/projectes.xtec.cat\/tilc\/wp-content\/uploads\/usu2098\/2023\/01\/Subdireccio-General-de-Llengues-586-\u00d7-279-px.png"},"modified":"2023-01-25T15:50:26","modified_gmt":"2023-01-25T14:50:26","slug":"subdireccio-general-de-llengues-586-x-279-px","status":"inherit","type":"attachment","link":"https:\/\/projectes.xtec.cat\/tilc\/subdireccio-general-de-llengues-586-x-279-px\/","title":{"rendered":"Subdirecci\u00f3 General de Lleng\u00fces (586 \u00d7 279\u00a0px)"},"author":9,"featured_media":0,"comment_status":"open","ping_status":"closed","template":"","meta":{"_bbp_topic_count":0,"_bbp_reply_count":0,"_bbp_total_topic_count":0,"_bbp_total_reply_count":0,"_bbp_voice_count":0,"_bbp_anonymous_reply_count":0,"_bbp_topic_count_hidden":0,"_bbp_reply_count_hidden":0,"_bbp_forum_subforum_count":0},"class_list":["post-11546","attachment","type-attachment","status-inherit","hentry"],"description":{"rendered":"<p class=\"attachment\"><a href='https:\/\/projectes.xtec.cat\/tilc\/wp-content\/uploads\/usu2098\/2023\/01\/Subdireccio-General-de-Llengues-586-\u00d7-279-px.png'><img loading=\"lazy\" decoding=\"async\" width=\"300\" height=\"143\" src=\"https:\/\/projectes.xtec.cat\/tilc\/wp-content\/uploads\/usu2098\/2023\/01\/Subdireccio-General-de-Llengues-586-\u00d7-279-px-300x143.png\" class=\"attachment-medium size-medium\" alt=\"\" srcset=\"https:\/\/projectes.xtec.cat\/tilc\/wp-content\/uploads\/usu2098\/2023\/01\/Subdireccio-General-de-Llengues-586-\u00d7-279-px-300x143.png 300w, https:\/\/projectes.xtec.cat\/tilc\/wp-content\/uploads\/usu2098\/2023\/01\/Subdireccio-General-de-Llengues-586-\u00d7-279-px.png 586w\" sizes=\"auto, (max-width: 300px) 100vw, 300px\" \/><\/a><\/p>\n"},"caption":{"rendered":"<p><a href='https:\/\/projectes.xtec.cat\/tilc\/wp-content\/uploads\/usu2098\/2023\/01\/Subdireccio-General-de-Llengues-586-\u00d7-279-px.png'><\/a><\/p>\n"},"alt_text":"","media_type":"image","mime_type":"image\/png","media_details":{"width":586,"height":279,"file":"2023\/01\/Subdireccio-General-de-Llengues-586-\u00d7-279-px.png","sizes":{"medium":{"file":"Subdireccio-General-de-Llengues-586-\u00d7-279-px-300x143.png","width":300,"height":143,"mime_type":"image\/png","source_url":"https:\/\/projectes.xtec.cat\/tilc\/wp-content\/uploads\/usu2098\/2023\/01\/Subdireccio-General-de-Llengues-586-\u00d7-279-px-300x143.png"},"thumbnail":{"file":"Subdireccio-General-de-Llengues-586-\u00d7-279-px-150x150.png","width":150,"height":150,"mime_type":"image\/png","source_url":"https:\/\/projectes.xtec.cat\/tilc\/wp-content\/uploads\/usu2098\/2023\/01\/Subdireccio-General-de-Llengues-586-\u00d7-279-px-150x150.png"},"thumb-300":{"file":"Subdireccio-General-de-Llengues-586-\u00d7-279-px-300x250.png","width":300,"height":250,"mime_type":"image\/png","source_url":"https:\/\/projectes.xtec.cat\/tilc\/wp-content\/uploads\/usu2098\/2023\/01\/Subdireccio-General-de-Llengues-586-\u00d7-279-px-300x250.png"},"thumb-200":{"file":"Subdireccio-General-de-Llengues-586-\u00d7-279-px-200x150.png","width":200,"height":150,"mime_type":"image\/png","source_url":"https:\/\/projectes.xtec.cat\/tilc\/wp-content\/uploads\/usu2098\/2023\/01\/Subdireccio-General-de-Llengues-586-\u00d7-279-px-200x150.png"},"full":{"file":"Subdireccio-General-de-Llengues-586-\u00d7-279-px.png","width":586,"height":279,"mime_type":"image\/png","source_url":"https:\/\/projectes.xtec.cat\/tilc\/wp-content\/uploads\/usu2098\/2023\/01\/Subdireccio-General-de-Llengues-586-\u00d7-279-px.png"}},"image_meta":{"aperture":"0","credit":"","camera":"","caption":"","created_timestamp":"0","copyright":"","focal_length":"0","iso":"0","shutter_speed":"0","title":"","orientation":"0","keywords":[]}},"post":null,"source_url":"https:\/\/projectes.xtec.cat\/tilc\/wp-content\/uploads\/usu2098\/2023\/01\/Subdireccio-General-de-Llengues-586-\u00d7-279-px.png","_links":{"self":[{"href":"https:\/\/projectes.xtec.cat\/tilc\/wp-json\/wp\/v2\/media\/11546","targetHints":{"allow":["GET"]}}],"collection":[{"href":"https:\/\/projectes.xtec.cat\/tilc\/wp-json\/wp\/v2\/media"}],"about":[{"href":"https:\/\/projectes.xtec.cat\/tilc\/wp-json\/wp\/v2\/types\/attachment"}],"author":[{"embeddable":true,"href":"https:\/\/projectes.xtec.cat\/tilc\/wp-json\/wp\/v2\/users\/9"}],"replies":[{"embeddable":true,"href":"https:\/\/projectes.xtec.cat\/tilc\/wp-json\/wp\/v2\/comments?post=11546"}]}}

Subdirecció General de Llengües (586 × 279 px)
