{"id":10295,"date":"2021-05-14T15:17:08","date_gmt":"2021-05-14T13:17:08","guid":{"rendered":"https:\/\/projectes.xtec.cat\/tilc\/?page_id=10295"},"modified":"2021-05-25T18:58:20","modified_gmt":"2021-05-25T16:58:20","slug":"bagatge-personal","status":"publish","type":"page","link":"https:\/\/projectes.xtec.cat\/tilc\/elements-tilc\/paper-de-lalumne\/bagatge-personal\/","title":{"rendered":"BAGATGE PERSONAL"},"content":{"rendered":"<p><span style=\"font-weight: 400;\">Quan l\u2019alumne s\u2019enfronta a l\u2019acte d\u2019aprendre, gaireb\u00e9 mai parteix de zero. T\u00e9 un bagatge personal que fa que el seu punt de partida sigui \u00fanic i ben diferenciat dels altres.\u00a0<\/span><span style=\"font-weight: 400;\">Aquest bagatge personal s\u2019ha generat a partir d\u2019experi\u00e8ncies familiars, escolars i socials i de les viv\u00e8ncies associades, i constitueix la base sobre la qual construir\u00e0 els nous coneixements.<\/span><\/p>\n<p><span style=\"font-weight: 400;\">Per aix\u00f2, a l\u2019aula cal: tenir present la diversitat de punts de partida i de coneixements previs dels alumnes; preveure estrat\u00e8gies per generar en tot l\u2019alumnat el desig de participar i aprendre; transmetre expectatives d\u2019\u00e8xit, sigui quin sigui el punt de partida, i finalment identificar i aprofitar per a l\u2019aprenentatge les potencialitats i els coneixements de cadasc\u00fa.<\/span><\/p>\n<p><a href=\"https:\/\/projectes.xtec.cat\/tilc\/wp-content\/uploads\/usu2098\/2021\/05\/Info-Bagatge-personal.png\" target=\"_blank\" rel=\"noopener noreferrer\"><img loading=\"lazy\" decoding=\"async\" class=\"alignnone wp-image-10296 size-full\" src=\"https:\/\/projectes.xtec.cat\/tilc\/wp-content\/uploads\/usu2098\/2021\/05\/Info-Bagatge-personal.png\" alt=\"\" width=\"750\" height=\"800\" srcset=\"https:\/\/projectes.xtec.cat\/tilc\/wp-content\/uploads\/usu2098\/2021\/05\/Info-Bagatge-personal.png 750w, https:\/\/projectes.xtec.cat\/tilc\/wp-content\/uploads\/usu2098\/2021\/05\/Info-Bagatge-personal-281x300.png 281w\" sizes=\"auto, (max-width: 750px) 100vw, 750px\" \/><\/a><\/p>\n","protected":false},"excerpt":{"rendered":"<p>Quan l\u2019alumne s\u2019enfronta a l\u2019acte d\u2019aprendre, gaireb\u00e9 mai parteix de zero. T\u00e9 un bagatge personal que fa que el seu punt de partida sigui \u00fanic i ben diferenciat dels altres.\u00a0Aquest bagatge personal s\u2019ha generat a partir d\u2019experi\u00e8ncies familiars, escolars i socials i de les viv\u00e8ncies&hellip;  <a href=\"https:\/\/projectes.xtec.cat\/tilc\/elements-tilc\/paper-de-lalumne\/bagatge-personal\/\" title=\"Read BAGATGE PERSONAL\">Llegeix m\u00e9s\u00bb<\/a><\/p>\n","protected":false},"author":9,"featured_media":0,"parent":9018,"menu_order":0,"comment_status":"closed","ping_status":"closed","template":"","meta":{"_bbp_topic_count":0,"_bbp_reply_count":0,"_bbp_total_topic_count":0,"_bbp_total_reply_count":0,"_bbp_voice_count":0,"_bbp_anonymous_reply_count":0,"_bbp_topic_count_hidden":0,"_bbp_reply_count_hidden":0,"_bbp_forum_subforum_count":0,"footnotes":""},"class_list":["post-10295","page","type-page","status-publish","hentry"],"post_mailing_queue_ids":[],"_links":{"self":[{"href":"https:\/\/projectes.xtec.cat\/tilc\/wp-json\/wp\/v2\/pages\/10295","targetHints":{"allow":["GET"]}}],"collection":[{"href":"https:\/\/projectes.xtec.cat\/tilc\/wp-json\/wp\/v2\/pages"}],"about":[{"href":"https:\/\/projectes.xtec.cat\/tilc\/wp-json\/wp\/v2\/types\/page"}],"author":[{"embeddable":true,"href":"https:\/\/projectes.xtec.cat\/tilc\/wp-json\/wp\/v2\/users\/9"}],"replies":[{"embeddable":true,"href":"https:\/\/projectes.xtec.cat\/tilc\/wp-json\/wp\/v2\/comments?post=10295"}],"version-history":[{"count":3,"href":"https:\/\/projectes.xtec.cat\/tilc\/wp-json\/wp\/v2\/pages\/10295\/revisions"}],"predecessor-version":[{"id":10340,"href":"https:\/\/projectes.xtec.cat\/tilc\/wp-json\/wp\/v2\/pages\/10295\/revisions\/10340"}],"up":[{"embeddable":true,"href":"https:\/\/projectes.xtec.cat\/tilc\/wp-json\/wp\/v2\/pages\/9018"}],"wp:attachment":[{"href":"https:\/\/projectes.xtec.cat\/tilc\/wp-json\/wp\/v2\/media?parent=10295"}],"curies":[{"name":"wp","href":"https:\/\/api.w.org\/{rel}","templated":true}]}}