{"id":8220,"date":"2020-08-20T17:53:32","date_gmt":"2020-08-20T15:53:32","guid":{"rendered":"https:\/\/projectes.xtec.cat\/tilc\/?page_id=8220"},"modified":"2023-04-18T15:06:24","modified_gmt":"2023-04-18T13:06:24","slug":"autodiagnosi","status":"publish","type":"page","link":"https:\/\/projectes.xtec.cat\/tilc\/autodiagnosi\/","title":{"rendered":"EINES DIAGNOSI"},"content":{"rendered":"<p>Les eines de diagnosi dels diferents \u00e0mbits tenen per objectiu guiar l\u2019autoavaluaci\u00f3 del docent; concretament, s\u2019orienten a valorar el protagonisme que la llengua adquireix en les decisions que cal prendre abans, durant i despr\u00e9s de l\u2019acci\u00f3 docent.<\/p>\n<p>Aquestes eines, per tant, han estat concebudes com a indicadors d\u2019enriquiment i millora del que ja es fa per integrar la llengua i els continguts en les actuacions did\u00e0ctiques. En cap cas pretenen q\u00fcestionar la compet\u00e8ncia docent, sin\u00f3 orientar els processos de millora.<\/p>\n<p>Us proposem que, en funci\u00f3 dels resultats que observeu, preneu decisions en la l\u00ednia que indica la infografia.<\/p>\n<p><a href=\"https:\/\/projectes.xtec.cat\/tilc\/wp-content\/uploads\/usu2098\/2021\/01\/EINA-DAUTODIAGNOSI-5.png\"><img loading=\"lazy\" decoding=\"async\" class=\"alignnone size-full wp-image-9791\" src=\"https:\/\/projectes.xtec.cat\/tilc\/wp-content\/uploads\/usu2098\/2021\/01\/EINA-DAUTODIAGNOSI-5.png\" alt=\"\" width=\"750\" height=\"800\" srcset=\"https:\/\/projectes.xtec.cat\/tilc\/wp-content\/uploads\/usu2098\/2021\/01\/EINA-DAUTODIAGNOSI-5.png 750w, https:\/\/projectes.xtec.cat\/tilc\/wp-content\/uploads\/usu2098\/2021\/01\/EINA-DAUTODIAGNOSI-5-281x300.png 281w\" sizes=\"auto, (max-width: 750px) 100vw, 750px\" \/><\/a><\/p>\n<p>&nbsp;<\/p>\n","protected":false},"excerpt":{"rendered":"<p>Les eines de diagnosi dels diferents \u00e0mbits tenen per objectiu guiar l\u2019autoavaluaci\u00f3 del docent; concretament, s\u2019orienten a valorar el protagonisme que la llengua adquireix en les decisions que cal prendre abans, durant i despr\u00e9s de l\u2019acci\u00f3 docent.<br \/>\nAquestes eines, per tant, han estat concebudes com a&hellip;  <a href=\"https:\/\/projectes.xtec.cat\/tilc\/autodiagnosi\/\" title=\"Read EINES DIAGNOSI\">Llegeix m\u00e9s\u00bb<\/a><\/p>\n","protected":false},"author":4,"featured_media":0,"parent":0,"menu_order":0,"comment_status":"closed","ping_status":"closed","template":"page-templates\/side-menu.php","meta":{"_bbp_topic_count":0,"_bbp_reply_count":0,"_bbp_total_topic_count":0,"_bbp_total_reply_count":0,"_bbp_voice_count":0,"_bbp_anonymous_reply_count":0,"_bbp_topic_count_hidden":0,"_bbp_reply_count_hidden":0,"_bbp_forum_subforum_count":0,"footnotes":""},"class_list":["post-8220","page","type-page","status-publish","hentry"],"post_mailing_queue_ids":[],"_links":{"self":[{"href":"https:\/\/projectes.xtec.cat\/tilc\/wp-json\/wp\/v2\/pages\/8220","targetHints":{"allow":["GET"]}}],"collection":[{"href":"https:\/\/projectes.xtec.cat\/tilc\/wp-json\/wp\/v2\/pages"}],"about":[{"href":"https:\/\/projectes.xtec.cat\/tilc\/wp-json\/wp\/v2\/types\/page"}],"author":[{"embeddable":true,"href":"https:\/\/projectes.xtec.cat\/tilc\/wp-json\/wp\/v2\/users\/4"}],"replies":[{"embeddable":true,"href":"https:\/\/projectes.xtec.cat\/tilc\/wp-json\/wp\/v2\/comments?post=8220"}],"version-history":[{"count":4,"href":"https:\/\/projectes.xtec.cat\/tilc\/wp-json\/wp\/v2\/pages\/8220\/revisions"}],"predecessor-version":[{"id":9977,"href":"https:\/\/projectes.xtec.cat\/tilc\/wp-json\/wp\/v2\/pages\/8220\/revisions\/9977"}],"wp:attachment":[{"href":"https:\/\/projectes.xtec.cat\/tilc\/wp-json\/wp\/v2\/media?parent=8220"}],"curies":[{"name":"wp","href":"https:\/\/api.w.org\/{rel}","templated":true}]}}

<p>Les eines de diagnosi dels diferents àmbits tenen per objectiu guiar l’autoavaluació del docent; concretament, s’orienten a valorar el protagonisme que la llengua adquireix en les decisions que cal prendre abans, durant i després de l’acció docent.</p>
<p>Aquestes eines, per tant, han estat concebudes com a indicadors d’enriquiment i millora del que ja es fa per integrar la llengua i els continguts en les actuacions didàctiques. En cap cas pretenen qüestionar la competència docent, sinó orientar els processos de millora.</p>
<p>Us proposem que, en funció dels resultats que observeu, preneu decisions en la línia que indica la infografia.</p>
<p><a href="https://projectes.xtec.cat/tilc/wp-content/uploads/usu2098/2021/01/EINA-DAUTODIAGNOSI-5.png"><img loading="lazy" decoding="async" class="alignnone size-full wp-image-9791" src="https://projectes.xtec.cat/tilc/wp-content/uploads/usu2098/2021/01/EINA-DAUTODIAGNOSI-5.png" alt="" width="750" height="800" srcset="https://projectes.xtec.cat/tilc/wp-content/uploads/usu2098/2021/01/EINA-DAUTODIAGNOSI-5.png 750w, https://projectes.xtec.cat/tilc/wp-content/uploads/usu2098/2021/01/EINA-DAUTODIAGNOSI-5-281x300.png 281w" sizes="auto, (max-width: 750px) 100vw, 750px" /></a></p>
<p>&nbsp;</p>

<p>Les eines de diagnosi dels diferents àmbits tenen per objectiu guiar l’autoavaluació del docent; concretament, s’orienten a valorar el protagonisme que la llengua adquireix en les decisions que cal prendre abans, durant i després de l’acció docent.<br />
Aquestes eines, per tant, han estat concebudes com a&hellip;  <a href="https://projectes.xtec.cat/tilc/autodiagnosi/" title="Read EINES DIAGNOSI">Llegeix més»</a></p>
