{"id":8392,"date":"2020-09-10T08:53:54","date_gmt":"2020-09-10T06:53:54","guid":{"rendered":"https:\/\/projectes.xtec.cat\/tilc\/?page_id=8392"},"modified":"2021-06-16T09:38:07","modified_gmt":"2021-06-16T07:38:07","slug":"textos-multimodals","status":"publish","type":"page","link":"https:\/\/projectes.xtec.cat\/tilc\/elements-tilc\/que-ensenyar\/textos-multimodals\/","title":{"rendered":"TEXTOS MULTIMODALS"},"content":{"rendered":"<p>Els textos multimodals combinen text, imatges, mapes, gr\u00e0fics, infografies, esquemes i, si estan en suport digital, fins i tot v\u00eddeos o \u00e0udios, per tal de presentar la informaci\u00f3 de manera m\u00e9s amena i m\u00e9s f\u00e0cilment interpretable.<\/p>\n<p>La multimodalitat \u00e9s present en multitud de g\u00e8neres discursius: articles cient\u00edfics, reportatges de divulgaci\u00f3, llibres de text&#8230; I, especialment, en documents digitals.<\/p>\n<p>Cal capacitar els alumnes per interpretar i produir textos multimodals; per exemple, presentant-ne models diferents, per comprendre quin \u00e9s l\u2019ordre de lectura i com es combinen els diversos sistemes semi\u00f2tics per presentar la informaci\u00f3.<\/p>\n<p><a href=\"https:\/\/projectes.xtec.cat\/tilc\/wp-content\/uploads\/usu2098\/2021\/02\/Textos-multimodals_3.png\"><img loading=\"lazy\" decoding=\"async\" class=\"alignnone size-full wp-image-9866\" src=\"https:\/\/projectes.xtec.cat\/tilc\/wp-content\/uploads\/usu2098\/2021\/02\/Textos-multimodals_3.png\" alt=\"\" width=\"750\" height=\"800\" srcset=\"https:\/\/projectes.xtec.cat\/tilc\/wp-content\/uploads\/usu2098\/2021\/02\/Textos-multimodals_3.png 750w, https:\/\/projectes.xtec.cat\/tilc\/wp-content\/uploads\/usu2098\/2021\/02\/Textos-multimodals_3-281x300.png 281w\" sizes=\"auto, (max-width: 750px) 100vw, 750px\" \/><\/a><\/p>\n<p>&nbsp;<\/p>\n<p>&nbsp;<\/p>\n<p><a href=\"https:\/\/projectes.xtec.cat\/tilc\/wp-content\/uploads\/usu2098\/2021\/02\/Textos-multimodals.png\"><img loading=\"lazy\" decoding=\"async\" class=\"alignnone size-full wp-image-9856\" src=\"https:\/\/projectes.xtec.cat\/tilc\/wp-content\/uploads\/usu2098\/2021\/02\/Textos-multimodals.png\" alt=\"\" width=\"750\" height=\"800\" \/><\/a><\/p>\n<p>&nbsp;<\/p>\n<p><a href=\"https:\/\/projectes.xtec.cat\/tilc\/wp-content\/uploads\/usu2098\/2021\/02\/Textos-multimodals_1.png\"><img loading=\"lazy\" decoding=\"async\" class=\"alignnone size-full wp-image-9857\" src=\"https:\/\/projectes.xtec.cat\/tilc\/wp-content\/uploads\/usu2098\/2021\/02\/Textos-multimodals_1.png\" alt=\"\" width=\"750\" height=\"800\" \/><\/a><\/p>\n<p>&nbsp;<\/p>\n","protected":false},"excerpt":{"rendered":"<p>Els textos multimodals combinen text, imatges, mapes, gr\u00e0fics, infografies, esquemes i, si estan en suport digital, fins i tot v\u00eddeos o \u00e0udios, per tal de presentar la informaci\u00f3 de manera m\u00e9s amena i m\u00e9s f\u00e0cilment interpretable.<br \/>\nLa multimodalitat \u00e9s present en multitud de g\u00e8neres discursius: articles&hellip;  <a href=\"https:\/\/projectes.xtec.cat\/tilc\/elements-tilc\/que-ensenyar\/textos-multimodals\/\" title=\"Read TEXTOS MULTIMODALS\">Llegeix m\u00e9s\u00bb<\/a><\/p>\n","protected":false},"author":4,"featured_media":0,"parent":8382,"menu_order":0,"comment_status":"closed","ping_status":"closed","template":"","meta":{"_bbp_topic_count":0,"_bbp_reply_count":0,"_bbp_total_topic_count":0,"_bbp_total_reply_count":0,"_bbp_voice_count":0,"_bbp_anonymous_reply_count":0,"_bbp_topic_count_hidden":0,"_bbp_reply_count_hidden":0,"_bbp_forum_subforum_count":0,"footnotes":""},"class_list":["post-8392","page","type-page","status-publish","hentry"],"post_mailing_queue_ids":[],"_links":{"self":[{"href":"https:\/\/projectes.xtec.cat\/tilc\/wp-json\/wp\/v2\/pages\/8392","targetHints":{"allow":["GET"]}}],"collection":[{"href":"https:\/\/projectes.xtec.cat\/tilc\/wp-json\/wp\/v2\/pages"}],"about":[{"href":"https:\/\/projectes.xtec.cat\/tilc\/wp-json\/wp\/v2\/types\/page"}],"author":[{"embeddable":true,"href":"https:\/\/projectes.xtec.cat\/tilc\/wp-json\/wp\/v2\/users\/4"}],"replies":[{"embeddable":true,"href":"https:\/\/projectes.xtec.cat\/tilc\/wp-json\/wp\/v2\/comments?post=8392"}],"version-history":[{"count":3,"href":"https:\/\/projectes.xtec.cat\/tilc\/wp-json\/wp\/v2\/pages\/8392\/revisions"}],"predecessor-version":[{"id":9867,"href":"https:\/\/projectes.xtec.cat\/tilc\/wp-json\/wp\/v2\/pages\/8392\/revisions\/9867"}],"up":[{"embeddable":true,"href":"https:\/\/projectes.xtec.cat\/tilc\/wp-json\/wp\/v2\/pages\/8382"}],"wp:attachment":[{"href":"https:\/\/projectes.xtec.cat\/tilc\/wp-json\/wp\/v2\/media?parent=8392"}],"curies":[{"name":"wp","href":"https:\/\/api.w.org\/{rel}","templated":true}]}}