{"id":8702,"date":"2020-11-12T15:12:04","date_gmt":"2020-11-12T14:12:04","guid":{"rendered":"https:\/\/projectes.xtec.cat\/tilc\/?page_id=8702"},"modified":"2021-02-07T11:37:32","modified_gmt":"2021-02-07T10:37:32","slug":"parlar-i-escoltar","status":"publish","type":"page","link":"https:\/\/projectes.xtec.cat\/tilc\/elements-tilc\/que-ensenyar\/habilitats-comunicatives-2\/parlar-i-escoltar\/","title":{"rendered":"Parlar i escoltar"},"content":{"rendered":"<h3><\/h3>\n<p><span style=\"font-weight: 400;\">L\u2019aula \u00e9s un espai de comunicaci\u00f3 oral, en el qual els alumnes interactuen entre si i amb el docent, per\u00f2 tamb\u00e9 reben i transmeten informaci\u00f3 o demostren qu\u00e8 han apr\u00e8s.\u00a0<\/span><\/p>\n<p><span style=\"font-weight: 400;\">Per tal que d\u2019aquestes activitats orals se\u2019n generi aprenentatge en tots els \u00e0mbits curriculars, cal entrenar els alumnes, que ja tenen un bon domini de la llengua oral en situacions quotidianes, per\u00f2 no necess\u00e0riament en aquelles situacions properes al m\u00f3n acad\u00e8mic, a parlar i escoltar (conversa explorat\u00f2ria i escolta activa).\u00a0<\/span><\/p>\n<p><span style=\"font-weight: 400;\">Diferenciem dos tipus de situacions d\u2019oralitat a l\u2019aula, en les quals es genera aprenentatge:<\/span><\/p>\n<p>&nbsp;<\/p>\n<p><a href=\"https:\/\/projectes.xtec.cat\/tilc\/wp-content\/uploads\/usu2098\/2021\/02\/Info_Comunicaci\u00f3-oral.jpeg\"><img loading=\"lazy\" decoding=\"async\" class=\"alignnone size-full wp-image-9848\" src=\"https:\/\/projectes.xtec.cat\/tilc\/wp-content\/uploads\/usu2098\/2021\/02\/Info_Comunicaci\u00f3-oral.jpeg\" alt=\"\" width=\"750\" height=\"800\" srcset=\"https:\/\/projectes.xtec.cat\/tilc\/wp-content\/uploads\/usu2098\/2021\/02\/Info_Comunicaci\u00f3-oral.jpeg 750w, https:\/\/projectes.xtec.cat\/tilc\/wp-content\/uploads\/usu2098\/2021\/02\/Info_Comunicaci\u00f3-oral-281x300.jpeg 281w\" sizes=\"auto, (max-width: 750px) 100vw, 750px\" \/><\/a><\/p>\n","protected":false},"excerpt":{"rendered":"<p>L\u2019aula \u00e9s un espai de comunicaci\u00f3 oral, en el qual els alumnes interactuen entre si i amb el docent, per\u00f2 tamb\u00e9 reben i transmeten informaci\u00f3 o demostren qu\u00e8 han apr\u00e8s.\u00a0<br \/>\nPer tal que d\u2019aquestes activitats orals se\u2019n generi aprenentatge en tots els \u00e0mbits curriculars, cal entrenar&hellip;  <a href=\"https:\/\/projectes.xtec.cat\/tilc\/elements-tilc\/que-ensenyar\/habilitats-comunicatives-2\/parlar-i-escoltar\/\" title=\"Read Parlar i escoltar\">Llegeix m\u00e9s\u00bb<\/a><\/p>\n","protected":false},"author":4,"featured_media":0,"parent":8728,"menu_order":0,"comment_status":"closed","ping_status":"closed","template":"","meta":{"_bbp_topic_count":0,"_bbp_reply_count":0,"_bbp_total_topic_count":0,"_bbp_total_reply_count":0,"_bbp_voice_count":0,"_bbp_anonymous_reply_count":0,"_bbp_topic_count_hidden":0,"_bbp_reply_count_hidden":0,"_bbp_forum_subforum_count":0,"footnotes":""},"class_list":["post-8702","page","type-page","status-publish","hentry"],"post_mailing_queue_ids":[],"_links":{"self":[{"href":"https:\/\/projectes.xtec.cat\/tilc\/wp-json\/wp\/v2\/pages\/8702","targetHints":{"allow":["GET"]}}],"collection":[{"href":"https:\/\/projectes.xtec.cat\/tilc\/wp-json\/wp\/v2\/pages"}],"about":[{"href":"https:\/\/projectes.xtec.cat\/tilc\/wp-json\/wp\/v2\/types\/page"}],"author":[{"embeddable":true,"href":"https:\/\/projectes.xtec.cat\/tilc\/wp-json\/wp\/v2\/users\/4"}],"replies":[{"embeddable":true,"href":"https:\/\/projectes.xtec.cat\/tilc\/wp-json\/wp\/v2\/comments?post=8702"}],"version-history":[{"count":4,"href":"https:\/\/projectes.xtec.cat\/tilc\/wp-json\/wp\/v2\/pages\/8702\/revisions"}],"predecessor-version":[{"id":9850,"href":"https:\/\/projectes.xtec.cat\/tilc\/wp-json\/wp\/v2\/pages\/8702\/revisions\/9850"}],"up":[{"embeddable":true,"href":"https:\/\/projectes.xtec.cat\/tilc\/wp-json\/wp\/v2\/pages\/8728"}],"wp:attachment":[{"href":"https:\/\/projectes.xtec.cat\/tilc\/wp-json\/wp\/v2\/media?parent=8702"}],"curies":[{"name":"wp","href":"https:\/\/api.w.org\/{rel}","templated":true}]}}

<h3></h3>
<p><span style="font-weight: 400;">L’aula és un espai de comunicació oral, en el qual els alumnes interactuen entre si i amb el docent, però també reben i transmeten informació o demostren què han après. </span></p>
<p><span style="font-weight: 400;">Per tal que d’aquestes activitats orals se’n generi aprenentatge en tots els àmbits curriculars, cal entrenar els alumnes, que ja tenen un bon domini de la llengua oral en situacions quotidianes, però no necessàriament en aquelles situacions properes al món acadèmic, a parlar i escoltar (conversa exploratòria i escolta activa). </span></p>
<p><span style="font-weight: 400;">Diferenciem dos tipus de situacions d’oralitat a l’aula, en les quals es genera aprenentatge:</span></p>
<p>&nbsp;</p>
<p><a href="https://projectes.xtec.cat/tilc/wp-content/uploads/usu2098/2021/02/Info_Comunicació-oral.jpeg"><img loading="lazy" decoding="async" class="alignnone size-full wp-image-9848" src="https://projectes.xtec.cat/tilc/wp-content/uploads/usu2098/2021/02/Info_Comunicació-oral.jpeg" alt="" width="750" height="800" srcset="https://projectes.xtec.cat/tilc/wp-content/uploads/usu2098/2021/02/Info_Comunicació-oral.jpeg 750w, https://projectes.xtec.cat/tilc/wp-content/uploads/usu2098/2021/02/Info_Comunicació-oral-281x300.jpeg 281w" sizes="auto, (max-width: 750px) 100vw, 750px" /></a></p>

<p>L’aula és un espai de comunicació oral, en el qual els alumnes interactuen entre si i amb el docent, però també reben i transmeten informació o demostren què han après. <br />
Per tal que d’aquestes activitats orals se’n generi aprenentatge en tots els àmbits curriculars, cal entrenar&hellip;  <a href="https://projectes.xtec.cat/tilc/elements-tilc/que-ensenyar/habilitats-comunicatives-2/parlar-i-escoltar/" title="Read Parlar i escoltar">Llegeix més»</a></p>
