{"id":8350,"date":"2017-01-30T11:17:52","date_gmt":"2017-01-30T10:17:52","guid":{"rendered":"http:\/\/agora.xtec.cat\/formacio\/transferinn\/?page_id=8350"},"modified":"2018-06-20T19:47:27","modified_gmt":"2018-06-20T17:47:27","slug":"eventos","status":"publish","type":"page","link":"https:\/\/projectes.xtec.cat\/transferinn\/actualidad\/eventos\/","title":{"rendered":"Agenda de actividades"},"content":{"rendered":"<hr \/>\n<p><span style=\"text-decoration: underline;\">Jornada en Torrebesses.\u00a0<span id=\"m_-8239668448970013656:2oq.3\">Nodos<\/span>\u00a0de\u00a0<span id=\"m_-8239668448970013656:2oq.4\">Turismo<\/span>,\u00a0<span id=\"m_-8239668448970013656:2oq.5\">agroalimentario<\/span>\u00a0y\u00a0<span id=\"m_-8239668448970013656:2oq.6\">fabricaci\u00f3n<\/span>\u00a0<span id=\"m_-8239668448970013656:2oq.7\">avanzada<\/span><br \/>\n<\/span><\/p>\n<p>Fecha: 13\/06\/2018 y 14\/06\/2018<\/p>\n<p>Lugar: Torrebesses<\/p>\n<hr \/>\n<p><span style=\"text-decoration: underline;\">Reuni\u00f3n de seguimiento del proyecto TransferINN<br \/>\n<\/span><\/p>\n<p>Fecha: 14\/03\/2018<\/p>\n<p>Lugar: Markina- Xemein<\/p>\n<hr \/>\n<p><span style=\"text-decoration: underline;\">Jornada del Nodo de Fabricaci\u00f3n Avanzada (grupo 1)<br \/>\n<\/span><\/p>\n<p>Fecha: 14\/03\/2018<\/p>\n<p>Lugar: Markina- Xemein<\/p>\n<hr \/>\n<p><span style=\"text-decoration: underline;\">2a reuni\u00f3n de coordinaci\u00f3n del nodo Agroalimentario<br \/>\n<\/span><\/p>\n<p>Fecha: 10\/03\/2018<\/p>\n<p>Lugar: Tarbes<\/p>\n<hr \/>\n<p><span style=\"text-decoration: underline;\">2a reuni\u00f3n de coordinaci\u00f3n del nodo de Turismo<br \/>\n<\/span><\/p>\n<p>Fecha: 09\/03\/2018<\/p>\n<p>Lugar: Tarbes<\/p>\n<hr \/>\n<p><span style=\"text-decoration: underline;\">2a Reuni\u00f3n del Nodo de Alimentaci\u00f3n y Turismo<br \/>\n<\/span><\/p>\n<p>Fecha: 12\/12\/2017<\/p>\n<p>Lugar: Sabadell<\/p>\n<hr \/>\n<p><span style=\"text-decoration: underline;\">Reuni\u00f3n de seguimiento del proyecto TransferINN<br \/>\n<\/span><\/p>\n<p>Fecha: Del 27\/09\/2017 al 29\/09\/2017<\/p>\n<p>Lugar: Ariege<\/p>\n<hr \/>\n<p><span style=\"text-decoration: underline;\">1a reuni\u00f3n de coordinaci\u00f3n de los nodos de Turismo, Agroalimentaci\u00f3n y Fabricaci\u00f3n Avanzada (grupo 2)<br \/>\n<\/span><\/p>\n<p>Fecha: 19\/04\/2017<\/p>\n<p>Lugar: Perpignan<\/p>\n<hr \/>\n<p><span style=\"text-decoration: underline;\">Reuni\u00f3n de seguimiento del proyecto TransferINN<br \/>\n<\/span><\/p>\n<p>Fecha: 02\/03\/2017 y 03\/03\/2017<\/p>\n<p>Lugar: Barcelona<\/p>\n<hr \/>\n<p><span style=\"text-decoration: underline;\">Foro con entidades promotoras de la innovaci\u00f3n e internacionalizaci\u00f3n<\/span><\/p>\n<p>Fecha:\u00a021\/02\/2017<\/p>\n<p>Lugar:\u00a0Lleida<\/p>\n<hr \/>\n<p><span style=\"text-decoration: underline;\">Jornada de presentaci\u00f3n del proyecto TransferINN a las empresas, centros tecnol\u00f3gicos e institutos de formaci\u00f3n profesional de Catalunya<\/span><\/p>\n<p>Fecha: 24\/11\/2016<\/p>\n<p>Lugar: Vic<\/p>\n<hr \/>\n<p><span style=\"text-decoration: underline;\">Jornada de Lanzamiento del proyecto TransferINN<\/span><\/p>\n<p>Fecha: 14\/09\/2016<\/p>\n<p>Lugar: Markina &#8211; Xemein<\/p>\n<hr \/>\n<p>&nbsp;<\/p>\n","protected":false},"excerpt":{"rendered":"<p>Jornada en Torrebesses.\u00a0Nodos\u00a0de\u00a0Turismo,\u00a0agroalimentario\u00a0y\u00a0fabricaci\u00f3n\u00a0avanzada<\/p>\n<p>Fecha: 13\/06\/2018 y 14\/06\/2018<br \/>\nLugar: Torrebesses<\/p>\n<p>Reuni\u00f3n de seguimiento del proyecto TransferINN<\/p>\n<p>Fecha: 14\/03\/2018<br \/>\nLugar: Markina- Xemein<\/p>\n<p>Jornada del Nodo de Fabricaci\u00f3n Avanzada (grupo 1)<\/p>\n<p>Fecha: 14\/03\/2018<br \/>\nLugar: Markina- Xemein<\/p>\n<p>2a reuni\u00f3n de coordinaci\u00f3n del nodo Agroalimentario<\/p>\n<p>Fecha: 10\/03\/2018<br \/>\nLugar: Tarbes<\/p>\n<p>2a reuni\u00f3n de coordinaci\u00f3n del nodo de Turismo<\/p>\n<p>Fecha: 09\/03\/2018<br \/>\nLugar: Tarbes<\/p>\n<p>2a Reuni\u00f3n del Nodo&hellip;  <a href=\"https:\/\/projectes.xtec.cat\/transferinn\/actualidad\/eventos\/\" title=\"Read Agenda de actividades\">Llegeix m\u00e9s\u00bb<\/a><\/p>\n","protected":false},"author":1,"featured_media":0,"parent":8348,"menu_order":20,"comment_status":"closed","ping_status":"closed","template":"","meta":{"_bbp_topic_count":0,"_bbp_reply_count":0,"_bbp_total_topic_count":0,"_bbp_total_reply_count":0,"_bbp_voice_count":0,"_bbp_anonymous_reply_count":0,"_bbp_topic_count_hidden":0,"_bbp_reply_count_hidden":0,"_bbp_forum_subforum_count":0,"footnotes":""},"class_list":["post-8350","page","type-page","status-publish","hentry"],"post_mailing_queue_ids":[],"_links":{"self":[{"href":"https:\/\/projectes.xtec.cat\/transferinn\/wp-json\/wp\/v2\/pages\/8350","targetHints":{"allow":["GET"]}}],"collection":[{"href":"https:\/\/projectes.xtec.cat\/transferinn\/wp-json\/wp\/v2\/pages"}],"about":[{"href":"https:\/\/projectes.xtec.cat\/transferinn\/wp-json\/wp\/v2\/types\/page"}],"author":[{"embeddable":true,"href":"https:\/\/projectes.xtec.cat\/transferinn\/wp-json\/wp\/v2\/users\/1"}],"replies":[{"embeddable":true,"href":"https:\/\/projectes.xtec.cat\/transferinn\/wp-json\/wp\/v2\/comments?post=8350"}],"version-history":[{"count":3,"href":"https:\/\/projectes.xtec.cat\/transferinn\/wp-json\/wp\/v2\/pages\/8350\/revisions"}],"predecessor-version":[{"id":9114,"href":"https:\/\/projectes.xtec.cat\/transferinn\/wp-json\/wp\/v2\/pages\/8350\/revisions\/9114"}],"up":[{"embeddable":true,"href":"https:\/\/projectes.xtec.cat\/transferinn\/wp-json\/wp\/v2\/pages\/8348"}],"wp:attachment":[{"href":"https:\/\/projectes.xtec.cat\/transferinn\/wp-json\/wp\/v2\/media?parent=8350"}],"curies":[{"name":"wp","href":"https:\/\/api.w.org\/{rel}","templated":true}]}}