{"id":8833,"date":"2017-07-04T17:58:01","date_gmt":"2017-07-04T15:58:01","guid":{"rendered":"http:\/\/projectes.xtec.cat\/transferinn\/?page_id=8833"},"modified":"2017-12-04T18:20:23","modified_gmt":"2017-12-04T17:20:23","slug":"participants","status":"publish","type":"page","link":"https:\/\/projectes.xtec.cat\/transferinn\/membres-2\/participants\/","title":{"rendered":"Participants"},"content":{"rendered":"<p>El projecte TransferINN\u00a0vol generar un ecosistema d&#8217;innovaci\u00f3\u00a0a l&#8217;\u00e0rea transfronterera que permeti la transfer\u00e8ncia del coneixement existent en Centres Tecnol\u00f2gics, Universitats, etc. al sector empresarial com a mecanismes per facilitar un major aprofitament dels resultats de la I+D+i.<\/p>\n<p>Els participants d&#8217;aquest projecte s\u00f3n diversos en funci\u00f3 del seu grau d&#8217;implicaci\u00f3 en el mateix:<\/p>\n<table class=\"noborder\" style=\"height: 200px; width: 806px;\">\n<tbody>\n<tr>\n<td style=\"width: 80px;\"><a href=\"http:\/\/projectes.xtec.cat\/transferinn\/wp-content\/uploads\/usu81\/2017\/02\/Link-Company-Parent.png\"><img loading=\"lazy\" decoding=\"async\" class=\"alignnone size-full wp-image-8520\" src=\"http:\/\/projectes.xtec.cat\/transferinn\/wp-content\/uploads\/usu81\/2017\/02\/Link-Company-Parent.png\" alt=\"link-company-parent\" width=\"100\" height=\"100\" \/><\/a><\/td>\n<td style=\"width: 602px;\"><span style=\"font-size: 12pt;\">Les microempreses, petites i mitjanes empreses disposaran d&#8217;un major coneixement de la oferta de serveis de centres tecnol\u00f2gics\u00a0i universitats, de manera que podran incorporar eines\u00a0i instruments, contribuint a millorar la seva competitivitat.<\/span><\/td>\n<\/tr>\n<tr>\n<td style=\"width: 80px;\"><a href=\"http:\/\/projectes.xtec.cat\/transferinn\/wp-content\/uploads\/usu81\/2017\/01\/Microscope.png\"><img loading=\"lazy\" decoding=\"async\" class=\"alignnone size-full wp-image-8521\" src=\"http:\/\/projectes.xtec.cat\/transferinn\/wp-content\/uploads\/usu81\/2017\/01\/Microscope.png\" alt=\"microscope\" width=\"100\" height=\"100\" \/><\/a><\/td>\n<td style=\"width: 602px;\"><span style=\"font-size: 12pt;\">Centres tecnol\u00f2gics, instituts de formaci\u00f3 professional\u00a0i universitats: desenvolupadors d&#8217;investigacions\u00a0i estudis innovadors de coneixements tecnol\u00f2gics de diversos camps que puguin transferir a les empreses per a la seva comercialitzaci\u00f3.<\/span><\/td>\n<\/tr>\n<tr>\n<td style=\"width: 80px;\"><a href=\"http:\/\/projectes.xtec.cat\/transferinn\/wp-content\/uploads\/usu81\/2017\/02\/Einstein.png\"><img loading=\"lazy\" decoding=\"async\" class=\"alignnone size-full wp-image-8523\" src=\"http:\/\/projectes.xtec.cat\/transferinn\/wp-content\/uploads\/usu81\/2017\/02\/Einstein.png\" alt=\"einstein\" width=\"100\" height=\"100\" \/><\/a><\/td>\n<td style=\"width: 602px;\"><span style=\"font-size: 12pt;\">Agents i gestors d&#8217;innovaci\u00f3.<\/span><\/td>\n<\/tr>\n<\/tbody>\n<\/table>\n","protected":false},"excerpt":{"rendered":"<p>El projecte TransferINN\u00a0vol generar un ecosistema d&#8217;innovaci\u00f3\u00a0a l&#8217;\u00e0rea transfronterera que permeti la transfer\u00e8ncia del coneixement existent en Centres Tecnol\u00f2gics, Universitats, etc. al sector empresarial com a mecanismes per facilitar un major aprofitament dels resultats de la I+D+i.<br \/>\nEls participants d&#8217;aquest projecte s\u00f3n diversos en funci\u00f3 del&hellip;  <a href=\"https:\/\/projectes.xtec.cat\/transferinn\/membres-2\/participants\/\" title=\"Read Participants\">Llegeix m\u00e9s\u00bb<\/a><\/p>\n","protected":false},"author":1,"featured_media":0,"parent":8821,"menu_order":20,"comment_status":"closed","ping_status":"closed","template":"","meta":{"_bbp_topic_count":0,"_bbp_reply_count":0,"_bbp_total_topic_count":0,"_bbp_total_reply_count":0,"_bbp_voice_count":0,"_bbp_anonymous_reply_count":0,"_bbp_topic_count_hidden":0,"_bbp_reply_count_hidden":0,"_bbp_forum_subforum_count":0,"footnotes":""},"class_list":["post-8833","page","type-page","status-publish","hentry"],"post_mailing_queue_ids":[],"_links":{"self":[{"href":"https:\/\/projectes.xtec.cat\/transferinn\/wp-json\/wp\/v2\/pages\/8833","targetHints":{"allow":["GET"]}}],"collection":[{"href":"https:\/\/projectes.xtec.cat\/transferinn\/wp-json\/wp\/v2\/pages"}],"about":[{"href":"https:\/\/projectes.xtec.cat\/transferinn\/wp-json\/wp\/v2\/types\/page"}],"author":[{"embeddable":true,"href":"https:\/\/projectes.xtec.cat\/transferinn\/wp-json\/wp\/v2\/users\/1"}],"replies":[{"embeddable":true,"href":"https:\/\/projectes.xtec.cat\/transferinn\/wp-json\/wp\/v2\/comments?post=8833"}],"version-history":[{"count":3,"href":"https:\/\/projectes.xtec.cat\/transferinn\/wp-json\/wp\/v2\/pages\/8833\/revisions"}],"predecessor-version":[{"id":8963,"href":"https:\/\/projectes.xtec.cat\/transferinn\/wp-json\/wp\/v2\/pages\/8833\/revisions\/8963"}],"up":[{"embeddable":true,"href":"https:\/\/projectes.xtec.cat\/transferinn\/wp-json\/wp\/v2\/pages\/8821"}],"wp:attachment":[{"href":"https:\/\/projectes.xtec.cat\/transferinn\/wp-json\/wp\/v2\/media?parent=8833"}],"curies":[{"name":"wp","href":"https:\/\/api.w.org\/{rel}","templated":true}]}}