{"id":8856,"date":"2017-07-04T18:08:09","date_gmt":"2017-07-04T16:08:09","guid":{"rendered":"http:\/\/projectes.xtec.cat\/transferinn\/?page_id=8856"},"modified":"2017-12-04T17:36:27","modified_gmt":"2017-12-04T16:36:27","slug":"arees-prioritaries","status":"publish","type":"page","link":"https:\/\/projectes.xtec.cat\/transferinn\/transferinn-cat\/arees-prioritaries\/","title":{"rendered":"\u00c0rees priorit\u00e0ries"},"content":{"rendered":"<p>L&#8217;\u00e0mbit d&#8217;actuaci\u00f3 dels socis participants en el projecte es centra en\u00a0la millora de la competitivitat de les empreses des de diferents\u00a0sectors; a destacar com prioritaris els seg\u00fcents:<\/p>\n<table class=\"noborder\" style=\"height: 200px; width: 761px;\">\n<tbody>\n<tr>\n<td style=\"width: 80px;\"><a href=\"http:\/\/google.com?s=energy\"><img loading=\"lazy\" decoding=\"async\" class=\"alignnone size-large wp-image-8471\" src=\"http:\/\/projectes.xtec.cat\/transferinn\/wp-content\/uploads\/usu81\/2017\/01\/Globe-Bulb-48.png\" alt=\"globe-bulb-48\" width=\"48\" height=\"48\" \/><\/a><\/td>\n<td style=\"width: 556px;\"><span style=\"font-size: 14pt;\">Energia<\/span><\/td>\n<\/tr>\n<tr>\n<td style=\"width: 80px;\"><a href=\"http:\/\/projectes.xtec.cat\/transferinn\/wp-content\/uploads\/usu81\/2017\/01\/CNC-Machine-48.png\"><img loading=\"lazy\" decoding=\"async\" class=\"alignnone size-large wp-image-8478\" src=\"http:\/\/projectes.xtec.cat\/transferinn\/wp-content\/uploads\/usu81\/2017\/01\/CNC-Machine-48.png\" alt=\"cnc-machine-48\" width=\"48\" height=\"48\" \/><\/a><\/td>\n<td style=\"width: 556px;\"><span style=\"font-size: 14pt;\">Fabricaci\u00f3 avan\u00e7ada (metall, b\u00e9ns i equipaments, transport)<\/span><\/td>\n<\/tr>\n<tr>\n<td style=\"width: 80px;\"><a href=\"http:\/\/projectes.xtec.cat\/transferinn\/wp-content\/uploads\/usu81\/2017\/01\/Heart-Health-48.png\"><img loading=\"lazy\" decoding=\"async\" class=\"alignnone size-full wp-image-8470\" src=\"http:\/\/projectes.xtec.cat\/transferinn\/wp-content\/uploads\/usu81\/2017\/01\/Heart-Health-48.png\" alt=\"heart-health-48\" width=\"48\" height=\"48\" \/><\/a><\/td>\n<td style=\"width: 556px;\"><span style=\"font-size: 14pt;\">Bioci\u00e8ncies\/salut<\/span><\/td>\n<\/tr>\n<tr>\n<td style=\"width: 80px;\">\u00a0<a href=\"http:\/\/projectes.xtec.cat\/transferinn\/wp-content\/uploads\/usu81\/2017\/01\/Organic-Food-48.png\"><img loading=\"lazy\" decoding=\"async\" class=\"alignnone size-full wp-image-8469\" src=\"http:\/\/projectes.xtec.cat\/transferinn\/wp-content\/uploads\/usu81\/2017\/01\/Organic-Food-48.png\" alt=\"organic-food-48\" width=\"48\" height=\"48\" \/><\/a><\/td>\n<td style=\"width: 556px;\"><span style=\"font-size: 14pt;\">Ind\u00fastria agroaliment\u00e0ria lligada a la sostenibilitat i a l&#8217;entorn hum\u00e0.<\/span><\/td>\n<\/tr>\n<\/tbody>\n<\/table>\n<p>En aquest sentit el projecte es dirigeix a\u00a0tres grups en concret:<\/p>\n<table class=\"noborder\" style=\"width: 756px;\">\n<tbody>\n<tr>\n<td style=\"width: 67px;\"><a href=\"http:\/\/projectes.xtec.cat\/transferinn\/wp-content\/uploads\/usu81\/2017\/01\/Department-48.png\"><img loading=\"lazy\" decoding=\"async\" class=\"alignnone size-full wp-image-8477\" src=\"http:\/\/projectes.xtec.cat\/transferinn\/wp-content\/uploads\/usu81\/2017\/01\/Department-48.png\" alt=\"department-48\" width=\"48\" height=\"48\" \/><\/a><\/td>\n<td style=\"width: 681px;\"><span style=\"font-size: 12pt;\"><strong>Grup 1:<\/strong>\u00a0Microempreses i petites i mitjanes empreses de l&#8217;\u00e0rea trasfronterera. Espec\u00edficament microempreses, petites i mitjanes empreses din\u00e0miques que han desenvolupat projectes de I+D+i per\u00f2 que no disposen d&#8217;estrat\u00e8gies ni mecanismes sistem\u00e0tics d&#8217;innovaci\u00f3.<\/span><\/td>\n<\/tr>\n<tr>\n<td style=\"width: 67px;\"><a href=\"http:\/\/projectes.xtec.cat\/transferinn\/wp-content\/uploads\/usu81\/2017\/01\/Businessman-48.png\"><img loading=\"lazy\" decoding=\"async\" class=\"alignnone size-full wp-image-8476\" src=\"http:\/\/projectes.xtec.cat\/transferinn\/wp-content\/uploads\/usu81\/2017\/01\/Businessman-48.png\" alt=\"businessman-48\" width=\"48\" height=\"48\" \/><\/a><\/td>\n<td style=\"width: 681px;\"><span style=\"font-size: 12pt;\"><strong><br \/>\nGrup 2<\/strong>: Emprenedors que disposin de projectes d&#8217;innovaci\u00f3.<\/span><\/td>\n<\/tr>\n<tr>\n<td style=\"width: 67px;\"><a href=\"http:\/\/projectes.xtec.cat\/transferinn\/wp-content\/uploads\/usu81\/2017\/01\/Innovation-48.png\"><img loading=\"lazy\" decoding=\"async\" class=\"alignnone size-full wp-image-8475\" src=\"http:\/\/projectes.xtec.cat\/transferinn\/wp-content\/uploads\/usu81\/2017\/01\/Innovation-48.png\" alt=\"innovation-48\" width=\"48\" height=\"48\" \/><\/a><\/td>\n<td style=\"width: 681px;\">&nbsp;<\/p>\n<p><span style=\"font-size: 12pt;\"><strong>Grup 3:<\/strong>\u00a0Persones\u00a0amb inter\u00e8s\u00a0i capacitats per formar-se com Gestores d&#8217;Innovaci\u00f3 i Internacionalitzaci\u00f3.<\/span><\/td>\n<\/tr>\n<\/tbody>\n<\/table>\n","protected":false},"excerpt":{"rendered":"<p>L&#8217;\u00e0mbit d&#8217;actuaci\u00f3 dels socis participants en el projecte es centra en\u00a0la millora de la competitivitat de les empreses des de diferents\u00a0sectors; a destacar com prioritaris els seg\u00fcents:<\/p>\n<p><a href=\"http:\/\/google.com?s=energy\"><\/a><br \/>\nEnergia<\/p>\n<p><a href=\"http:\/\/projectes.xtec.cat\/transferinn\/wp-content\/uploads\/usu81\/2017\/01\/CNC-Machine-48.png\"><\/a><br \/>\nFabricaci\u00f3 avan\u00e7ada (metall, b\u00e9ns i equipaments, transport)<\/p>\n<p><a href=\"http:\/\/projectes.xtec.cat\/transferinn\/wp-content\/uploads\/usu81\/2017\/01\/Heart-Health-48.png\"><\/a><br \/>\nBioci\u00e8ncies\/salut<\/p>\n<p>\u00a0<a href=\"http:\/\/projectes.xtec.cat\/transferinn\/wp-content\/uploads\/usu81\/2017\/01\/Organic-Food-48.png\"><\/a><br \/>\nInd\u00fastria agroaliment\u00e0ria lligada a la sostenibilitat i a l&#8217;entorn&hellip;  <a href=\"https:\/\/projectes.xtec.cat\/transferinn\/transferinn-cat\/arees-prioritaries\/\" title=\"Read \u00c0rees priorit\u00e0ries\">Llegeix m\u00e9s\u00bb<\/a><\/p>\n","protected":false},"author":1,"featured_media":0,"parent":8840,"menu_order":30,"comment_status":"closed","ping_status":"closed","template":"","meta":{"_bbp_topic_count":0,"_bbp_reply_count":0,"_bbp_total_topic_count":0,"_bbp_total_reply_count":0,"_bbp_voice_count":0,"_bbp_anonymous_reply_count":0,"_bbp_topic_count_hidden":0,"_bbp_reply_count_hidden":0,"_bbp_forum_subforum_count":0,"footnotes":""},"class_list":["post-8856","page","type-page","status-publish","hentry"],"post_mailing_queue_ids":[],"_links":{"self":[{"href":"https:\/\/projectes.xtec.cat\/transferinn\/wp-json\/wp\/v2\/pages\/8856","targetHints":{"allow":["GET"]}}],"collection":[{"href":"https:\/\/projectes.xtec.cat\/transferinn\/wp-json\/wp\/v2\/pages"}],"about":[{"href":"https:\/\/projectes.xtec.cat\/transferinn\/wp-json\/wp\/v2\/types\/page"}],"author":[{"embeddable":true,"href":"https:\/\/projectes.xtec.cat\/transferinn\/wp-json\/wp\/v2\/users\/1"}],"replies":[{"embeddable":true,"href":"https:\/\/projectes.xtec.cat\/transferinn\/wp-json\/wp\/v2\/comments?post=8856"}],"version-history":[{"count":3,"href":"https:\/\/projectes.xtec.cat\/transferinn\/wp-json\/wp\/v2\/pages\/8856\/revisions"}],"predecessor-version":[{"id":8949,"href":"https:\/\/projectes.xtec.cat\/transferinn\/wp-json\/wp\/v2\/pages\/8856\/revisions\/8949"}],"up":[{"embeddable":true,"href":"https:\/\/projectes.xtec.cat\/transferinn\/wp-json\/wp\/v2\/pages\/8840"}],"wp:attachment":[{"href":"https:\/\/projectes.xtec.cat\/transferinn\/wp-json\/wp\/v2\/media?parent=8856"}],"curies":[{"name":"wp","href":"https:\/\/api.w.org\/{rel}","templated":true}]}}