{"id":8264,"date":"2022-06-07T11:51:39","date_gmt":"2022-06-07T09:51:39","guid":{"rendered":"https:\/\/projectes.xtec.cat\/usdelallengua\/?page_id=8264"},"modified":"2022-08-04T12:15:50","modified_gmt":"2022-08-04T10:15:50","slug":"contacte","status":"publish","type":"page","link":"https:\/\/projectes.xtec.cat\/usdelallengua\/contacte\/","title":{"rendered":"Contacte"},"content":{"rendered":"<p>usosling@xtec.cat<\/p>\n<p>Servei de Suports i Recursos Ling\u00fc\u00edstics<br \/>\nSubdirecci\u00f3 General de Lleng\u00fces<br \/>\nDirecci\u00f3 General d&#8217;Innovaci\u00f3, Digitalitzaci\u00f3, Curr\u00edculum i Lleng\u00fces<\/p>\n","protected":false},"excerpt":{"rendered":"<p>usosling@xtec.cat<br \/>\nServei de Suports i Recursos Ling\u00fc\u00edstics<br \/>\nSubdirecci\u00f3 General de Lleng\u00fces<br \/>\nDirecci\u00f3 General d&#8217;Innovaci\u00f3, Digitalitzaci\u00f3, Curr\u00edculum i Lleng\u00fces<\/p>\n","protected":false},"author":1,"featured_media":0,"parent":0,"menu_order":0,"comment_status":"closed","ping_status":"closed","template":"","meta":{"_bbp_topic_count":0,"_bbp_reply_count":0,"_bbp_total_topic_count":0,"_bbp_total_reply_count":0,"_bbp_voice_count":0,"_bbp_anonymous_reply_count":0,"_bbp_topic_count_hidden":0,"_bbp_reply_count_hidden":0,"_bbp_forum_subforum_count":0,"footnotes":""},"class_list":["post-8264","page","type-page","status-publish","hentry"],"post_mailing_queue_ids":[],"_links":{"self":[{"href":"https:\/\/projectes.xtec.cat\/usdelallengua\/wp-json\/wp\/v2\/pages\/8264","targetHints":{"allow":["GET"]}}],"collection":[{"href":"https:\/\/projectes.xtec.cat\/usdelallengua\/wp-json\/wp\/v2\/pages"}],"about":[{"href":"https:\/\/projectes.xtec.cat\/usdelallengua\/wp-json\/wp\/v2\/types\/page"}],"author":[{"embeddable":true,"href":"https:\/\/projectes.xtec.cat\/usdelallengua\/wp-json\/wp\/v2\/users\/1"}],"replies":[{"embeddable":true,"href":"https:\/\/projectes.xtec.cat\/usdelallengua\/wp-json\/wp\/v2\/comments?post=8264"}],"version-history":[{"count":3,"href":"https:\/\/projectes.xtec.cat\/usdelallengua\/wp-json\/wp\/v2\/pages\/8264\/revisions"}],"predecessor-version":[{"id":8608,"href":"https:\/\/projectes.xtec.cat\/usdelallengua\/wp-json\/wp\/v2\/pages\/8264\/revisions\/8608"}],"wp:attachment":[{"href":"https:\/\/projectes.xtec.cat\/usdelallengua\/wp-json\/wp\/v2\/media?parent=8264"}],"curies":[{"name":"wp","href":"https:\/\/api.w.org\/{rel}","templated":true}]}}