{"id":9131,"date":"2023-04-12T11:11:08","date_gmt":"2023-04-12T09:11:08","guid":{"rendered":"https:\/\/projectes.xtec.cat\/usdelallengua\/?page_id=9131"},"modified":"2023-04-12T15:01:57","modified_gmt":"2023-04-12T13:01:57","slug":"activem-nos-pel-catala","status":"publish","type":"page","link":"https:\/\/projectes.xtec.cat\/usdelallengua\/activem-nos-pel-catala\/","title":{"rendered":"ACTIVEM-NOS PEL CATAL\u00c0"},"content":{"rendered":"<p><a href=\"https:\/\/projectes.xtec.cat\/usdelallengua\/wp-content\/uploads\/usu2313\/2023\/04\/lletres.png\"><img loading=\"lazy\" decoding=\"async\" class=\"alignleft wp-image-9161\" src=\"https:\/\/projectes.xtec.cat\/usdelallengua\/wp-content\/uploads\/usu2313\/2023\/04\/lletres-1024x355.png\" alt=\"\" width=\"624\" height=\"216\" srcset=\"https:\/\/projectes.xtec.cat\/usdelallengua\/wp-content\/uploads\/usu2313\/2023\/04\/lletres-1024x355.png 1024w, https:\/\/projectes.xtec.cat\/usdelallengua\/wp-content\/uploads\/usu2313\/2023\/04\/lletres-300x104.png 300w, https:\/\/projectes.xtec.cat\/usdelallengua\/wp-content\/uploads\/usu2313\/2023\/04\/lletres-768x266.png 768w, https:\/\/projectes.xtec.cat\/usdelallengua\/wp-content\/uploads\/usu2313\/2023\/04\/lletres.png 1093w\" sizes=\"auto, (max-width: 624px) 100vw, 624px\" \/><\/a><\/p>\n<p>&nbsp;<\/p>\n<p>&nbsp;<\/p>\n<p>&nbsp;<\/p>\n<p>&nbsp;<\/p>\n<p>&nbsp;<\/p>\n<p>&nbsp;<\/p>\n<div class=\"flip-card\" style=\"float: left; padding-right: 5px;width:300px;height:px !important'\">\r\n          <div class=\"flip-card-inner\"'>\r\n              <div class=\"flip-card-front\">\r\n\t\t\t     <h3><strong>Activem-nos pel catal\u00e0<\/strong><\/h3>\r\n                 <img decoding=\"async\" src=\"https:\/\/projectes.xtec.cat\/usdelallengua\/wp-content\/uploads\/usu2313\/2023\/04\/activemnos_catala_TW_1.png\" alt=\"\" \/>\r\n              <\/div>\r\n\t\t\t  <div class=\"flip-card-back\">\r\n\t\t\t\t  <h3><strong>Activem-nos pel catal\u00e0<\/strong><\/h3>\r\n\t\t\t\t  <p><em><strong>L'Hospitalet de Llobregat<\/strong><\/em><\/p>\n<p><em><strong>28 de mar\u00e7 del 2023<\/strong><\/em><\/p>\r\n\t\t\t\t  <a class='flip-card-button' style='background-color:' href=\"https:\/\/projectes.xtec.cat\/usdelallengua\/acte-activem-nos-pel-catala\/\" rel=\"noopener noreferrer\">Saber-ne m\u00e9s...<\/a>\r\n\t\t\t  <\/div>\r\n       <\/div>\r\n<\/div>\n<div class=\"flip-card\" style=\"float: left; padding-right: 5px;width:300px;height:px !important'\">\r\n          <div class=\"flip-card-inner\"'>\r\n              <div class=\"flip-card-front\">\r\n\t\t\t     <h3><strong>Mestres del catal\u00e0<\/strong><\/h3>\r\n                 <img decoding=\"async\" src=\"https:\/\/projectes.xtec.cat\/usdelallengua\/wp-content\/uploads\/usu2313\/2023\/04\/mestres-del-catala.png\" alt=\"\" \/>\r\n              <\/div>\r\n\t\t\t  <div class=\"flip-card-back\">\r\n\t\t\t\t  <h3><strong>Mestres del catal\u00e0<\/strong><\/h3>\r\n\t\t\t\t  <p><em><strong>\ud83d\udc65A l'escola nosaltres som mestres del catal\u00e0. I tu, a fora, tamb\u00e9 ho pots ser! Molt per parlar\ud83d\udc45, molt per viure\ud83d\udcab<\/strong><\/em><\/p>\r\n\t\t\t\t  <a class='flip-card-button' style='background-color:' href=\"https:\/\/projectes.xtec.cat\/usdelallengua\/mestres-del-catala\/\" rel=\"noopener noreferrer\">Saber-ne m\u00e9s...<\/a>\r\n\t\t\t  <\/div>\r\n       <\/div>\r\n<\/div>\n<div class=\"flip-card\" style=\"float: left; padding-right: 5px;width:300px;height:px !important'\">\r\n          <div class=\"flip-card-inner\"'>\r\n              <div class=\"flip-card-front\">\r\n\t\t\t     <h3><strong>Mapes d'accions<\/strong><\/h3>\r\n                 <img decoding=\"async\" src=\"https:\/\/projectes.xtec.cat\/usdelallengua\/wp-content\/uploads\/usu2313\/2023\/04\/IMG-20230328-WA0012-1024x768.jpg\" alt=\"\" \/>\r\n              <\/div>\r\n\t\t\t  <div class=\"flip-card-back\">\r\n\t\t\t\t  <h3><strong>Mapes d'accions<\/strong><\/h3>\r\n\t\t\t\t  <p><em><strong>Com podem assolir les nostres fites per promoure l'\u00fas del catal\u00e0?<\/strong><\/em><\/p>\r\n\t\t\t\t  <a class='flip-card-button' style='background-color:' href=\"https:\/\/projectes.xtec.cat\/usdelallengua\/categoria\/mapes-daccions\/\" rel=\"noopener noreferrer\">Saber-ne m\u00e9s...<\/a>\r\n\t\t\t  <\/div>\r\n       <\/div>\r\n<\/div>\n<div class=\"flip-card\" style=\"float: left; padding-right: 5px;width:300px;height:px !important'\">\r\n          <div class=\"flip-card-inner\"'>\r\n              <div class=\"flip-card-front\">\r\n\t\t\t     <h3><strong>Bones pr\u00e0ctiques dels centres educatius<\/strong><\/h3>\r\n                 <img decoding=\"async\" src=\"https:\/\/projectes.xtec.cat\/usdelallengua\/wp-content\/uploads\/usu2313\/2023\/04\/IMG_20230412_130111-1024x768.jpg\" alt=\"\" \/>\r\n              <\/div>\r\n\t\t\t  <div class=\"flip-card-back\">\r\n\t\t\t\t  <h3><strong>Bones pr\u00e0ctiques dels centres educatius<\/strong><\/h3>\r\n\t\t\t\t  <p>Compartim exp\u00e8riencies per promoure l'\u00fas del catal\u00e0 en l'\u00e0mbit educatiu<\/p>\r\n\t\t\t\t  <a class='flip-card-button' style='background-color:' href=\"https:\/\/projectes.xtec.cat\/usdelallengua\/categoria\/bones-practiques-dels-centres-educatius\/\" rel=\"noopener noreferrer\">Saber-ne m\u00e9s...<\/a>\r\n\t\t\t  <\/div>\r\n       <\/div>\r\n<\/div>\n<div class=\"flip-card\" style=\"float: left; padding-right: 5px;width:300px;height:px !important'\">\r\n          <div class=\"flip-card-inner\"'>\r\n              <div class=\"flip-card-front\">\r\n\t\t\t     <h3><strong>\u00c9s possible<\/strong><\/h3>\r\n                 <img decoding=\"async\" src=\"https:\/\/projectes.xtec.cat\/usdelallengua\/wp-content\/uploads\/usu2313\/2023\/04\/imatge-es-possible-1024x598.png\" alt=\"\" \/>\r\n              <\/div>\r\n\t\t\t  <div class=\"flip-card-back\">\r\n\t\t\t\t  <h3><strong>\u00c9s possible<\/strong><\/h3>\r\n\t\t\t\t  <p>Qu\u00e8 en pensen experts, docents, fam\u00edlies i alumnat? \u00c9s possible mantenir-se en l'\u00fas del catal\u00e0?<\/p>\r\n\t\t\t\t  <a class='flip-card-button' style='background-color:' href=\"https:\/\/projectes.xtec.cat\/usdelallengua\/categoria\/es-possible\/\" rel=\"noopener noreferrer\">Saber-ne m\u00e9s...<\/a>\r\n\t\t\t  <\/div>\r\n       <\/div>\r\n<\/div>\n<div class=\"flip-card\" style=\"float: left; padding-right: 5px;width:300px;height:px !important'\">\r\n          <div class=\"flip-card-inner\"'>\r\n              <div class=\"flip-card-front\">\r\n\t\t\t     <h3><strong>Entitats<\/strong><\/h3>\r\n                 <img decoding=\"async\" src=\"https:\/\/projectes.xtec.cat\/usdelallengua\/wp-content\/uploads\/usu2313\/2023\/04\/IMG_20230412_135840-1024x768.jpg\" alt=\"\" \/>\r\n              <\/div>\r\n\t\t\t  <div class=\"flip-card-back\">\r\n\t\t\t\t  <h3><strong>Entitats<\/strong><\/h3>\r\n\t\t\t\t  <p>Tallers i activitats per fomentar l'\u00fas de la llengua als centres educatius<\/p>\r\n\t\t\t\t  <a class='flip-card-button' style='background-color:' href=\"https:\/\/projectes.xtec.cat\/usdelallengua\/categoria\/entitats\/\" rel=\"noopener noreferrer\">Saber-ne m\u00e9s...<\/a>\r\n\t\t\t  <\/div>\r\n       <\/div>\r\n<\/div>\n<p>&nbsp;<\/p>\n<p>&nbsp;<\/p>\n","protected":false},"excerpt":{"rendered":"<p><a href=\"https:\/\/projectes.xtec.cat\/usdelallengua\/wp-content\/uploads\/usu2313\/2023\/04\/lletres.png\"><\/a><br \/>\n&nbsp;<br \/>\n&nbsp;<br \/>\n&nbsp;<br \/>\n&nbsp;<br \/>\n&nbsp;<br \/>\n&nbsp;<\/p>\n<p>\t\t\t     Entitats<br \/>\n              &hellip;  <a href=\"https:\/\/projectes.xtec.cat\/usdelallengua\/activem-nos-pel-catala\/\" title=\"Read ACTIVEM-NOS PEL CATAL\u00c0\">Llegeix m\u00e9s\u00bb<\/a><\/p>\n","protected":false},"author":1,"featured_media":0,"parent":0,"menu_order":0,"comment_status":"closed","ping_status":"closed","template":"","meta":{"_bbp_topic_count":0,"_bbp_reply_count":0,"_bbp_total_topic_count":0,"_bbp_total_reply_count":0,"_bbp_voice_count":0,"_bbp_anonymous_reply_count":0,"_bbp_topic_count_hidden":0,"_bbp_reply_count_hidden":0,"_bbp_forum_subforum_count":0,"footnotes":""},"class_list":["post-9131","page","type-page","status-publish","hentry"],"post_mailing_queue_ids":[],"_links":{"self":[{"href":"https:\/\/projectes.xtec.cat\/usdelallengua\/wp-json\/wp\/v2\/pages\/9131","targetHints":{"allow":["GET"]}}],"collection":[{"href":"https:\/\/projectes.xtec.cat\/usdelallengua\/wp-json\/wp\/v2\/pages"}],"about":[{"href":"https:\/\/projectes.xtec.cat\/usdelallengua\/wp-json\/wp\/v2\/types\/page"}],"author":[{"embeddable":true,"href":"https:\/\/projectes.xtec.cat\/usdelallengua\/wp-json\/wp\/v2\/users\/1"}],"replies":[{"embeddable":true,"href":"https:\/\/projectes.xtec.cat\/usdelallengua\/wp-json\/wp\/v2\/comments?post=9131"}],"version-history":[{"count":3,"href":"https:\/\/projectes.xtec.cat\/usdelallengua\/wp-json\/wp\/v2\/pages\/9131\/revisions"}],"predecessor-version":[{"id":9176,"href":"https:\/\/projectes.xtec.cat\/usdelallengua\/wp-json\/wp\/v2\/pages\/9131\/revisions\/9176"}],"wp:attachment":[{"href":"https:\/\/projectes.xtec.cat\/usdelallengua\/wp-json\/wp\/v2\/media?parent=9131"}],"curies":[{"name":"wp","href":"https:\/\/api.w.org\/{rel}","templated":true}]}}