{"id":9173,"date":"2023-04-12T14:53:33","date_gmt":"2023-04-12T12:53:33","guid":{"rendered":"https:\/\/projectes.xtec.cat\/usdelallengua\/?page_id=9173"},"modified":"2023-04-17T08:36:06","modified_gmt":"2023-04-17T06:36:06","slug":"mestres-del-catala","status":"publish","type":"page","link":"https:\/\/projectes.xtec.cat\/usdelallengua\/mestres-del-catala\/","title":{"rendered":"Mestres del catal\u00e0"},"content":{"rendered":"<p><iframe loading=\"lazy\" title=\"SOM MESTRES DEL CATAL\u00c0\" width=\"500\" height=\"281\" src=\"https:\/\/www.youtube.com\/embed\/mEyQxtTAUGI?feature=oembed\" frameborder=\"0\" allow=\"accelerometer; autoplay; clipboard-write; encrypted-media; gyroscope; picture-in-picture; web-share\" referrerpolicy=\"strict-origin-when-cross-origin\" allowfullscreen><\/iframe><\/p>\n<p>El Departament d&#8217;Educaci\u00f3 ha posat en marxa el programa &#8216;Activem-nos pel catal\u00e0&#8217; que t\u00e9 l&#8217;objectiu d&#8217;engegar accions concretes en escoles i instituts per potenciar l&#8217;\u00fas del catal\u00e0. El v\u00eddeo &#8216;Som mestres del catal\u00e0&#8217; vol donar suport a aquest programa.<\/p>\n<p>&nbsp;<\/p>\n","protected":false},"excerpt":{"rendered":"<p>El Departament d&#8217;Educaci\u00f3 ha posat en marxa el programa &#8216;Activem-nos pel catal\u00e0&#8217; que t\u00e9 l&#8217;objectiu d&#8217;engegar accions concretes en escoles i instituts per potenciar l&#8217;\u00fas del catal\u00e0. El v\u00eddeo &#8216;Som mestres del catal\u00e0&#8217; vol donar suport a aquest programa.<br \/>\n&nbsp;<\/p>\n","protected":false},"author":1,"featured_media":0,"parent":0,"menu_order":0,"comment_status":"closed","ping_status":"closed","template":"","meta":{"_bbp_topic_count":0,"_bbp_reply_count":0,"_bbp_total_topic_count":0,"_bbp_total_reply_count":0,"_bbp_voice_count":0,"_bbp_anonymous_reply_count":0,"_bbp_topic_count_hidden":0,"_bbp_reply_count_hidden":0,"_bbp_forum_subforum_count":0,"footnotes":""},"class_list":["post-9173","page","type-page","status-publish","hentry"],"post_mailing_queue_ids":[],"_links":{"self":[{"href":"https:\/\/projectes.xtec.cat\/usdelallengua\/wp-json\/wp\/v2\/pages\/9173","targetHints":{"allow":["GET"]}}],"collection":[{"href":"https:\/\/projectes.xtec.cat\/usdelallengua\/wp-json\/wp\/v2\/pages"}],"about":[{"href":"https:\/\/projectes.xtec.cat\/usdelallengua\/wp-json\/wp\/v2\/types\/page"}],"author":[{"embeddable":true,"href":"https:\/\/projectes.xtec.cat\/usdelallengua\/wp-json\/wp\/v2\/users\/1"}],"replies":[{"embeddable":true,"href":"https:\/\/projectes.xtec.cat\/usdelallengua\/wp-json\/wp\/v2\/comments?post=9173"}],"version-history":[{"count":3,"href":"https:\/\/projectes.xtec.cat\/usdelallengua\/wp-json\/wp\/v2\/pages\/9173\/revisions"}],"predecessor-version":[{"id":9223,"href":"https:\/\/projectes.xtec.cat\/usdelallengua\/wp-json\/wp\/v2\/pages\/9173\/revisions\/9223"}],"wp:attachment":[{"href":"https:\/\/projectes.xtec.cat\/usdelallengua\/wp-json\/wp\/v2\/media?parent=9173"}],"curies":[{"name":"wp","href":"https:\/\/api.w.org\/{rel}","templated":true}]}}