{"id":9517,"date":"2024-02-08T09:46:05","date_gmt":"2024-02-08T08:46:05","guid":{"rendered":"https:\/\/projectes.xtec.cat\/usdelallengua\/?page_id=9517"},"modified":"2024-03-13T11:32:49","modified_gmt":"2024-03-13T10:32:49","slug":"catala-c1","status":"publish","type":"page","link":"https:\/\/projectes.xtec.cat\/usdelallengua\/catala\/catala-c1\/","title":{"rendered":"Materials C1"},"content":{"rendered":"<p>Materials per la preparaci\u00f3 del nivell C1 de catal\u00e0.<\/p>\n<h3><a href=\"https:\/\/www.alibri.es\/libro\/690926\/nivell-de-suficiencia-c1-edicio-2017?gad_source=1&amp;gclid=CjwKCAiAibeuBhAAEiwAiXBoJC15Ljshv-JxknnzvOmwRZ-e6O_2HAuGD3yysvA46lQZopIwhnFJwBoCXtIQAvD_BwE\">NIVELL DE SUFUCIENCIA C1<\/a><\/h3>\n<p><a href=\"https:\/\/www.alibri.es\/libro\/690926\/nivell-de-suficiencia-c1-edicio-2017?gad_source=1&amp;gclid=CjwKCAiAibeuBhAAEiwAiXBoJC15Ljshv-JxknnzvOmwRZ-e6O_2HAuGD3yysvA46lQZopIwhnFJwBoCXtIQAvD_BwE\"><img loading=\"lazy\" decoding=\"async\" class=\"alignleft wp-image-9645\" src=\"https:\/\/projectes.xtec.cat\/usdelallengua\/wp-content\/uploads\/usu2313\/2024\/02\/Captura-de-pantalla-2024-02-15-a-las-11.42.00-150x150.png\" alt=\"\" width=\"179\" height=\"179\" \/><\/a><\/p>\n<div>\n<p><span lang=\"CA\">Aquest llibre de Castellnou \u00e9s ideal per preparar-te per al C1. El temari segueix el programa del nivell de sufici\u00e8ncia de catal\u00e0 de la Secretaria de Pol\u00edtica Ling\u00fc\u00edstica de la Generalitat de Catalunya.\u00a0<\/span><\/p>\n<\/div>\n<p>&nbsp;<\/p>\n<p>&nbsp;<\/p>\n<p>&nbsp;<\/p>\n<h3><a href=\"https:\/\/www.claret.cat\/llibre\/el-catala-escrit-9788448943707\/\">EL CATAL\u00c0 ESCRIT<\/a><\/h3>\n<p><a href=\"https:\/\/www.claret.cat\/llibre\/el-catala-escrit-9788448943707\/\"><img loading=\"lazy\" decoding=\"async\" class=\"alignleft wp-image-9646 \" src=\"https:\/\/projectes.xtec.cat\/usdelallengua\/wp-content\/uploads\/usu2313\/2024\/02\/Captura-de-pantalla-2024-02-15-a-las-11.48.10-150x150.png\" alt=\"\" width=\"170\" height=\"170\" \/><\/a><\/p>\n<div>\n<p><span lang=\"CA\">Aquest \u00e9s un llibre de Barcanova amb\u00a0teoria i exercicis (solucionari incl\u00f2s!) que ajuden a\u00a0millorar els coneixements de catal\u00e0 de cara a preparar-se per al C1.<\/span><\/p>\n<\/div>\n<p>&nbsp;<\/p>\n<p>&nbsp;<\/p>\n<p>&nbsp;<\/p>\n<h3><a href=\"https:\/\/correccioencatala.cat\/producte\/exercicis-redaccio-catala\/\">MILLORA LA TEVA REDACCI\u00d3 EN CATAL\u00c0 EN 20 DIES<\/a><\/h3>\n<p><a href=\"https:\/\/correccioencatala.cat\/producte\/exercicis-redaccio-catala\/\"><img loading=\"lazy\" decoding=\"async\" class=\"alignleft wp-image-9647\" src=\"https:\/\/projectes.xtec.cat\/usdelallengua\/wp-content\/uploads\/usu2313\/2024\/02\/Captura-de-pantalla-2024-02-15-a-las-11.51.42-300x142.png\" alt=\"\" width=\"256\" height=\"121\" srcset=\"https:\/\/projectes.xtec.cat\/usdelallengua\/wp-content\/uploads\/usu2313\/2024\/02\/Captura-de-pantalla-2024-02-15-a-las-11.51.42-300x142.png 300w, https:\/\/projectes.xtec.cat\/usdelallengua\/wp-content\/uploads\/usu2313\/2024\/02\/Captura-de-pantalla-2024-02-15-a-las-11.51.42-1024x484.png 1024w, https:\/\/projectes.xtec.cat\/usdelallengua\/wp-content\/uploads\/usu2313\/2024\/02\/Captura-de-pantalla-2024-02-15-a-las-11.51.42-768x363.png 768w, https:\/\/projectes.xtec.cat\/usdelallengua\/wp-content\/uploads\/usu2313\/2024\/02\/Captura-de-pantalla-2024-02-15-a-las-11.51.42-1536x726.png 1536w, https:\/\/projectes.xtec.cat\/usdelallengua\/wp-content\/uploads\/usu2313\/2024\/02\/Captura-de-pantalla-2024-02-15-a-las-11.51.42-2048x968.png 2048w\" sizes=\"auto, (max-width: 256px) 100vw, 256px\" \/><\/a><\/p>\n<div>\n<p style=\"text-align: justify;\"><span lang=\"CA\">Aquest quadern d\u2019exercicis per millorar la redacci\u00f3 cont\u00e9 una recopilaci\u00f3 dels errors m\u00e9s comuns que es troben en els textos corregits en catal\u00e0.<\/span><\/p>\n<\/div>\n","protected":false},"excerpt":{"rendered":"<p>Materials per la preparaci\u00f3 del nivell C1 de catal\u00e0.<br \/>\n<a href=\"https:\/\/www.alibri.es\/libro\/690926\/nivell-de-suficiencia-c1-edicio-2017?gad_source=1&amp;gclid=CjwKCAiAibeuBhAAEiwAiXBoJC15Ljshv-JxknnzvOmwRZ-e6O_2HAuGD3yysvA46lQZopIwhnFJwBoCXtIQAvD_BwE\">NIVELL DE SUFUCIENCIA C1<\/a><br \/>\n<a href=\"https:\/\/www.alibri.es\/libro\/690926\/nivell-de-suficiencia-c1-edicio-2017?gad_source=1&amp;gclid=CjwKCAiAibeuBhAAEiwAiXBoJC15Ljshv-JxknnzvOmwRZ-e6O_2HAuGD3yysvA46lQZopIwhnFJwBoCXtIQAvD_BwE\"><\/a><\/p>\n<p>Aquest llibre de Castellnou \u00e9s ideal per preparar-te per al C1. El temari segueix el programa del nivell de sufici\u00e8ncia de catal\u00e0 de la Secretaria de Pol\u00edtica Ling\u00fc\u00edstica de la Generalitat de&hellip;  <a href=\"https:\/\/projectes.xtec.cat\/usdelallengua\/catala\/catala-c1\/\" title=\"Read Materials C1\">Llegeix m\u00e9s\u00bb<\/a><\/p>\n","protected":false},"author":1,"featured_media":0,"parent":9482,"menu_order":0,"comment_status":"closed","ping_status":"closed","template":"page-templates\/side-menu.php","meta":{"_bbp_topic_count":0,"_bbp_reply_count":0,"_bbp_total_topic_count":0,"_bbp_total_reply_count":0,"_bbp_voice_count":0,"_bbp_anonymous_reply_count":0,"_bbp_topic_count_hidden":0,"_bbp_reply_count_hidden":0,"_bbp_forum_subforum_count":0,"footnotes":""},"class_list":["post-9517","page","type-page","status-publish","hentry"],"post_mailing_queue_ids":[],"_links":{"self":[{"href":"https:\/\/projectes.xtec.cat\/usdelallengua\/wp-json\/wp\/v2\/pages\/9517","targetHints":{"allow":["GET"]}}],"collection":[{"href":"https:\/\/projectes.xtec.cat\/usdelallengua\/wp-json\/wp\/v2\/pages"}],"about":[{"href":"https:\/\/projectes.xtec.cat\/usdelallengua\/wp-json\/wp\/v2\/types\/page"}],"author":[{"embeddable":true,"href":"https:\/\/projectes.xtec.cat\/usdelallengua\/wp-json\/wp\/v2\/users\/1"}],"replies":[{"embeddable":true,"href":"https:\/\/projectes.xtec.cat\/usdelallengua\/wp-json\/wp\/v2\/comments?post=9517"}],"version-history":[{"count":4,"href":"https:\/\/projectes.xtec.cat\/usdelallengua\/wp-json\/wp\/v2\/pages\/9517\/revisions"}],"predecessor-version":[{"id":9644,"href":"https:\/\/projectes.xtec.cat\/usdelallengua\/wp-json\/wp\/v2\/pages\/9517\/revisions\/9644"}],"up":[{"embeddable":true,"href":"https:\/\/projectes.xtec.cat\/usdelallengua\/wp-json\/wp\/v2\/pages\/9482"}],"wp:attachment":[{"href":"https:\/\/projectes.xtec.cat\/usdelallengua\/wp-json\/wp\/v2\/media?parent=9517"}],"curies":[{"name":"wp","href":"https:\/\/api.w.org\/{rel}","templated":true}]}}