{"id":10234,"date":"2019-09-09T14:38:26","date_gmt":"2019-09-09T12:38:26","guid":{"rendered":"http:\/\/projectes.xtec.cat\/xarxadults\/?page_id=10234"},"modified":"2022-02-21T10:24:08","modified_gmt":"2022-02-21T09:24:08","slug":"acollida-moduls-joves-migrats-sols","status":"publish","type":"page","link":"https:\/\/projectes.xtec.cat\/xarxadults\/ensenyaments\/acollida-moduls-joves-migrats-sols\/","title":{"rendered":"MATERIALS DE SUPORT A ALUMNAT VULNERABLE"},"content":{"rendered":"<p>&nbsp;<\/p>\n<p style=\"text-align: justify;\">La diversitat \u00e9s un valor afegit a la societat actual i l&#8217;acollida \u00e9s un \u00e0mbit en el qual s&#8217;ha d&#8217;incidir per fer de la inclusi\u00f3 una realitat. L&#8217;empoderament i l&#8217;encoratge de les persones que arriben al nostre pa\u00eds \u00e9s una estrat\u00e8gia b\u00e0sica que tenim el deure de fomentar. L&#8217;Agenda de Desenvolupament Sostenible de 2030, adoptada per tots els Estats membres de les Nacions Unides el 25 de setembre de 2015, ha de guiar aquest un model compartit de pau i prosperitat per a les persones i el planeta, ara i cap al futur.\u00a0Per tant, cal oferir els ajuts i els suports necessaris que facilitin l&#8217;acc\u00e9s als aprenentatges i el domini de totes les compet\u00e8ncies en el marc de la m\u00e0xima participaci\u00f3 de tots els ciutadans.<\/p>\n<p style=\"text-align: justify;\">A la nostra societat, nous escenaris educatius guanyen protagonisme a la vida quotidiana de les persones. La configuraci\u00f3 actual d&#8217;aquesta ecologia de l&#8217;aprenentatge exigeix corresponsabilitat i comprom\u00eds\u00a0 dels diferents agents educatius que hi intervenen. Aquest prop\u00f2sit reclama pol\u00edtiques educatives capaces de considerar la formaci\u00f3 com un proc\u00e9s que prevegi el desenvolupament en totes dimensions que configuren la traject\u00f2ria vital de les persones.<\/p>\n<p style=\"text-align: justify;\">En aquest \u00e0mbit, el Departament d\u2019Educaci\u00f3 a trav\u00e9s de la Direcci\u00f3 General d\u2019Innovaci\u00f3, Recerca i Cultura Digital assumeix la responsabilitat de donar impuls i aplicar pol\u00edtiques per augmentar les oportunitats d&#8217;\u00e8xit educatiu al llarg de la vida en el marc de l&#8217;educaci\u00f3 del segle XXI, especialment en l&#8217;alumnat m\u00e9s vulnerable. I \u00e9s la Sub-direcci\u00f3 General de Transformaci\u00f3 Educativa qui impulsa les actuacions per a l&#8217;acompanyament de l&#8217;alumnat en l&#8217;itinerari educatiu al llarg de les etapes educatives, en col\u00b7laboraci\u00f3 amb altres administracions i agents educatius.<\/p>\n<p style=\"text-align: justify;\"><span style=\"font-weight: 400;\">I el Servei d&#8217;Educaci\u00f3 al Llarg de la Vida, en aquesta l\u00ednia d&#8217;actuaci\u00f3, ha confeccionat <\/span><span style=\"font-weight: 400;\"><strong>uns materials particularment creats per a l&#8217;atenci\u00f3 de l&#8217;alumnat especialment vulnerable.<\/strong> Es tracta de <\/span>8 m\u00f2duls de formaci\u00f3 de noves oportunitats, per facilitar l&#8217;acollida i la integraci\u00f3 en els centres de formaci\u00f3 d&#8217;adults de col\u00b7lectius d&#8217;alta vulnerabilitat, especialment de l&#8217;alumnat JMS (Joves Migrats Sols) de 16 a 18 anys. Aquests m\u00f2duls incorporen compet\u00e8ncies, continguts i activitats espec\u00edficament elaborades per acollir i oferir atenci\u00f3 educativa personalitzada per aquest perfil d&#8217;alumnat, i es posen a disposici\u00f3 del professorat a partir del curs 2019-2020, per tal de donar-los recursos per ajustar la seva acci\u00f3 docent als canvis espec\u00edfics que requereixen els menors no acompanyats que han d&#8217;atendre.<\/p>\n<p style=\"text-align: justify;\">Tamb\u00e9 poden servir de material de refer\u00e8ncia als centres de formaci\u00f3 d&#8217;adults municipals i entitats del tercer sector, que col\u00b7laborin amb l&#8217;atenci\u00f3 educativa d&#8217;aquest alumnat, en situaci\u00f3 de coeducaci\u00f3 i equitat, en zones on no hi ha centres de formaci\u00f3 d&#8217;adults dependents del Departament d&#8217;Educaci\u00f3.<\/p>\n<p><img loading=\"lazy\" decoding=\"async\" class=\"aligncenter\" src=\"https:\/\/web.gencat.cat\/web\/.content\/Imatge\/noticies\/2019\/20190503_menas.png_1934956856.png\" alt=\"menors\" width=\"525\" height=\"350\" \/><\/p>\n<p>&nbsp;<\/p>\n<p style=\"text-align: justify;\">Els 8 m\u00f2duls formatius, de 33 hores aproximadament, estan basats en tres \u00e0mbits de compet\u00e8ncies:<\/p>\n<ul>\n<li style=\"list-style-type: none;\">\n<ul>\n<li style=\"text-align: justify;\"><a href=\"https:\/\/projectes.xtec.cat\/xarxadults\/acollida-moduls-joves-migrats-sols\/nivell-1\/\" target=\"_blank\" rel=\"noopener noreferrer\"><u>3 m\u00f2duls de Nivell 1<\/u>:<\/a> <strong>L\u2019autoconeixement, acollida i pertinen\u00e7a, autoregulaci\u00f3 i conducta,<\/strong> que ajuden a donar resposta a <em>Qui soc, on soc i com m\u2019he de comportar<\/em>?\n<ul>\n<li style=\"list-style-type: none;\">\n<ul>\n<li><a href=\"https:\/\/projectes.xtec.cat\/xarxadults\/acollida-moduls-joves-migrats-sols\/nivell-1\/del-mirall-al-yotube\/\" target=\"_blank\" rel=\"noopener noreferrer\"><span style=\"color: #993300;\"><strong>Del mirall al Youtube<\/strong><\/span><\/a><\/li>\n<li><a href=\"https:\/\/projectes.xtec.cat\/xarxadults\/acollida-moduls-joves-migrats-sols\/nivell-1\/modul-comunicacio-identitat-i-oralitat-en-llengua-catalana\/\" target=\"_blank\" rel=\"noopener noreferrer\"><span style=\"color: #993300;\"><strong>Comunicaci\u00f3, identitat i oralitat en llengua catalana<\/strong><\/span><\/a><\/li>\n<li><a href=\"https:\/\/projectes.xtec.cat\/xarxadults\/acollida-moduls-joves-migrats-sols\/nivell-1\/modul-itineraris-1-coneixement-del-jo\/\" target=\"_blank\" rel=\"noopener noreferrer\"><span style=\"color: #993300;\"><strong>Itineraris 1 \u2013 Coneixement del jo<\/strong><\/span><\/a><\/li>\n<\/ul>\n<\/li>\n<\/ul>\n<\/li>\n<li style=\"text-align: justify;\"><a href=\"https:\/\/projectes.xtec.cat\/xarxadults\/acollida-moduls-joves-migrats-sols\/nivell-2\/\" target=\"_blank\" rel=\"noopener noreferrer\"><u>3 m\u00f2duls de Nivell 2<\/u>:<\/a> <strong>La relaci\u00f3 social amb els altres i la prevenci\u00f3 de conductes de risc en diferents \u00e0mbits<\/strong>, responent a <em>Qui som, com ens relacionem i com podem participar<\/em>?\n<ul>\n<li style=\"list-style-type: none;\">\n<ul>\n<li><a href=\"https:\/\/projectes.xtec.cat\/xarxadults\/acollida-moduls-joves-migrats-sols\/nivell-2\/modul\/\" target=\"_blank\" rel=\"noopener noreferrer\"><strong><span style=\"color: #993300;\">Joves per la igualtat de g\u00e8nere del segle XXI<\/span><\/strong><\/a><\/li>\n<li><a href=\"https:\/\/projectes.xtec.cat\/xarxadults\/acollida-moduls-joves-migrats-sols\/nivell-2\/modul-introduccio-a-la-cultura-digital\/\" target=\"_blank\" rel=\"noopener noreferrer\"><strong><span style=\"color: #993300;\">Introducci\u00f3 a la cultura digital<\/span><\/strong><\/a><\/li>\n<li><a href=\"https:\/\/projectes.xtec.cat\/xarxadults\/acollida-moduls-joves-migrats-sols\/nivell-2\/modul-itineraris-2-jo-i-el-mon-tallers-que-treballen\/\" target=\"_blank\" rel=\"noopener noreferrer\"><strong><span style=\"color: #993300;\">Itineraris 2 \u2013 Jo i el m\u00f3n<\/span><\/strong><\/a><\/li>\n<\/ul>\n<\/li>\n<\/ul>\n<\/li>\n<li><a href=\"https:\/\/projectes.xtec.cat\/xarxadults\/acollida-moduls-joves-migrats-sols\/nivell-3\/\" target=\"_blank\" rel=\"noopener noreferrer\"><u>2 m\u00f2duls de Nivell 3<\/u>:<\/a> <strong>La relaci\u00f3 amb l\u2019entorn, l\u2019orientaci\u00f3 per a l\u2019acc\u00e9s al m\u00f3n laboral i la compet\u00e8ncia digital comunicativa<\/strong>, responent a <em>Qui volem ser, qu\u00e8 sabem fer i com podem aprendre m\u00e9s<\/em>?\n<ul>\n<li style=\"list-style-type: none;\">\n<ul>\n<li style=\"text-align: justify;\"><a href=\"https:\/\/projectes.xtec.cat\/xarxadults\/acollida-moduls-joves-migrats-sols\/nivell-3\/modul-ocupat-i-posat-en-marxa\/\" target=\"_blank\" rel=\"noopener noreferrer\"><strong><span style=\"color: #993300;\">Ocupa\u2019t i posa\u2019t en marxa<\/span><\/strong><\/a><\/li>\n<li style=\"text-align: justify;\"><a href=\"https:\/\/projectes.xtec.cat\/xarxadults\/acollida-moduls-joves-migrats-sols\/nivell-3\/modul-per-la-prevencio-de-la-violencia-de-genere-i-per-relacions-igualitaries\/\" target=\"_blank\" rel=\"noopener noreferrer\"><strong><span style=\"color: #993300;\">Per la prevenci\u00f3 de la viol\u00e8ncia de g\u00e8nere i per relacions igualit\u00e0ries<\/span><\/strong><\/a><\/li>\n<\/ul>\n<\/li>\n<\/ul>\n<\/li>\n<\/ul>\n<\/li>\n<\/ul>\n<p>&nbsp;<\/p>\n","protected":false},"excerpt":{"rendered":"<p>&nbsp;<br \/>\nLa diversitat \u00e9s un valor afegit a la societat actual i l&#8217;acollida \u00e9s un \u00e0mbit en el qual s&#8217;ha d&#8217;incidir per fer de la inclusi\u00f3 una realitat. L&#8217;empoderament i l&#8217;encoratge de les persones que arriben al nostre pa\u00eds \u00e9s una estrat\u00e8gia b\u00e0sica que tenim el&hellip;  <a href=\"https:\/\/projectes.xtec.cat\/xarxadults\/ensenyaments\/acollida-moduls-joves-migrats-sols\/\" title=\"Read MATERIALS DE SUPORT A ALUMNAT VULNERABLE\">Llegeix m\u00e9s\u00bb<\/a><\/p>\n","protected":false},"author":1,"featured_media":0,"parent":13527,"menu_order":40,"comment_status":"closed","ping_status":"closed","template":"page-templates\/side-menu.php","meta":{"_bbp_topic_count":0,"_bbp_reply_count":0,"_bbp_total_topic_count":0,"_bbp_total_reply_count":0,"_bbp_voice_count":0,"_bbp_anonymous_reply_count":0,"_bbp_topic_count_hidden":0,"_bbp_reply_count_hidden":0,"_bbp_forum_subforum_count":0,"footnotes":""},"class_list":["post-10234","page","type-page","status-publish","hentry"],"post_mailing_queue_ids":[],"_links":{"self":[{"href":"https:\/\/projectes.xtec.cat\/xarxadults\/wp-json\/wp\/v2\/pages\/10234","targetHints":{"allow":["GET"]}}],"collection":[{"href":"https:\/\/projectes.xtec.cat\/xarxadults\/wp-json\/wp\/v2\/pages"}],"about":[{"href":"https:\/\/projectes.xtec.cat\/xarxadults\/wp-json\/wp\/v2\/types\/page"}],"author":[{"embeddable":true,"href":"https:\/\/projectes.xtec.cat\/xarxadults\/wp-json\/wp\/v2\/users\/1"}],"replies":[{"embeddable":true,"href":"https:\/\/projectes.xtec.cat\/xarxadults\/wp-json\/wp\/v2\/comments?post=10234"}],"version-history":[{"count":3,"href":"https:\/\/projectes.xtec.cat\/xarxadults\/wp-json\/wp\/v2\/pages\/10234\/revisions"}],"predecessor-version":[{"id":13583,"href":"https:\/\/projectes.xtec.cat\/xarxadults\/wp-json\/wp\/v2\/pages\/10234\/revisions\/13583"}],"up":[{"embeddable":true,"href":"https:\/\/projectes.xtec.cat\/xarxadults\/wp-json\/wp\/v2\/pages\/13527"}],"wp:attachment":[{"href":"https:\/\/projectes.xtec.cat\/xarxadults\/wp-json\/wp\/v2\/media?parent=10234"}],"curies":[{"name":"wp","href":"https:\/\/api.w.org\/{rel}","templated":true}]}}