{"id":10241,"date":"2019-09-09T15:01:25","date_gmt":"2019-09-09T13:01:25","guid":{"rendered":"http:\/\/projectes.xtec.cat\/xarxadults\/?page_id=10241"},"modified":"2019-09-19T09:50:14","modified_gmt":"2019-09-19T07:50:14","slug":"nivell-1","status":"publish","type":"page","link":"https:\/\/projectes.xtec.cat\/xarxadults\/ensenyaments\/acollida-moduls-joves-migrats-sols\/nivell-1\/","title":{"rendered":"Nivell 1"},"content":{"rendered":"<p>&nbsp;<\/p>\n<p>Els m\u00f2duls del <em><span style=\"color: #993300;\"><strong>nivell 1<\/strong> <\/span><\/em>ajuden a donar resposta a preguntes com <span style=\"color: #993300;\"><em>Qui soc, On soc? <\/em>o<em> Com m&#8217;he de comportar<\/em>?<\/span>&#8230; a trav\u00e9s de l&#8217;<strong>autoconeixement, acollida i pertinen\u00e7a, autoregulaci\u00f3 i conducta.<\/strong><\/p>\n<p>Es presenten 3 m\u00f2duls titulats:<span style=\"font-family: inherit; font-size: 1em;\">\u00a0<\/span><span style=\"font-family: inherit; font-size: 1em;\">\u00a0<\/span><\/p>\n<ul>\n<li style=\"list-style-type: none;\">\n<ul>\n<li><a href=\"http:\/\/projectes.xtec.cat\/xarxadults\/nivell-1\/del-mirall-al-yotube\/\" target=\"_blank\" rel=\"noopener noreferrer\"><span style=\"color: #993300;\"><strong><em>Del mirall al Youtube<\/em><\/strong>:<\/span><\/a> m\u00f2dul de creaci\u00f3 audiovosual i d&#8217;exploraci\u00f3 de les identitats a trav\u00e9s de la observaci\u00f3 d&#8217;imatges, de filmacions i l&#8217;escolta de m\u00fasica.<\/li>\n<li><a href=\"https:\/\/projectes.xtec.cat\/xarxadults\/nivell-1\/modul-comunicacio-identitat-i-oralitat-en-llengua-catalana\/\" target=\"_blank\" rel=\"noopener noreferrer\"><span style=\"color: #993300;\"><em><strong>Comunicaci\u00f3, identitat i oralitat en llengua catalana: <\/strong><\/em><\/span><\/a>primera aproximaci\u00f3 a la llengua catalana oral i escrita mentre es facilita la interioritzaci\u00f3 de conductes socialment acceptades del seu nou context geogr\u00e0fic i social.<\/li>\n<li><a href=\"https:\/\/projectes.xtec.cat\/xarxadults\/nivell-1\/modul-itineraris-1-coneixement-del-jo\/\" target=\"_blank\" rel=\"noopener noreferrer\"><span style=\"color: #993300;\"><em><strong>Itineraris 1 \u2013 Coneixement del jo<\/strong><\/em>: <\/span><\/a>tallers per treballar q\u00fcestions d&#8217;autoconeixement, de identitat, de relacions de parella, de drets humans i de perspectives laborals-<\/li>\n<\/ul>\n<\/li>\n<\/ul>\n<p>&nbsp;<\/p>\n","protected":false},"excerpt":{"rendered":"<p>&nbsp;<br \/>\nEls m\u00f2duls del nivell 1 ajuden a donar resposta a preguntes com Qui soc, On soc? o Com m&#8217;he de comportar?&#8230; a trav\u00e9s de l&#8217;autoconeixement, acollida i pertinen\u00e7a, autoregulaci\u00f3 i conducta.<br \/>\nEs presenten 3 m\u00f2duls titulats:\u00a0\u00a0<\/p>\n<ul>\n<li style=\"list-style-type: none;\">\n<ul>\n<li><a href=\"http:\/\/projectes.xtec.cat\/xarxadults\/nivell-1\/del-mirall-al-yotube\/\" target=\"_blank\" rel=\"noopener noreferrer\">Del mirall al Youtube:<\/a> m\u00f2dul&hellip;  <a href=\"https:\/\/projectes.xtec.cat\/xarxadults\/ensenyaments\/acollida-moduls-joves-migrats-sols\/nivell-1\/\" title=\"Read Nivell 1\">Llegeix m\u00e9s\u00bb<\/a><br \/>\n","protected":false},"author":1,"featured_media":0,"parent":10234,"menu_order":10,"comment_status":"closed","ping_status":"closed","template":"page-templates\/side-menu.php","meta":{"_bbp_topic_count":0,"_bbp_reply_count":0,"_bbp_total_topic_count":0,"_bbp_total_reply_count":0,"_bbp_voice_count":0,"_bbp_anonymous_reply_count":0,"_bbp_topic_count_hidden":0,"_bbp_reply_count_hidden":0,"_bbp_forum_subforum_count":0,"footnotes":""},"class_list":["post-10241","page","type-page","status-publish","hentry"],"post_mailing_queue_ids":[],"_links":{"self":[{"href":"https:\/\/projectes.xtec.cat\/xarxadults\/wp-json\/wp\/v2\/pages\/10241","targetHints":{"allow":["GET"]}}],"collection":[{"href":"https:\/\/projectes.xtec.cat\/xarxadults\/wp-json\/wp\/v2\/pages"}],"about":[{"href":"https:\/\/projectes.xtec.cat\/xarxadults\/wp-json\/wp\/v2\/types\/page"}],"author":[{"embeddable":true,"href":"https:\/\/projectes.xtec.cat\/xarxadults\/wp-json\/wp\/v2\/users\/1"}],"replies":[{"embeddable":true,"href":"https:\/\/projectes.xtec.cat\/xarxadults\/wp-json\/wp\/v2\/comments?post=10241"}],"version-history":[{"count":3,"href":"https:\/\/projectes.xtec.cat\/xarxadults\/wp-json\/wp\/v2\/pages\/10241\/revisions"}],"predecessor-version":[{"id":10399,"href":"https:\/\/projectes.xtec.cat\/xarxadults\/wp-json\/wp\/v2\/pages\/10241\/revisions\/10399"}],"up":[{"embeddable":true,"href":"https:\/\/projectes.xtec.cat\/xarxadults\/wp-json\/wp\/v2\/pages\/10234"}],"wp:attachment":[{"href":"https:\/\/projectes.xtec.cat\/xarxadults\/wp-json\/wp\/v2\/media?parent=10241"}],"curies":[{"name":"wp","href":"https:\/\/api.w.org\/{rel}","templated":true}]}}