{"id":10298,"date":"2019-09-12T11:24:21","date_gmt":"2019-09-12T09:24:21","guid":{"rendered":"http:\/\/projectes.xtec.cat\/xarxadults\/?page_id=10298"},"modified":"2021-02-01T22:39:38","modified_gmt":"2021-02-01T21:39:38","slug":"modul-introduccio-a-la-cultura-digital","status":"publish","type":"page","link":"https:\/\/projectes.xtec.cat\/xarxadults\/ensenyaments\/acollida-moduls-joves-migrats-sols\/nivell-2\/modul-introduccio-a-la-cultura-digital\/","title":{"rendered":"M\u00f2dul &#8220;Introducci\u00f3 a la cultura digital&#8221;"},"content":{"rendered":"<p>&nbsp;<\/p>\n<p>El m\u00f2dul<strong> Introducci\u00f3 a la cultura digital<\/strong> \u00e9s un m\u00f2dul adre\u00e7at espec\u00edficament als menors estrangers no acompanyats, tot i que podria ser adaptable a qualsevol persona menor de 18-20 anys en situaci\u00f3 de desemparament i\/o risc d&#8217;exclusi\u00f3 social.<\/p>\n<p>Desenvolupa, a nivell d\u2019usuari b\u00e0sic, aspectes relacionats amb les caracter\u00edstiques principals dels sistemes inform\u00e0tics (usuari+maquinari+programari), el processador de textos (aspectes b\u00e0sics per crear, modificar, guardar i compartir documents de text), la navegaci\u00f3 per Internet i el correu electr\u00f2nic (principals cercadors, cerca segura, creaci\u00f3 d\u2019un compte de correu electr\u00f2nic, enviament i rebuda de correus electr\u00f2nics).<a href=\"https:\/\/projectes.xtec.cat\/xarxadults\/wp-content\/uploads\/usu1741\/2019\/09\/untitled.png\"><img loading=\"lazy\" decoding=\"async\" class=\"aligncenter wp-image-10457\" src=\"https:\/\/projectes.xtec.cat\/xarxadults\/wp-content\/uploads\/usu1741\/2019\/09\/untitled.png\" alt=\"imatge amb els logos de twitter, facebook, youtube, instagram, google, pinterest, etc\" width=\"373\" height=\"209\" \/><\/a><\/p>\n<p>Els materials elaborats combinen explicacions te\u00f2riques de nivell inicial amb activitats de pr\u00e0ctica i aplicaci\u00f3 de la teoria, sempre acompanyats de continguts visuals amb l\u2019objectiu de facilitar la seva comprensi\u00f3 i relaci\u00f3.<\/p>\n<p>El material es troba estructurat en 4 blocs tem\u00e0tics:<\/p>\n<ul>\n<li><a href=\"https:\/\/drive.google.com\/file\/d\/1yKb6Y_3Svh2SYda9ctBbOFntrIDvOcgZ\/view?usp=sharing\" target=\"_blank\" rel=\"noopener noreferrer\">BLOC 0<\/a> (Funcionament b\u00e0sic de l&#8217;ordinador)<\/li>\n<li><a href=\"https:\/\/drive.google.com\/file\/d\/1mFT5cr7_QfKk86YkR90Uu8QQzQiNZs3u\/view?usp=sharing\" target=\"_blank\" rel=\"noopener noreferrer\">BLOC 1<\/a> (Processador de textos)<\/li>\n<li><a href=\"https:\/\/drive.google.com\/drive\/u\/1\/folders\/1YfoEiJwBV7d-O4cFNPOiBGr19bKg2cRk\" target=\"_blank\" rel=\"noopener noreferrer\">BLOC 2<\/a> (Navegaci\u00f3 per internet)<\/li>\n<li><a href=\"https:\/\/drive.google.com\/drive\/folders\/1USXZrF3e8Kku1xi0JY2RaaNMDRi26gtP?usp=sharing\" target=\"_blank\" rel=\"noopener noreferrer\">BLOC 3<\/a> (Comunicaci\u00f3 per internet)<\/li>\n<\/ul>\n<p>Tamb\u00e9 disposa d&#8217;una <a href=\"https:\/\/projectes.xtec.cat\/xarxadults\/wp-content\/uploads\/usu1741\/2020\/01\/Presentaci\u00f3-Introduccio-cultura-digital.pdf\">Guia Did\u00e0ctica<\/a>\u00a0del m\u00f2dul que permet con\u00e8ixer la metodologia de treball.<\/p>\n<p>Finan\u00e7at per: <a href=\"https:\/\/projectes.xtec.cat\/xarxadults\/wp-content\/uploads\/usu1741\/2019\/09\/logo_DEPT.jpg\"><img loading=\"lazy\" decoding=\"async\" class=\"alignnone wp-image-10441\" src=\"https:\/\/projectes.xtec.cat\/xarxadults\/wp-content\/uploads\/usu1741\/2019\/09\/logo_DEPT.jpg\" alt=\"\" width=\"293\" height=\"55\" srcset=\"https:\/\/projectes.xtec.cat\/xarxadults\/wp-content\/uploads\/usu1741\/2019\/09\/logo_DEPT.jpg 352w, https:\/\/projectes.xtec.cat\/xarxadults\/wp-content\/uploads\/usu1741\/2019\/09\/logo_DEPT-300x56.jpg 300w\" sizes=\"auto, (max-width: 293px) 100vw, 293px\" \/><\/a> \u00a0 <a href=\"https:\/\/projectes.xtec.cat\/xarxadults\/wp-content\/uploads\/usu1741\/2019\/09\/logo_MEC.jpg\"><img loading=\"lazy\" decoding=\"async\" class=\"size-full wp-image-10442 alignright\" src=\"https:\/\/projectes.xtec.cat\/xarxadults\/wp-content\/uploads\/usu1741\/2019\/09\/logo_MEC.jpg\" alt=\"\" width=\"260\" height=\"77\" \/><\/a><\/p>\n<p>&nbsp;<\/p>\n","protected":false},"excerpt":{"rendered":"<p>&nbsp;<br \/>\nEl m\u00f2dul Introducci\u00f3 a la cultura digital \u00e9s un m\u00f2dul adre\u00e7at espec\u00edficament als menors estrangers no acompanyats, tot i que podria ser adaptable a qualsevol persona menor de 18-20 anys en situaci\u00f3 de desemparament i\/o risc d&#8217;exclusi\u00f3 social.<br \/>\nDesenvolupa, a nivell d\u2019usuari b\u00e0sic, aspectes relacionats amb&hellip;  <a href=\"https:\/\/projectes.xtec.cat\/xarxadults\/ensenyaments\/acollida-moduls-joves-migrats-sols\/nivell-2\/modul-introduccio-a-la-cultura-digital\/\" title=\"Read M\u00f2dul &#8220;Introducci\u00f3 a la cultura digital&#8221;\">Llegeix m\u00e9s\u00bb<\/a><\/p>\n","protected":false},"author":1,"featured_media":0,"parent":10245,"menu_order":20,"comment_status":"closed","ping_status":"closed","template":"page-templates\/side-menu.php","meta":{"_bbp_topic_count":0,"_bbp_reply_count":0,"_bbp_total_topic_count":0,"_bbp_total_reply_count":0,"_bbp_voice_count":0,"_bbp_anonymous_reply_count":0,"_bbp_topic_count_hidden":0,"_bbp_reply_count_hidden":0,"_bbp_forum_subforum_count":0,"footnotes":""},"class_list":["post-10298","page","type-page","status-publish","hentry"],"post_mailing_queue_ids":[],"_links":{"self":[{"href":"https:\/\/projectes.xtec.cat\/xarxadults\/wp-json\/wp\/v2\/pages\/10298","targetHints":{"allow":["GET"]}}],"collection":[{"href":"https:\/\/projectes.xtec.cat\/xarxadults\/wp-json\/wp\/v2\/pages"}],"about":[{"href":"https:\/\/projectes.xtec.cat\/xarxadults\/wp-json\/wp\/v2\/types\/page"}],"author":[{"embeddable":true,"href":"https:\/\/projectes.xtec.cat\/xarxadults\/wp-json\/wp\/v2\/users\/1"}],"replies":[{"embeddable":true,"href":"https:\/\/projectes.xtec.cat\/xarxadults\/wp-json\/wp\/v2\/comments?post=10298"}],"version-history":[{"count":4,"href":"https:\/\/projectes.xtec.cat\/xarxadults\/wp-json\/wp\/v2\/pages\/10298\/revisions"}],"predecessor-version":[{"id":12007,"href":"https:\/\/projectes.xtec.cat\/xarxadults\/wp-json\/wp\/v2\/pages\/10298\/revisions\/12007"}],"up":[{"embeddable":true,"href":"https:\/\/projectes.xtec.cat\/xarxadults\/wp-json\/wp\/v2\/pages\/10245"}],"wp:attachment":[{"href":"https:\/\/projectes.xtec.cat\/xarxadults\/wp-json\/wp\/v2\/media?parent=10298"}],"curies":[{"name":"wp","href":"https:\/\/api.w.org\/{rel}","templated":true}]}}