{"id":10317,"date":"2019-09-12T13:05:17","date_gmt":"2019-09-12T11:05:17","guid":{"rendered":"http:\/\/projectes.xtec.cat\/xarxadults\/?page_id=10317"},"modified":"2021-02-01T22:40:12","modified_gmt":"2021-02-01T21:40:12","slug":"modul","status":"publish","type":"page","link":"https:\/\/projectes.xtec.cat\/xarxadults\/ensenyaments\/acollida-moduls-joves-migrats-sols\/nivell-2\/modul\/","title":{"rendered":"M\u00f2dul &#8220;Joves per la igualtat de g\u00e8nere al segle XXI&#8221;"},"content":{"rendered":"<p>&nbsp;<\/p>\n<p>El m\u00f2dul <strong><em>Joves per la igualtat de g\u00e8nere al segle XXI <\/em><\/strong>\u00a0\u00e9s una proposta educativa que pret\u00e9n aprofundir en el concepte de desigualtat des de la perspectiva del g\u00e8nere. T\u00e9 el seu punt de partida en la pregunta: <em>\u00c9s real la desigualtat entre dones i homes?<\/em> I va proposant la reflexi\u00f3 en torn a la hist\u00f2ria, les pol\u00edtiques p\u00fabliques per a la igualtat i la viol\u00e8ncia contra les dones, per arribar a un apartat espec\u00edfic de possibilitats i l\u00ednies de futur per que l&#8217;an\u00e0lisi ens porti a les possibles alternatives i quedi cam\u00ed per rec\u00f3rrer.<\/p>\n<p><img loading=\"lazy\" decoding=\"async\" class=\"aligncenter wp-image-10318\" src=\"https:\/\/projectes.xtec.cat\/xarxadults\/wp-content\/uploads\/usu1741\/2019\/09\/Captura.png\" alt=\"imatge de les cavernes amb homes, dones i animals\" width=\"363\" height=\"245\" srcset=\"https:\/\/projectes.xtec.cat\/xarxadults\/wp-content\/uploads\/usu1741\/2019\/09\/Captura.png 491w, https:\/\/projectes.xtec.cat\/xarxadults\/wp-content\/uploads\/usu1741\/2019\/09\/Captura-300x202.png 300w\" sizes=\"auto, (max-width: 363px) 100vw, 363px\" \/><\/p>\n<p>Tot i que no est\u00e0 pensat exclusivament per als joves migrants no acompanyats, \u00e9s aplicable a aquest col\u00b7lectiu ja que est\u00e0 pensat per aproximar a persones joves i adultes que no coneixen el nostre entorn sociocultural a la informaci\u00f3 necess\u00e0ria per a la superaci\u00f3 de la desigualtat de g\u00e8nere i l\u2019assoliment d\u2019espais lliures de viol\u00e8ncia de g\u00e8nere.<\/p>\n<p>L\u2019alumnat haur\u00e0 de tenir nocions b\u00e0siques de\u00a0 lectoescriptura, de raonament matem\u00e0tic i de coneixement de la llegua catalana. Si no \u00e9s el cas, el responsable de la formaci\u00f3 mirar\u00e0 de transformar l\u2019activitat de forma intel\u00b7ligible aprofitant per generar espais d\u2019ensenyament i aprenentatge del catal\u00e0 a trav\u00e9s de les activitats proposades i que estan basades en les compet\u00e8ncies comunicatives b\u00e0siques.<\/p>\n<p>El m\u00f2dul est\u00e0 estructurat en<strong> <a href=\"https:\/\/projectes.xtec.cat\/xarxadults\/wp-content\/uploads\/usu1741\/2019\/09\/Materials_didactics.zip\" target=\"_blank\" rel=\"noopener noreferrer\">Materials didactics<\/a>.<\/strong> El material tamb\u00e9 consta d&#8217;una <a href=\"https:\/\/projectes.xtec.cat\/xarxadults\/wp-content\/uploads\/usu1741\/2019\/09\/Presentacio_Joves_per_Igualtat_Genere_sXXI.pdf\" target=\"_blank\" rel=\"noopener noreferrer\">Presentaci\u00f3 did\u00e0ctica<\/a>, una <a href=\"https:\/\/projectes.xtec.cat\/xarxadults\/wp-content\/uploads\/usu1741\/2019\/09\/Guia_didactica_Joves_per_Igualtat_Genere_sXXI.pdf\" target=\"_blank\" rel=\"noopener noreferrer\">guia did\u00e0ctica<\/a> i un <span style=\"font-family: inherit; font-size: 1em;\"><a href=\"https:\/\/projectes.xtec.cat\/xarxadults\/wp-content\/uploads\/usu1741\/2019\/09\/Recursos-web.pdf\" target=\"_blank\" rel=\"noopener noreferrer\">llistat de recursos web<\/a>.<\/span><\/p>\n<p>Finan\u00e7at per: <a href=\"https:\/\/projectes.xtec.cat\/xarxadults\/wp-content\/uploads\/usu1741\/2019\/09\/logo_DEPT.jpg\"><img loading=\"lazy\" decoding=\"async\" class=\"alignnone wp-image-10441\" src=\"https:\/\/projectes.xtec.cat\/xarxadults\/wp-content\/uploads\/usu1741\/2019\/09\/logo_DEPT.jpg\" alt=\"\" width=\"325\" height=\"61\" srcset=\"https:\/\/projectes.xtec.cat\/xarxadults\/wp-content\/uploads\/usu1741\/2019\/09\/logo_DEPT.jpg 352w, https:\/\/projectes.xtec.cat\/xarxadults\/wp-content\/uploads\/usu1741\/2019\/09\/logo_DEPT-300x56.jpg 300w\" sizes=\"auto, (max-width: 325px) 100vw, 325px\" \/><\/a> <a href=\"https:\/\/projectes.xtec.cat\/xarxadults\/wp-content\/uploads\/usu1741\/2019\/09\/logo_MEC.jpg\"><img loading=\"lazy\" decoding=\"async\" class=\"size-full wp-image-10442 alignright\" src=\"https:\/\/projectes.xtec.cat\/xarxadults\/wp-content\/uploads\/usu1741\/2019\/09\/logo_MEC.jpg\" alt=\"\" width=\"260\" height=\"77\" \/><\/a><\/p>\n<p>&nbsp;<\/p>\n","protected":false},"excerpt":{"rendered":"<p>&nbsp;<br \/>\nEl m\u00f2dul Joves per la igualtat de g\u00e8nere al segle XXI \u00a0\u00e9s una proposta educativa que pret\u00e9n aprofundir en el concepte de desigualtat des de la perspectiva del g\u00e8nere. T\u00e9 el seu punt de partida en la pregunta: \u00c9s real la desigualtat entre dones i&hellip;  <a href=\"https:\/\/projectes.xtec.cat\/xarxadults\/ensenyaments\/acollida-moduls-joves-migrats-sols\/nivell-2\/modul\/\" title=\"Read M\u00f2dul &#8220;Joves per la igualtat de g\u00e8nere al segle XXI&#8221;\">Llegeix m\u00e9s\u00bb<\/a><\/p>\n","protected":false},"author":1,"featured_media":0,"parent":10245,"menu_order":10,"comment_status":"closed","ping_status":"closed","template":"page-templates\/side-menu.php","meta":{"_bbp_topic_count":0,"_bbp_reply_count":0,"_bbp_total_topic_count":0,"_bbp_total_reply_count":0,"_bbp_voice_count":0,"_bbp_anonymous_reply_count":0,"_bbp_topic_count_hidden":0,"_bbp_reply_count_hidden":0,"_bbp_forum_subforum_count":0,"footnotes":""},"class_list":["post-10317","page","type-page","status-publish","hentry"],"post_mailing_queue_ids":[],"_links":{"self":[{"href":"https:\/\/projectes.xtec.cat\/xarxadults\/wp-json\/wp\/v2\/pages\/10317","targetHints":{"allow":["GET"]}}],"collection":[{"href":"https:\/\/projectes.xtec.cat\/xarxadults\/wp-json\/wp\/v2\/pages"}],"about":[{"href":"https:\/\/projectes.xtec.cat\/xarxadults\/wp-json\/wp\/v2\/types\/page"}],"author":[{"embeddable":true,"href":"https:\/\/projectes.xtec.cat\/xarxadults\/wp-json\/wp\/v2\/users\/1"}],"replies":[{"embeddable":true,"href":"https:\/\/projectes.xtec.cat\/xarxadults\/wp-json\/wp\/v2\/comments?post=10317"}],"version-history":[{"count":3,"href":"https:\/\/projectes.xtec.cat\/xarxadults\/wp-json\/wp\/v2\/pages\/10317\/revisions"}],"predecessor-version":[{"id":12008,"href":"https:\/\/projectes.xtec.cat\/xarxadults\/wp-json\/wp\/v2\/pages\/10317\/revisions\/12008"}],"up":[{"embeddable":true,"href":"https:\/\/projectes.xtec.cat\/xarxadults\/wp-json\/wp\/v2\/pages\/10245"}],"wp:attachment":[{"href":"https:\/\/projectes.xtec.cat\/xarxadults\/wp-json\/wp\/v2\/media?parent=10317"}],"curies":[{"name":"wp","href":"https:\/\/api.w.org\/{rel}","templated":true}]}}