{"id":10383,"date":"2019-09-13T15:40:20","date_gmt":"2019-09-13T13:40:20","guid":{"rendered":"http:\/\/projectes.xtec.cat\/xarxadults\/?page_id=10383"},"modified":"2019-09-27T09:31:19","modified_gmt":"2019-09-27T07:31:19","slug":"modul-itineraris-2-jo-i-el-mon-tallers-que-treballen","status":"publish","type":"page","link":"https:\/\/projectes.xtec.cat\/xarxadults\/ensenyaments\/acollida-moduls-joves-migrats-sols\/nivell-2\/modul-itineraris-2-jo-i-el-mon-tallers-que-treballen\/","title":{"rendered":"M\u00f2dul &#8220;Itineraris 2 \u2013 Jo i el m\u00f3n&#8221;"},"content":{"rendered":"<p>&nbsp;<\/p>\n<p>El programa <b><i>Itineraris <\/i><\/b>inclou dos m\u00f2duls que estan pensats per <i>a <\/i>alumnat d\u2019alta vulnerabilitat que presenten comportaments de risc, trastorns de conducta o patologia dual i es pot adaptar als menors estrangers no acompanyats. Els m\u00f2duls estan estructurats en un conjunt de <b>tallers <\/b>dissenyats perqu\u00e8 els alumnes s\u2019informin i, guiats pel professorat, comparteixin dubtes, opinions i experi\u00e8ncies i arribin a formular conclusions.<\/p>\n<ul>\n<li style=\"list-style-type: none;\">\n<ul>\n<li><strong>M\u00f2dul 1: <\/strong><i>Coneixement del jo (Nivell 1). <\/i>Inclou 12 tallers que plantegen a l\u2019alumne q\u00fcestions d\u2019autoconeixement, de identitat sexual, racial, cultural o religiosa, de relacions de parella, de respecte dels drets humans o de perspectives laborals,&#8230;<\/li>\n<li><strong>M\u00f2dul 2: <\/strong><i>Jo i el m\u00f3n (Nivell 2). <\/i>Inclou 10 tallers que tracten b\u00e0sicament temes d\u2019addiccions (alcohol, cannabis, drogues de s\u00edntesi, m\u00f2bils, internet), de salut (anor\u00e8xia, MTS) o de maltractaments.<\/li>\n<\/ul>\n<\/li>\n<\/ul>\n<p>El <b>material <\/b>compr\u00e8n una <a href=\"https:\/\/projectes.xtec.cat\/xarxadults\/wp-content\/uploads\/usu1741\/2019\/09\/Presentacio_modul_Itineraris-1.pdf\" target=\"_blank\" rel=\"noopener noreferrer\">Presentaci\u00f3 did\u00e0ctica<\/a>, una <a href=\"https:\/\/projectes.xtec.cat\/xarxadults\/wp-content\/uploads\/usu1741\/2019\/09\/Guia_didactica_Modul_Itineraris-1.pdf\" target=\"_blank\" rel=\"noopener noreferrer\">Guia did\u00e0ctica<\/a> del m\u00f2dul i, per a cadascun dels tallers:<\/p>\n<p style=\"padding-left: 40px;\">&#8211; Un Powerpoint per projectar a l\u2019alumnat (<a href=\"https:\/\/drive.google.com\/open?id=19KWfvJgUJAzmJb-IxGwokLHF4HF0SQEK\" target=\"_blank\" rel=\"noopener noreferrer\">material did\u00e0ctic<\/a>)<\/p>\n<p style=\"padding-left: 40px;\">&#8211; Una guia did\u00e0ctica en format PDF que inclou els continguts del Powerpoint, a m\u00e9s d\u2019informaci\u00f3 per al professorat i d\u2019argumentari per a les preguntes (<a href=\"https:\/\/drive.google.com\/drive\/folders\/1jLMLs9zgs3l0BNer6Gr-KX94qvox3kYo?usp=sharing\" target=\"_blank\" rel=\"noopener noreferrer\">material did\u00e0ctic<\/a>)<\/p>\n<p>&nbsp;<\/p>\n<p style=\"text-align: center;\">\n","protected":false},"excerpt":{"rendered":"<p>&nbsp;<br \/>\nEl programa Itineraris inclou dos m\u00f2duls que estan pensats per a alumnat d\u2019alta vulnerabilitat que presenten comportaments de risc, trastorns de conducta o patologia dual i es pot adaptar als menors estrangers no acompanyats. Els m\u00f2duls estan estructurats en un conjunt de tallers dissenyats perqu\u00e8&hellip;  <a href=\"https:\/\/projectes.xtec.cat\/xarxadults\/ensenyaments\/acollida-moduls-joves-migrats-sols\/nivell-2\/modul-itineraris-2-jo-i-el-mon-tallers-que-treballen\/\" title=\"Read M\u00f2dul &#8220;Itineraris 2 \u2013 Jo i el m\u00f3n&#8221;\">Llegeix m\u00e9s\u00bb<\/a><\/p>\n","protected":false},"author":1,"featured_media":0,"parent":10245,"menu_order":30,"comment_status":"closed","ping_status":"closed","template":"page-templates\/side-menu.php","meta":{"_bbp_topic_count":0,"_bbp_reply_count":0,"_bbp_total_topic_count":0,"_bbp_total_reply_count":0,"_bbp_voice_count":0,"_bbp_anonymous_reply_count":0,"_bbp_topic_count_hidden":0,"_bbp_reply_count_hidden":0,"_bbp_forum_subforum_count":0,"footnotes":""},"class_list":["post-10383","page","type-page","status-publish","hentry"],"post_mailing_queue_ids":[],"_links":{"self":[{"href":"https:\/\/projectes.xtec.cat\/xarxadults\/wp-json\/wp\/v2\/pages\/10383","targetHints":{"allow":["GET"]}}],"collection":[{"href":"https:\/\/projectes.xtec.cat\/xarxadults\/wp-json\/wp\/v2\/pages"}],"about":[{"href":"https:\/\/projectes.xtec.cat\/xarxadults\/wp-json\/wp\/v2\/types\/page"}],"author":[{"embeddable":true,"href":"https:\/\/projectes.xtec.cat\/xarxadults\/wp-json\/wp\/v2\/users\/1"}],"replies":[{"embeddable":true,"href":"https:\/\/projectes.xtec.cat\/xarxadults\/wp-json\/wp\/v2\/comments?post=10383"}],"version-history":[{"count":3,"href":"https:\/\/projectes.xtec.cat\/xarxadults\/wp-json\/wp\/v2\/pages\/10383\/revisions"}],"predecessor-version":[{"id":10533,"href":"https:\/\/projectes.xtec.cat\/xarxadults\/wp-json\/wp\/v2\/pages\/10383\/revisions\/10533"}],"up":[{"embeddable":true,"href":"https:\/\/projectes.xtec.cat\/xarxadults\/wp-json\/wp\/v2\/pages\/10245"}],"wp:attachment":[{"href":"https:\/\/projectes.xtec.cat\/xarxadults\/wp-json\/wp\/v2\/media?parent=10383"}],"curies":[{"name":"wp","href":"https:\/\/api.w.org\/{rel}","templated":true}]}}