{"id":11116,"date":"2020-04-17T00:02:05","date_gmt":"2020-04-16T22:02:05","guid":{"rendered":"http:\/\/projectes.xtec.cat\/xarxadults\/?page_id=11116"},"modified":"2021-02-01T22:29:12","modified_gmt":"2021-02-01T21:29:12","slug":"orientacions-i-comunicacions-del-departament-deducacio-en-el-periode-de-confinament","status":"publish","type":"page","link":"https:\/\/projectes.xtec.cat\/xarxadults\/actuacions-extraordinaries\/orientacions-i-comunicacions-del-departament-deducacio-en-el-periode-de-confinament\/","title":{"rendered":"Orientacions i Comunicacions del Departament d&#8217;Educaci\u00f3 en la nova normalitat"},"content":{"rendered":"<p>&nbsp;<\/p>\n<p style=\"text-align: justify;\"><a href=\"https:\/\/projectes.xtec.cat\/xarxadults\/wp-content\/uploads\/usu1741\/2020\/09\/tempsnip.jpg\"><img loading=\"lazy\" decoding=\"async\" class=\"alignleft wp-image-11558\" title=\"Logo del Departament d'Educaci\u00f3 amb orientacions i comunicacions davant la situaci\u00f3 de pand\u00e8mia\" src=\"https:\/\/projectes.xtec.cat\/xarxadults\/wp-content\/uploads\/usu1741\/2020\/09\/tempsnip.jpg\" alt=\"Logo del Departament d'Educaci\u00f3 amb orientacions i comunicacions davant la situaci\u00f3 de pand\u00e8mia\" width=\"267\" height=\"223\" srcset=\"https:\/\/projectes.xtec.cat\/xarxadults\/wp-content\/uploads\/usu1741\/2020\/09\/tempsnip.jpg 328w, https:\/\/projectes.xtec.cat\/xarxadults\/wp-content\/uploads\/usu1741\/2020\/09\/tempsnip-300x250.jpg 300w\" sizes=\"auto, (max-width: 267px) 100vw, 267px\" \/><\/a><\/p>\n<p style=\"text-align: justify;\">Des del Departament d\u2019Educaci\u00f3 s\u2019elaboren orientacions per donar suport als Centres en aquest nou escenari tan complex, desconegut i incert, a on el treball d&#8217;aspectes emocionals del nostre alumnat pot ser m\u00e9s important que les tasques habituals d&#8217;aprenentatge.<\/p>\n<p style=\"text-align: justify;\"><span style=\"font-weight: 400;\">Us oferim un llistat amb aquesta documentaci\u00f3 per al curs 2020 &#8211; 2021:<\/span><\/p>\n<ul>\n<li><em><span style=\"color: #993300;\">Gesti\u00f3 de casos de COVID-19 als centres educatius (01\/12\/2020) <a href=\"https:\/\/projectes.xtec.cat\/xarxadults\/wp-content\/uploads\/usu1741\/2020\/12\/gestio-casos-centres-educatius.pdf\" target=\"_blank\" rel=\"noopener noreferrer\">(document)<\/a><\/span><\/em><span style=\"color: #993300;\">\u00a0<\/span><em style=\"font-size: 1.4375em; font-weight: bold;\"><span style=\"color: #ff0000;\"><strong>NOVETAT<\/strong><\/span><\/em><\/li>\n<li><em><span style=\"color: #993300;\">Criteris i orientacions per incrementar l\u2019aprenentatge h\u00edbrid a l\u2019FP, Batxillerat, Ensenyaments del r\u00e8gim especial, EOI i CFA (2\/novembre\/2020) <a href=\"https:\/\/projectes.xtec.cat\/xarxadults\/wp-content\/uploads\/usu1741\/2020\/11\/Orientacions-aprenentatge-hibrid.pdf\" target=\"_blank\" rel=\"noopener noreferrer\">(document)<\/a><\/span>\u00a0<\/em><em style=\"color: #993300; text-align: justify;\"><em style=\"color: #222222; text-align: left; font-size: 1.4375em; font-weight: bold;\"><span style=\"color: #ff0000;\"><strong>NOVETAT<\/strong><\/span><\/em><\/em><\/li>\n<li style=\"text-align: justify;\"><span style=\"color: #993300;\">Orientacions per a centres de formaci\u00f3 d&#8217;adults\u00a0en el context de crisi sanit\u00e0ria <a href=\"https:\/\/projectes.xtec.cat\/xarxadults\/wp-content\/uploads\/usu1741\/2020\/09\/ORIENTACIONS-CFA-SETEMBRE-2020.pdf\" target=\"_blank\" rel=\"noopener noreferrer\">(document)<\/a> <\/span><em style=\"font-size: 1.4375em; font-weight: bold;\"><span style=\"color: #ff0000;\"><strong>NOVETAT<\/strong><\/span><\/em><\/li>\n<li style=\"text-align: justify;\"><span style=\"color: #993300;\">Pla d&#8217;educaci\u00f3 digital de Catalunya 2020 &#8211; 2023 <a href=\"https:\/\/projectes.xtec.cat\/xarxadults\/wp-content\/uploads\/usu1741\/2020\/09\/pla-educacio-digital.pdf\" target=\"_blank\" rel=\"noopener noreferrer\">(document)<\/a><\/span><\/li>\n<li style=\"text-align: justify;\"><span style=\"color: #993300;\"> Documents per a l&#8217;organitzaci\u00f3 i la gesti\u00f3 dels centres (Instruccions inici curs) <a href=\"https:\/\/projectes.xtec.cat\/xarxadults\/wp-content\/uploads\/usu1741\/2020\/09\/INSTRUCCIONS_INICI_CURS_2021.pdf\" target=\"_blank\" rel=\"noopener noreferrer\">(document)<\/a><\/span><\/li>\n<li style=\"text-align: justify;\"><span style=\"color: #993300;\">Instruccions per al curs 2020-2021 dels centres educatius de Catalunya <a href=\"https:\/\/projectes.xtec.cat\/xarxadults\/wp-content\/uploads\/usu1741\/2020\/07\/Instruccions-curs-2020-2021-1.pdf\" target=\"_blank\" rel=\"noopener noreferrer\">(document)<\/a> <\/span><\/li>\n<li style=\"text-align: justify;\"><span style=\"color: #993300;\">Aclariments per als centres p\u00fablics de titularitat del Departament d\u2019Educaci\u00f3 en el curs 2020-2021<\/span> <a href=\"https:\/\/projectes.xtec.cat\/xarxadults\/wp-content\/uploads\/usu1741\/2020\/09\/aclariments-pla-organitzacio-centres-departament-curs-2020-2021.pdf\" target=\"_blank\" rel=\"noopener noreferrer\">(document)<\/a><\/li>\n<li style=\"text-align: justify;\"><span style=\"color: #993300;\">Orientacions per a la personalitzaci\u00f3 de l\u2019entorn virtual d\u2019aprenentatge en diferents escenaris\u00a0 educatius<\/span> <a href=\"https:\/\/projectes.xtec.cat\/xarxadults\/wp-content\/uploads\/usu1741\/2020\/09\/Orientacions-per-a-la-personalitzacio-entorn-virtual-aprenentatge.pdf\" target=\"_blank\" rel=\"noopener noreferrer\">(document)<\/a><\/li>\n<li><span style=\"color: #993300;\">Infografia: Orientacions per a la personalitzaci\u00f3 dels EVA (<a href=\"https:\/\/view.genial.ly\/5f58a256c5ef2c0d90de12b6\/vertical-infographic-plantillaexemple\">link<\/a>)<\/span><\/li>\n<li><span style=\"color: #993300;\">Mesures extraordin\u00e0ries de Salut per evitar els brots de la COVID-19 a les escoles (Centres docents) <a href=\"https:\/\/projectes.xtec.cat\/xarxadults\/wp-content\/uploads\/usu1741\/2020\/09\/salut-escola-carta-docents.pdf\" target=\"_blank\" rel=\"noopener noreferrer\">(document) <\/a>\u00a0<\/span><\/li>\n<li><span style=\"color: #993300;\">Annex: Altres recomanacions i procediment d\u2019actuaci\u00f3 (Centres Docents)<\/span> <a href=\"https:\/\/projectes.xtec.cat\/xarxadults\/wp-content\/uploads\/usu1741\/2020\/09\/salut-escola-annex-carta-docents.pdf\" target=\"_blank\" rel=\"noopener noreferrer\">(document)\u00a0<\/a><\/li>\n<li><span style=\"color: #993300;\">Mesures extraordin\u00e0ries de Salut per evitar els brots de la COVID-19 a les escoles (Fam\u00edlies)<\/span>\u00a0<a href=\"https:\/\/projectes.xtec.cat\/xarxadults\/wp-content\/uploads\/usu1741\/2020\/09\/Salut-_-Escola-CARTA-Families.pdf\" target=\"_blank\" rel=\"noopener noreferrer\">(document)<\/a><\/li>\n<li><span style=\"color: #993300;\">Annex: Altres recomanacions i procediment d\u2019actuaci\u00f3 (Fam\u00edlies)<\/span>\u00a0<a href=\"https:\/\/projectes.xtec.cat\/xarxadults\/wp-content\/uploads\/usu1741\/2020\/09\/Salut-_-Escola-Annex-Families.pdf\" target=\"_blank\" rel=\"noopener noreferrer\">(document)<\/a><\/li>\n<li><span style=\"color: #993300;\">Pla d\u2019actuaci\u00f3\u00a0per al curs 2020-2021\u00a0per a centres educatius\u00a0en el marc de la pand\u00e8mia <a href=\"https:\/\/projectes.xtec.cat\/xarxadults\/wp-content\/uploads\/usu1741\/2020\/09\/Pla-escoles-2020-21.pdf\" target=\"_blank\" rel=\"noopener noreferrer\">(document)<\/a><\/span><\/li>\n<li><span style=\"color: #993300;\">Pla de formaci\u00f3 per a l\u2019inici de curs en el marc de la pand\u00e8mia de la covid-19 <a href=\"https:\/\/projectes.xtec.cat\/xarxadults\/wp-content\/uploads\/usu1741\/2020\/09\/formacio-covid.pdf\" target=\"_blank\" rel=\"noopener noreferrer\">(document<\/a><\/span><\/li>\n<li><span style=\"color: #993300;\">Informe amb relaci\u00f3 a les mesures que s\u2019aplicaran per a l\u2019obertura\u00a0dels centres escolars <a href=\"https:\/\/projectes.xtec.cat\/xarxadults\/wp-content\/uploads\/usu1741\/2020\/09\/Informe-obertura-centres.pdf\" target=\"_blank\" rel=\"noopener noreferrer\">(document)\u00a0<\/a><\/span><\/li>\n<li style=\"text-align: justify;\"><span style=\"color: #993300;\">Recomanacions per a l&#8217;orientaci\u00f3 educativa i les proves d&#8217;avaluaci\u00f3 inicial durant la preinscripci\u00f3 del curs 2020 &#8211; 2021 als centres de formaci\u00f3 d&#8217;adults (<a href=\"https:\/\/projectes.xtec.cat\/xarxadults\/wp-content\/uploads\/usu1741\/2020\/06\/Preinscripci\u00f3-CFA-Recomanacions-sobre-orientaci\u00f3-i-proves.pdf\" target=\"_blank\" rel=\"noopener noreferrer\">document<\/a>)<\/span><\/li>\n<li style=\"text-align: justify;\"><span style=\"color: #993300;\">Instruccions per als centres educatius sobre els canvis en la gesti\u00f3 de la preinscripci\u00f3 i matr\u00edcula del curs 2020\/21 motivats per la situaci\u00f3 de la pand\u00e8mia. Ensenyaments impartits en centres i aules de formaci\u00f3 d&#8217;adults (<a href=\"https:\/\/projectes.xtec.cat\/xarxadults\/wp-content\/uploads\/usu1741\/2020\/05\/Instruccions-preinscripcio-adults.pdf\" target=\"_blank\" rel=\"noopener noreferrer\">document<\/a>)\u00a0<\/span><\/li>\n<\/ul>\n<p>Les orientacions que es van oferir en el curs 2019 &#8211; 2020 van ser:<\/p>\n<ul>\n<li style=\"text-align: justify;\"><span style=\"color: #993300;\">Instruccions per al desenvolupament de l\u2019acci\u00f3 educativa en el tercer trimestre i l\u2019avaluaci\u00f3 de l\u2019alumnat que cursa ensenyaments en centres de formaci\u00f3 d\u2019adults davant la prolongaci\u00f3 del per\u00edode de confinament pel Covid 19<\/span> (<a href=\"https:\/\/projectes.xtec.cat\/xarxadults\/wp-content\/uploads\/usu1741\/2020\/04\/Instruccions-avaluaci\u00f3-adults-confinament-ab20-_signat.pdf\" target=\"_blank\" rel=\"noopener noreferrer\">document<\/a>)<\/li>\n<li style=\"text-align: justify;\"><span style=\"color: #993300;\">Pla d&#8217;obertura de centres educatius en fase 2 de desescalada en la finalitzaci\u00f3\u00a0 del curs 2019-2020 i per a l&#8217;organitzaci\u00f3 i funcionament\u00a0 dels centres i els estudis del curs 2020-2021 <a href=\"https:\/\/projectes.xtec.cat\/xarxadults\/wp-content\/uploads\/usu1741\/2020\/05\/PLA-REOBERTURA-CENTRES-EDUCATIUS_FASE-2_PROCICAT_190520.pdf\" target=\"_blank\" rel=\"noopener noreferrer\">(document)<\/a> <\/span><\/li>\n<li style=\"text-align: justify;\"><span style=\"color: #993300;\">Recull d\u2019ordres, instruccions, mesures, orientacions i recursos durant el COVID-19<\/span><a href=\"https:\/\/projectes.xtec.cat\/xarxadults\/wp-content\/uploads\/usu1741\/2020\/04\/Recull-ordres-instruccions-mesures-orientacions-i-recursos-durant-el-COVID-19.pdf\" target=\"_blank\" rel=\"noopener noreferrer\"> (document) \u00a0<\/a><\/li>\n<li style=\"text-align: justify;\"><span style=\"font-weight: 400;\"><span style=\"color: #993300;\">Pla d&#8217;acci\u00f3: Centres educatius en l\u00ednia <\/span><\/span><i><span style=\"font-weight: 400;\"><a href=\"https:\/\/projectes.xtec.cat\/xarxadults\/wp-content\/uploads\/usu1741\/2020\/04\/Pla-centres-educatius-en-linia.pdf\" target=\"_blank\" rel=\"noopener noreferrer\">(document)<\/a><\/span><\/i><\/li>\n<li style=\"text-align: justify;\"><span style=\"color: #993300;\">Pla d\u2019acci\u00f3: Centres educatius en l\u00ednia<\/span> orientat a la Formaci\u00f3 del professorat <a href=\"https:\/\/projectes.xtec.cat\/xarxadults\/wp-content\/uploads\/usu1741\/2020\/05\/Formacio-extraordinaria_3r-trim.pdf\">(document)<\/a><\/li>\n<li style=\"text-align: justify;\"><span style=\"color: #993300;\">Pla d\u2019acci\u00f3: Centres educatius en l\u00ednia<\/span> orientat a l&#8217;\u00das responsable d&#8217;Internet amb un recull d&#8217;orientacions als centres <a href=\"https:\/\/projectes.xtec.cat\/xarxadults\/wp-content\/uploads\/usu1741\/2020\/05\/L5-Us-Responsable-Internet.pdf\" target=\"_blank\" rel=\"noopener noreferrer\">(document)<\/a><\/li>\n<li style=\"text-align: justify;\"><span style=\"color: #993300;\">Criteris per al desenvolupament de l\u2019acci\u00f3 educativa i l\u2019avaluaci\u00f3 dels alumnes en els centres on s\u2019imparteixen els ensenyaments del segon cicle d\u2019educaci\u00f3 infantil, prim\u00e0ria, secund\u00e0ria obligat\u00f2ria, batxillerat i formaci\u00f3 d\u2019adults,<\/span><span style=\"font-weight: 400;\"><span style=\"color: #993300;\"> davant la prolongaci\u00f3 del per\u00edode de confinament pel Covid19 <\/span><\/span><i><span style=\"font-weight: 400;\">(<a href=\"https:\/\/projectes.xtec.cat\/xarxadults\/wp-content\/uploads\/usu1741\/2020\/04\/Criteris-accioeducativa-avaluacio-covid19.pdf\" target=\"_blank\" rel=\"noopener noreferrer\">document<\/a>)<\/span><\/i><\/li>\n<li style=\"text-align: justify;\"><span style=\"color: #993300;\">Orientacions per als centres educatius<span style=\"font-weight: 400;\"> sobre activitats per als alumnes a causa del tancament pel coronavirus <\/span><\/span><i><span style=\"font-weight: 400;\"><a href=\"https:\/\/projectes.xtec.cat\/xarxadults\/wp-content\/uploads\/usu1741\/2020\/04\/Orientacions-centres-tancament-coronavirus-19-03.pdf\" target=\"_blank\" rel=\"noopener noreferrer\">(document)<\/a><\/span><\/i><\/li>\n<li style=\"text-align: justify;\"><span style=\"color: #993300;\">Orientacions als <\/span><span style=\"color: #993300;\">CFA en seu penitenciaria<\/span><i> <span style=\"font-weight: 400;\"><a href=\"https:\/\/projectes.xtec.cat\/xarxadults\/wp-content\/uploads\/usu1741\/2020\/04\/Orientacions-per-a-CFA-en-seu-penitenciaria-Rev02.pdf\" target=\"_blank\" rel=\"noopener noreferrer\">(document)<\/a><\/span><\/i><\/li>\n<li style=\"text-align: justify;\"><span style=\"color: #993300;\">Instruccions per al desenvolupament de l\u2019acci\u00f3 educativa i l\u2019avaluaci\u00f3 en el tercer trimestre dels alumnes en els centres on s\u2019imparteixen els ensenyaments del segon cicle d\u2019educaci\u00f3 infantil, prim\u00e0ria, secund\u00e0ria obligat\u00f2ria i batxillerat davant la prolongaci\u00f3 del per\u00edode de confinament pel Covid19<\/span><em> <a href=\"https:\/\/projectes.xtec.cat\/xarxadults\/wp-content\/uploads\/usu1741\/2020\/04\/Instruccions-accio-educativa-avaluacio-3T.pdf\" target=\"_blank\" rel=\"noopener noreferrer\">(document)<\/a><\/em><\/li>\n<li style=\"text-align: justify;\"><span style=\"color: #993300;\">Criteris<span style=\"font-weight: 400;\"> per a l&#8217;acci\u00f3 educativa i avaluaci\u00f3 als ensenyaments d&#8217;FP, de r\u00e8gim especial i art\u00edstics superiors <\/span><\/span><i><span style=\"font-weight: 400;\"><a href=\"https:\/\/projectes.xtec.cat\/xarxadults\/wp-content\/uploads\/usu1741\/2020\/04\/Orientacions_FP_EOI_3a_av.pdf\" target=\"_blank\" rel=\"noopener noreferrer\">(document)<\/a><\/span><\/i><\/li>\n<li style=\"text-align: justify;\"><span style=\"color: #993300;\">Orientacions per als centres educatius sobre activitats per als alumnes a causa del tancament pel coronavirus: Ensenyaments de formaci\u00f3 professional<span style=\"font-weight: 400;\">, Ensenyaments de r\u00e8gim especial, Ensenyaments art\u00edstics superiors<\/span> <\/span><i><span style=\"font-weight: 400;\"><a href=\"https:\/\/projectes.xtec.cat\/xarxadults\/wp-content\/uploads\/usu1741\/2020\/04\/Orientacions_FP_EOI_3a_av-1.pdf\" target=\"_blank\" rel=\"noopener noreferrer\">(document)<\/a><\/span><\/i><\/li>\n<li style=\"text-align: justify;\"><span style=\"color: #993300;\">Instruccions per al desenvolupament de l\u2019acci\u00f3 educativa i l\u2019avaluaci\u00f3 dels alumnes dels ensenyaments de Formaci\u00f3 professional i de R\u00e8gim especial davant la prolongaci\u00f3 del per\u00edode de confinament pel Covid19<\/span> <em><a href=\"https:\/\/projectes.xtec.cat\/xarxadults\/wp-content\/uploads\/usu1741\/2020\/04\/Instruccions-accio-educativa-avaluacio-3T-FP.pdf\" target=\"_blank\" rel=\"noopener noreferrer\">(document)<\/a><\/em><\/li>\n<li style=\"text-align: justify;\"><span style=\"color: #993300;\">Orientacions referents al tercer trimestre per als serveis educatius a causa del tancament dels centres educatius pel coronavirus<\/span><i><span style=\"font-weight: 400;\">\u00a0<a href=\"https:\/\/projectes.xtec.cat\/xarxadults\/wp-content\/uploads\/usu1741\/2020\/04\/orientacions_avaluacio.pdf\" target=\"_blank\" rel=\"noopener noreferrer\">(document)<\/a><\/span><\/i><\/li>\n<\/ul>\n<p>Tamb\u00e9 s&#8217;ha de mencionar l&#8217;<span style=\"color: #993300;\"><a style=\"color: #993300;\" href=\"https:\/\/www.educacionyfp.gob.es\/prensa\/actualidad\/2020\/04\/20200415-sectorial.html\" target=\"_blank\" rel=\"noopener noreferrer\">Acord entre el Ministerio de Educaci\u00f3n i les comunitats aut\u00f2nomes<\/a><\/span><span style=\"font-weight: 400;\"> que encara est\u00e0 <\/span><span style=\"font-weight: 400;\">pendent de concreci\u00f3 per part del Departament d\u2019Educaci\u00f3.<\/span><\/p>\n<p>Tamb\u00e9 podreu trobar m\u00e9s informaci\u00f3 al <a href=\"http:\/\/xtec.gencat.cat\/ca\/recursos\/orientacions-confinament\/\" target=\"_blank\" rel=\"noopener noreferrer\">web de l&#8217;XTEC.<\/a><\/p>\n<p>&nbsp;<\/p>\n","protected":false},"excerpt":{"rendered":"<p>&nbsp;<br \/>\n<a href=\"https:\/\/projectes.xtec.cat\/xarxadults\/wp-content\/uploads\/usu1741\/2020\/09\/tempsnip.jpg\"><\/a><br \/>\nDes del Departament d\u2019Educaci\u00f3 s\u2019elaboren orientacions per donar suport als Centres en aquest nou escenari tan complex, desconegut i incert, a on el treball d&#8217;aspectes emocionals del nostre alumnat pot ser m\u00e9s important que les tasques habituals d&#8217;aprenentatge.<br \/>\nUs oferim un llistat amb aquesta documentaci\u00f3&hellip;  <a href=\"https:\/\/projectes.xtec.cat\/xarxadults\/actuacions-extraordinaries\/orientacions-i-comunicacions-del-departament-deducacio-en-el-periode-de-confinament\/\" title=\"Read Orientacions i Comunicacions del Departament d&#8217;Educaci\u00f3 en la nova normalitat\">Llegeix m\u00e9s\u00bb<\/a><\/p>\n","protected":false},"author":1,"featured_media":0,"parent":11113,"menu_order":10,"comment_status":"closed","ping_status":"closed","template":"page-templates\/side-menu.php","meta":{"_bbp_topic_count":0,"_bbp_reply_count":0,"_bbp_total_topic_count":0,"_bbp_total_reply_count":0,"_bbp_voice_count":0,"_bbp_anonymous_reply_count":0,"_bbp_topic_count_hidden":0,"_bbp_reply_count_hidden":0,"_bbp_forum_subforum_count":0,"footnotes":""},"class_list":["post-11116","page","type-page","status-publish","hentry"],"post_mailing_queue_ids":[],"_links":{"self":[{"href":"https:\/\/projectes.xtec.cat\/xarxadults\/wp-json\/wp\/v2\/pages\/11116","targetHints":{"allow":["GET"]}}],"collection":[{"href":"https:\/\/projectes.xtec.cat\/xarxadults\/wp-json\/wp\/v2\/pages"}],"about":[{"href":"https:\/\/projectes.xtec.cat\/xarxadults\/wp-json\/wp\/v2\/types\/page"}],"author":[{"embeddable":true,"href":"https:\/\/projectes.xtec.cat\/xarxadults\/wp-json\/wp\/v2\/users\/1"}],"replies":[{"embeddable":true,"href":"https:\/\/projectes.xtec.cat\/xarxadults\/wp-json\/wp\/v2\/comments?post=11116"}],"version-history":[{"count":3,"href":"https:\/\/projectes.xtec.cat\/xarxadults\/wp-json\/wp\/v2\/pages\/11116\/revisions"}],"predecessor-version":[{"id":11998,"href":"https:\/\/projectes.xtec.cat\/xarxadults\/wp-json\/wp\/v2\/pages\/11116\/revisions\/11998"}],"up":[{"embeddable":true,"href":"https:\/\/projectes.xtec.cat\/xarxadults\/wp-json\/wp\/v2\/pages\/11113"}],"wp:attachment":[{"href":"https:\/\/projectes.xtec.cat\/xarxadults\/wp-json\/wp\/v2\/media?parent=11116"}],"curies":[{"name":"wp","href":"https:\/\/api.w.org\/{rel}","templated":true}]}}