{"id":11128,"date":"2020-04-17T00:02:15","date_gmt":"2020-04-16T22:02:15","guid":{"rendered":"http:\/\/projectes.xtec.cat\/xarxadults\/?page_id=11128"},"modified":"2021-02-01T22:28:57","modified_gmt":"2021-02-01T21:28:57","slug":"pla-daccio-centres-educatius-en-linia-entorns-daprenentatge-webinars-i-videotutorials","status":"publish","type":"page","link":"https:\/\/projectes.xtec.cat\/xarxadults\/actuacions-extraordinaries\/pla-daccio-centres-educatius-en-linia-entorns-daprenentatge-webinars-i-videotutorials\/","title":{"rendered":"Pla d\u2019acci\u00f3 centres educatius en l\u00ednia. Entorns d\u2019aprenentatge, webinars i videotutories"},"content":{"rendered":"<p>&nbsp;<\/p>\n<p style=\"text-align: justify;\"><a href=\"https:\/\/projectes.xtec.cat\/xarxadults\/wp-content\/uploads\/usu1741\/2020\/04\/Centres-en-linia-i-rec.jpg\"><img loading=\"lazy\" decoding=\"async\" class=\"alignleft wp-image-11209\" title=\"Logo del centre educatius en l\u00ednia amb l'explicaci\u00f3 Pla d'acci\u00f3, entorns d'aprenentatge, webinars i videotutories\" src=\"https:\/\/projectes.xtec.cat\/xarxadults\/wp-content\/uploads\/usu1741\/2020\/04\/Centres-en-linia-i-rec.jpg\" alt=\"Logo del centre educatius en l\u00ednia amb l'explicaci\u00f3 Pla d'acci\u00f3, entorns d'aprenentatge, webinars i videotutories\" width=\"235\" height=\"289\" srcset=\"https:\/\/projectes.xtec.cat\/xarxadults\/wp-content\/uploads\/usu1741\/2020\/04\/Centres-en-linia-i-rec.jpg 371w, https:\/\/projectes.xtec.cat\/xarxadults\/wp-content\/uploads\/usu1741\/2020\/04\/Centres-en-linia-i-rec-244x300.jpg 244w\" sizes=\"auto, (max-width: 235px) 100vw, 235px\" \/><\/a>Des del <strong>Departament d\u2019Educaci\u00f3<\/strong> s\u2019estan realitzan diferents actuacions i propostes de recursos per aprofundir en aquells aspectes que tenen a veure amb les <strong>pr\u00e0ctiques docents telem\u00e0tiques<\/strong> i tamb\u00e9 a prendre part en diferents activitats de formaci\u00f3 a dist\u00e0ncia. Per fer-ho, us oferim un recull actualitzat de recursos i <strong>activitats did\u00e0ctiques en l\u00ednia<\/strong> que us poden ajudar tant a l\u2019hora d\u2019elaborar propostes did\u00e0ctiques per al vostre alumnat per tal que pugui avan\u00e7ar en el seu proc\u00e9s d\u2019aprenentatge, malgrat l\u2019aturada de l\u2019activitat presencial.<\/p>\n<p style=\"text-align: justify;\">El Departament d&#8217;Educaci\u00f3 ofereix, a aquells centres i equips educatius que ho necessitin, models i propostes d&#8217;activitats de diferents nivells i \u00e0mbits curriculars per ajudar-los a mantenir l&#8217;activitat formativa en clau competencial.<\/p>\n<p style=\"text-align: justify;\">Amb el Pla d\u2019acci\u00f3 de Centres educatius en l\u00ednia, la Direcci\u00f3 General d\u2019Innovaci\u00f3, Recerca i Cultura Digital ha impulsat un nou espai de comunicaci\u00f3 i aprenentatge per a la comunitat educativa. Al web <a href=\"https:\/\/projectes.xtec.cat\/joemquedoacasa\/centres-en-linia-destacats\/\" target=\"_blank\" rel=\"noopener noreferrer\"><strong><span style=\"color: #993300;\">Centres en l\u00ednia<\/span> <\/strong><\/a>trobareu informaci\u00f3 sobre els <strong>webinars<\/strong> publicats. A trav\u00e9s d&#8217;ells els centres educatius prenen la paraula i mostren com estan gestionant aquest nou escenari de confinament.<\/p>\n<p>Us oferim un recull de webs on podreu trobar una informaci\u00f3 m\u00e9s detallada:<\/p>\n<ul>\n<li><strong><span style=\"color: #993300;\">Portal Alexandria. <\/span><\/strong>Aquest portal \u00e9s una gran biblioteca de recursos educatius digitals creats i seleccionats per docents de diverses \u00e0rees i nivells educatius, organitzats en\u00a0aules virtuals\u00a0que es poden\u00a0<a href=\"http:\/\/ateneu.xtec.cat\/wikiform\/wikiexport\/cmd\/tac\/moodle2\/b3_cursos\/alexandria\" target=\"_blank\" rel=\"noopener noreferrer\">traslladar directament a l&#8217;espai Moodle del centre<\/a> per adaptar-les i comen\u00e7ar a utilitzar-les amb els alumnes (<a href=\"https:\/\/alexandria.xtec.cat\/mod\/data\/view.php?d=2&amp;perpage=10&amp;search=TE-Tecnologies&amp;sort=0&amp;order=DESC&amp;advanced=0&amp;filter=1&amp;advanced=1&amp;f_16=&amp;f_19%5B%5D=Formaci%C3%B3+de+persones+adultes&amp;f_20=TE-Tecnologies&amp;f_594=&amp;f_22=&amp;f_18=\" target=\"_blank\" rel=\"noopener noreferrer\">link<\/a>) <em><strong style=\"font-size: 1.125em;\"><span style=\"color: #ff0000;\">NOVETAT<\/span><\/strong><\/em><\/li>\n<li><span style=\"color: #993300;\"><strong>Toolbox Doc\u00e8ncia en l\u00ednia.<\/strong><\/span> Selecci\u00f3 d&#8217;aplicacions per crear contingut en l\u00ednia i per facilitar el disseny de material i recursos educatius per treballar en l\u00ednia (<a href=\"https:\/\/toolbox.mobileworldcapital.com\/apps\/android\/metacategory:aplicacions-en-linia?utm_source=%2A+mSchools+mailing+list+%2A&amp;utm_campaign=f9ee7e00e0-EMAIL_CAMPAIGN_2018_06_27_01_59_COPY_02&amp;utm_medium=email&amp;utm_term=0_e6934f6547-f9ee7e00e0-362788285\" target=\"_blank\" rel=\"noopener noreferrer\">link<\/a>)<\/li>\n<li><span style=\"color: #993300;\"><strong>Toolbox Aprenentatge en l\u00ednia.<\/strong> <\/span>Selecci\u00f3 d&#8217;aplicacions per treballar en l\u00ednia continguts curriculars dels diferents \u00e0mbits (<a href=\"https:\/\/toolbox.mobileworldcapital.com\/apps\/android\/metacategory:aprenentatge-linia?utm_source=%2A+mSchools+mailing+list+%2A&amp;utm_campaign=f9ee7e00e0-EMAIL_CAMPAIGN_2018_06_27_01_59_COPY_02&amp;utm_medium=email&amp;utm_term=0_e6934f6547-f9ee7e00e0-362788285\" target=\"_blank\" rel=\"noopener noreferrer\">link<\/a>)<\/li>\n<li><strong><span style=\"color: #993300;\">Recursos, activitats i projectes impulsats des del Departament d\u2019Educaci\u00f3<\/span><\/strong> (V\u00eddeoMat, STEAM a l&#8217;espai, \u00c0lika, Mates per a emportar, Miniops, Reptes de l&#8217;App Inventor, La Terra des del zenit, Edumet&#8230;) (<a href=\"http:\/\/xtec.gencat.cat\/ca\/recursos\/actuacio-extraordinaria-activitats-autoaprenentatge\/recursos-dept-educacio\/\" target=\"_blank\" rel=\"noopener noreferrer\">link<\/a>)<\/li>\n<li><strong><span style=\"color: #993300;\">Recursos per al professorat<\/span>\u00a0<\/strong>creats per serveis externs per\u00f2 validats per l&#8217;\u00e0rea de Cultura Digital (FisLab, Canal de Ci\u00e8ncia, National Geographic Kids, New York Times: com s&#8217;escampa el virus, LandscapAR, Harry Potter at Home, Fotografia matem\u00e0tica ABEAM, Computer Science Unplugged, GoLab-Laborartoris Virtuals, BBC Learning English&#8230;) <a href=\"http:\/\/xtec.gencat.cat\/ca\/recursos\/actuacio-extraordinaria-activitats-autoaprenentatge\/recursos-externs\/\" target=\"_blank\" rel=\"noopener noreferrer\">(link)<\/a><\/li>\n<li><strong><span style=\"color: #993300;\">Models de propostes did\u00e0ctiques<\/span><\/strong> (La pesta negra, El neol\u00edtic, Un dia en la vida d&#8217;un infant obrer, De personatge a influencer, Fem de booktubers, Les finestres de casa, Stop the spread&#8230;) (<a href=\"http:\/\/xtec.gencat.cat\/ca\/recursos\/actuacio-extraordinaria-activitats-autoaprenentatge\/models-de-propostes-didactiques\/\" target=\"_blank\" rel=\"noopener noreferrer\">link<\/a>)<\/li>\n<li><strong><span style=\"color: #993300;\">Recursos de creaci\u00f3 de continguts per a docents<\/span><\/strong> (Materials EduLab -programaci\u00f3 i rob\u00f2tica-, Dimensi\u00f3 web, ICM Divulga, Ount de Tecnotrobada, #cienciadecasa, STEAMcat, EducaPlay, Calendari Matem\u00e0tic&#8230;) <a href=\"http:\/\/xtec.gencat.cat\/ca\/recursos\/actuacio-extraordinaria-activitats-autoaprenentatge\/recursos-creacio-continguts\/\" target=\"_blank\" rel=\"noopener noreferrer\">(link)<\/a><\/li>\n<li><strong><span style=\"color: #993300;\">Espai d&#8217;iniciatives i propostes<\/span> <\/strong>creades pels Serveis Educatius (Curs per a suport Eix, 4 idees b\u00e0siques per a EVA, Apunts sobre ensenyar i aprendre confinats, Ci\u00e8ncia des de casa&#8230;) <a href=\"http:\/\/xtec.gencat.cat\/ca\/serveis\/actuacions-extraordinaries-se\/espai-iniciatives-propostes\/\" target=\"_blank\" rel=\"noopener noreferrer\">(link)<\/a><\/li>\n<li><strong><span style=\"color: #993300;\">ARC<\/span><\/strong> <a href=\"http:\/\/apliense.xtec.cat\/arc\/cercador\" target=\"_blank\" rel=\"noopener noreferrer\">(link)<\/a><\/li>\n<li><strong><span style=\"color: #993300;\">CESIRE<\/span><\/strong> <a href=\"https:\/\/agora.xtec.cat\/cesire\/cesire\/posat-al-dia\/\" target=\"_blank\" rel=\"noopener noreferrer\">(link)<\/a><\/li>\n<li><span style=\"color: #993300;\"><strong>Cursos IOC<\/strong><\/span> <a href=\"https:\/\/educaciodigital.cat\/ioc-batx\/moodle\/\" target=\"_blank\" rel=\"noopener noreferrer\">(link)<\/a><\/li>\n<\/ul>\n<p style=\"text-align: justify;\"><span style=\"color: #993300;\"><span style=\"color: #000000;\">En aquests moments molts centres ja han iniciat l\u00ednies de treball digital amb el seu alumnat i fan \u00fas de diferents entorns per l\u2019aprenentatge. Per garantir l\u2019aprenentatge en l\u00ednia a l\u2019alumnat i acompanyar el professorat en l\u2019\u00fas educatiu de les tecnologies digitals, el Departament d\u2019Educaci\u00f3, en el marc d\u2019aquest context extraordinari, posa a disposici\u00f3 dels centres que encara no en tinguin i de manera esglaonada, l\u2019entorn virtual d\u2019aprenentatge EIX (basat en tecnologia Moodle). En aquest entorn, els docents poden crear aules virtuals i comen\u00e7ar a treballar-hi des del seu usuari i contrasenya xtec. EIX incorpora eines per compartir recursos, per fer seguiment del progr\u00e9s de l\u2019alumnat, fomenta el treball col\u00b7laboratiu i inclou la possibilitat de dur a terme v\u00eddeo-confer\u00e8ncies.\u00a0<\/span><\/span><\/p>\n<p style=\"text-align: justify;\"><span style=\"color: #993300;\"><span style=\"color: #000000;\">Els <span style=\"color: #993300;\"><strong>Entorns d&#8217;aprenentatge<\/strong><\/span>\u00a0<\/span><\/span><a style=\"color: #2795b6;\" href=\"https:\/\/projectes.xtec.cat\/joemquedoacasa\/entorns-daprenentage\/\" target=\"_blank\" rel=\"noopener noreferrer\">(link)<\/a> s\u00f3n una eina b\u00e0sica en l&#8217;aprenentatge a l&#8217;actual situaci\u00f3 de confinament. <span style=\"font-family: inherit; font-size: 1em; color: #993300;\"><span style=\"color: #000000;\">Tot i que des del Departament d\u2019Educaci\u00f3 es proporciona a tots els centres educatius de Catalunya el sistema operatiu Linkat i un entorn virtual basat en Moodle (\u00c0gora i Eix), aix\u00ed com el suport per a la seva gesti\u00f3, els centres, en funci\u00f3 de la seva autonomia, poden optar per fer \u00fas d\u2019altres plataformes. En cadascun dels seg\u00fcents apartats podreu trobar f\u00f2rums, materials de consulta, videotutorials, webinars&#8230;<\/span><\/span><\/p>\n<ul>\n<li><span style=\"color: #993300;\"><strong>Moodle <\/strong><span style=\"color: #000000;\"><a style=\"color: #000000;\" href=\"http:\/\/xtec.gencat.cat\/ca\/recursos\/actuacio-extraordinaria-activitats-autoaprenentatge\/entorns-aprenentatge\/moodle\/\" target=\"_blank\" rel=\"noopener noreferrer\"><span style=\"font-family: inherit; font-size: 1em;\">(link)<\/span><\/a><\/span><\/span><\/li>\n<li><span style=\"color: #993300;\"><strong>Classroom <\/strong><span style=\"color: #000000;\"><a style=\"color: #000000;\" href=\"http:\/\/xtec.gencat.cat\/ca\/recursos\/actuacio-extraordinaria-activitats-autoaprenentatge\/entorns-aprenentatge\/classroom\/\" target=\"_blank\" rel=\"noopener noreferrer\"><span style=\"font-family: inherit; font-size: 1em;\">(link)<\/span><\/a><\/span><\/span><\/li>\n<li><span style=\"color: #993300;\"><strong>Teams<\/strong> <span style=\"color: #000000;\"><a style=\"color: #000000;\" href=\"http:\/\/xtec.gencat.cat\/ca\/recursos\/actuacio-extraordinaria-activitats-autoaprenentatge\/entorns-aprenentatge\/teams\/\" target=\"_blank\" rel=\"noopener noreferrer\"><span style=\"font-family: inherit; font-size: 1em;\">(link) <\/span><\/a>(Els materials referents a Microsoft Teams han estat elaborats i cedits per Microsoft)<\/span><\/span><\/li>\n<\/ul>\n<p style=\"text-align: justify;\">Per tal de garantir l\u2019aprofitament pedag\u00f2gic d\u2019aquests entorns el Departament d&#8217;Educaci\u00f3<span style=\"font-family: inherit; font-size: 1em;\"> ofereix formacions, v\u00eddeo-tutorials, webinars aix\u00ed com exemples de bones pr\u00e0ctiques i recomanacions. En tenim alguns exemples a:<\/span><\/p>\n<ul>\n<li><span style=\"color: #993300;\"><strong>Canal Youtube: Centres en l\u00ednia<\/strong><\/span> <a href=\"https:\/\/www.youtube.com\/channel\/UCLsDWVSYhjFYweT-LFbIbwA\/featured\" target=\"_blank\" rel=\"noopener noreferrer\">(link)<\/a><\/li>\n<li><strong><span style=\"color: #993300;\">Videotutorials:<\/span> <\/strong>autoaprenentatge en format de c\u00e0psula audiovisual per tal de con\u00e8ixer diferents aspectes d\u2019entorns virtuals d\u2019aprenentatge i de l\u2019educaci\u00f3 en l\u00ednia.\u00a0<a style=\"font-family: inherit; font-size: 1em;\" href=\"http:\/\/xtec.gencat.cat\/ca\/recursos\/actuacio-extraordinaria-activitats-autoaprenentatge\/entorns-aprenentatge\/moodle\/#bloc3\" target=\"_blank\" rel=\"noopener noreferrer\">(link)<\/a><\/li>\n<li><strong><span style=\"color: #993300;\">Webinars:<\/span> <\/strong>Taules rodones virtuals de curt format i amb participaci\u00f3 i gravacions de formacions en l\u00ednia. <a style=\"font-family: inherit; font-size: 1em;\" href=\"http:\/\/xtec.gencat.cat\/ca\/recursos\/actuacio-extraordinaria-activitats-autoaprenentatge\/entorns-aprenentatge\/moodle\/#bloc3\" target=\"_blank\" rel=\"noopener noreferrer\">(link)<\/a><\/li>\n<li style=\"text-align: justify;\"><strong><span style=\"color: #993300;\">Nodes Claustre Obert:<\/span><\/strong> nodes on s&#8217;ofereixen els webinars Claustre Obert que mostrem com els centres s\u2019adapten als canvis fent \u00fas dels suports digitals, les metodologies competencials i la creaci\u00f3 de xarxa amb l\u2019entorn. <a href=\"https:\/\/projectes.xtec.cat\/claustreobert\/\" target=\"_blank\" rel=\"noopener noreferrer\">(link)<\/a><\/li>\n<\/ul>\n<p style=\"text-align: justify;\">Des del Servei d&#8217;Educaci\u00f3 al Llarg de la Vida us animem a participar d&#8217;aquests webinars i crear-ne de nous explicant les bones pr\u00e0ctiques que esteu realitzant al vostres centres. Si necessiteu m\u00e9s informaci\u00f3 no dubteu en posar-vos en escriure a <strong><span style=\"color: #993300;\">elvedu@gencat.cat<\/span><\/strong><\/p>\n<p><em>\u00c9s el moment de fer un canvi metodol\u00f2gic que ajudi els nostres alumnes per a la nova societat que sorgir\u00e0!<\/em><\/p>\n<p>&nbsp;<\/p>\n","protected":false},"excerpt":{"rendered":"<p>&nbsp;<br \/>\n<a href=\"https:\/\/projectes.xtec.cat\/xarxadults\/wp-content\/uploads\/usu1741\/2020\/04\/Centres-en-linia-i-rec.jpg\"><\/a>Des del Departament d\u2019Educaci\u00f3 s\u2019estan realitzan diferents actuacions i propostes de recursos per aprofundir en aquells aspectes que tenen a veure amb les pr\u00e0ctiques docents telem\u00e0tiques i tamb\u00e9 a prendre part en diferents activitats de formaci\u00f3 a dist\u00e0ncia. Per fer-ho, us oferim un recull&hellip;  <a href=\"https:\/\/projectes.xtec.cat\/xarxadults\/actuacions-extraordinaries\/pla-daccio-centres-educatius-en-linia-entorns-daprenentatge-webinars-i-videotutorials\/\" title=\"Read Pla d\u2019acci\u00f3 centres educatius en l\u00ednia. Entorns d\u2019aprenentatge, webinars i videotutories\">Llegeix m\u00e9s\u00bb<\/a><\/p>\n","protected":false},"author":1,"featured_media":0,"parent":11113,"menu_order":30,"comment_status":"closed","ping_status":"closed","template":"page-templates\/side-menu.php","meta":{"_bbp_topic_count":0,"_bbp_reply_count":0,"_bbp_total_topic_count":0,"_bbp_total_reply_count":0,"_bbp_voice_count":0,"_bbp_anonymous_reply_count":0,"_bbp_topic_count_hidden":0,"_bbp_reply_count_hidden":0,"_bbp_forum_subforum_count":0,"footnotes":""},"class_list":["post-11128","page","type-page","status-publish","hentry"],"post_mailing_queue_ids":[],"_links":{"self":[{"href":"https:\/\/projectes.xtec.cat\/xarxadults\/wp-json\/wp\/v2\/pages\/11128","targetHints":{"allow":["GET"]}}],"collection":[{"href":"https:\/\/projectes.xtec.cat\/xarxadults\/wp-json\/wp\/v2\/pages"}],"about":[{"href":"https:\/\/projectes.xtec.cat\/xarxadults\/wp-json\/wp\/v2\/types\/page"}],"author":[{"embeddable":true,"href":"https:\/\/projectes.xtec.cat\/xarxadults\/wp-json\/wp\/v2\/users\/1"}],"replies":[{"embeddable":true,"href":"https:\/\/projectes.xtec.cat\/xarxadults\/wp-json\/wp\/v2\/comments?post=11128"}],"version-history":[{"count":3,"href":"https:\/\/projectes.xtec.cat\/xarxadults\/wp-json\/wp\/v2\/pages\/11128\/revisions"}],"predecessor-version":[{"id":11996,"href":"https:\/\/projectes.xtec.cat\/xarxadults\/wp-json\/wp\/v2\/pages\/11128\/revisions\/11996"}],"up":[{"embeddable":true,"href":"https:\/\/projectes.xtec.cat\/xarxadults\/wp-json\/wp\/v2\/pages\/11113"}],"wp:attachment":[{"href":"https:\/\/projectes.xtec.cat\/xarxadults\/wp-json\/wp\/v2\/media?parent=11128"}],"curies":[{"name":"wp","href":"https:\/\/api.w.org\/{rel}","templated":true}]}}