{"id":11765,"date":"2020-10-29T13:16:24","date_gmt":"2020-10-29T12:16:24","guid":{"rendered":"http:\/\/projectes.xtec.cat\/xarxadults\/?page_id=11765"},"modified":"2022-11-11T10:51:02","modified_gmt":"2022-11-11T09:51:02","slug":"projecte-lorientacio-educativa-factor-clau-dexit-en-leducacio-al-llarg-de-la-vida","status":"publish","type":"page","link":"https:\/\/projectes.xtec.cat\/xarxadults\/orientacio\/projecte-lorientacio-educativa-factor-clau-dexit-en-leducacio-al-llarg-de-la-vida\/","title":{"rendered":"Projecte &#8220;L\u2019orientaci\u00f3 educativa: factor clau d\u2019\u00e8xit en l\u2019educaci\u00f3 al llarg de la vida&#8221;"},"content":{"rendered":"<p><a href=\"https:\/\/projectes.xtec.cat\/xarxadults\/wp-content\/uploads\/usu1741\/2020\/10\/Captura_FIC.jpg\"><img loading=\"lazy\" decoding=\"async\" class=\"aligncenter wp-image-11694\" title=\"Laberint amb una fletxa que surt d'ell i que condueix al t\u00edtol &quot;Formaci\u00f3 interna de centre&quot;\" src=\"https:\/\/projectes.xtec.cat\/xarxadults\/wp-content\/uploads\/usu1741\/2020\/10\/Captura_FIC-1024x666.jpg\" alt=\"Laberint amb una fletxa que surt d'ell i que condueix al t\u00edtol &quot;Formaci\u00f3 interna de centre&quot;\" width=\"457\" height=\"297\" srcset=\"https:\/\/projectes.xtec.cat\/xarxadults\/wp-content\/uploads\/usu1741\/2020\/10\/Captura_FIC-1024x666.jpg 1024w, https:\/\/projectes.xtec.cat\/xarxadults\/wp-content\/uploads\/usu1741\/2020\/10\/Captura_FIC-300x195.jpg 300w, https:\/\/projectes.xtec.cat\/xarxadults\/wp-content\/uploads\/usu1741\/2020\/10\/Captura_FIC-768x500.jpg 768w, https:\/\/projectes.xtec.cat\/xarxadults\/wp-content\/uploads\/usu1741\/2020\/10\/Captura_FIC.jpg 1299w\" sizes=\"auto, (max-width: 457px) 100vw, 457px\" \/><\/a><\/p>\n<p style=\"text-align: justify;\">Durant el curs 2020-21, <strong>37 centres de formaci\u00f3 d\u2019adults<\/strong> participaran en una formaci\u00f3 interna de centre, \u00a0emmarcada dins del projecte <strong><span style=\"color: #800000;\"><em>L\u2019orientaci\u00f3 educativa: factor clau d\u2019\u00e8xit en l\u2019educaci\u00f3 al llarg de la vida. <\/em><\/span><\/strong><\/p>\n<p style=\"text-align: justify;\">Aquesta iniciativa del Servei d\u2019Educaci\u00f3 al llarg de la Vida ha sorgit per donar resposta a les necessitats dels centres de formaci\u00f3 d\u2019adults, tot oferint-los formaci\u00f3 i acompanyament, de forma individualitzada i tenint en compte les seves particularitats i circumst\u00e0ncies, sobre l\u2019orientaci\u00f3 educativa que ofereixen al seu alumnat.<\/p>\n<p dir=\"ltr\">Els objectius d&#8217;aquest projecte s\u00f3n:<\/p>\n<ul>\n<li style=\"list-style-type: none;\">\n<ul>\n<li style=\"list-style-type: none;\">\n<ul style=\"list-style-type: circle;\">\n<li>Donar valor a l\u2019orientaci\u00f3 educativa i facilitar en els CFA\u00a0 una reflexi\u00f3 conjunta sobre l\u2019orientaci\u00f3 i la tutoria.<\/li>\n<li>Actualitzar el coneixement sobre orientaci\u00f3 educativa i fer prendre consci\u00e8ncia als CFA del funcionament d\u2019un Pla d\u2019orientaci\u00f3.<\/li>\n<li>Facilitar estrat\u00e8gies als CFA en l\u2019elaboraci\u00f3\u00a0 del propi Pla d\u2019orientaci\u00f3 a partir de la reflexi\u00f3 conjunta, el coneixement i el comprom\u00eds amb les necessitats de tots els alumnes i amb els altres agents referents d\u2019inclusi\u00f3 educativa.<\/li>\n<\/ul>\n<\/li>\n<\/ul>\n<\/li>\n<\/ul>\n<p style=\"text-align: justify;\">La formaci\u00f3 es dur\u00e0 a terme a trav\u00e9s d\u2019uns facilitadors, experts en orientaci\u00f3 educativa, que ajudaran els centres a fer una diagnosi sobre la seva situaci\u00f3 i les seves necessitats, oferiran estrat\u00e8gies i recursos i els guiaran en l\u2019elaboraci\u00f3 i implementaci\u00f3 del seu propi Pla d\u2019Orientaci\u00f3. A m\u00e9s, tamb\u00e9 hi participaran altres agents educatius de l\u2019\u00e0mbit de l\u2019orientaci\u00f3, l\u2019educaci\u00f3 inclusiva i l\u2019atenci\u00f3 a l\u2019alumnat, la qual cosa suposar\u00e0 un primer punt de partida per aconseguir la implicaci\u00f3 d\u2019aquests agents en aquesta etapa educativa .<\/p>\n<p style=\"text-align: justify;\">Les sessions de treball dels facilitadors amb els docents dels centres s\u2019iniciaran al novembre i finalitzaran al juny amb la presentaci\u00f3 del <strong><span style=\"color: #800000;\">Pla d\u2019Orientaci\u00f3<\/span><\/strong> propi de cada centre.<\/p>\n<p>Alguns dels documents de refer\u00e8ncia que es treballaran a les sessions s\u00f3n els seg\u00fcents:<\/p>\n<ul>\n<li style=\"list-style-type: none;\">\n<ul>\n<li id=\"module-788989\" class=\"activity resource modtype_resource \">\n<div class=\"mod-indent-outer\">\n<div class=\"mod-indent\" style=\"padding-left: 40px;\"><strong><span style=\"color: #993300;\"><a class=\"\" style=\"font-family: inherit; font-size: 1em; color: #993300;\" href=\"https:\/\/odissea.xtec.cat\/mod\/resource\/view.php?id=788990\"><img decoding=\"async\" class=\"iconlarge activityicon\" role=\"presentation\" src=\"https:\/\/odissea.xtec.cat\/theme\/image.php\/xtec2\/core\/1583392427\/f\/pdf-24\" alt=\"\" aria-hidden=\"true\" \/><\/a><\/span><\/strong><span style=\"color: #993300;\"><a href=\"https:\/\/projectes.xtec.cat\/xarxadults\/wp-content\/uploads\/usu1741\/2020\/10\/orientacions-pla-suport-individualitzat.pdf\" target=\"_blank\" rel=\"noopener noreferrer\">Orientacions pel pla de suport individualitzat<\/a><\/span><\/div>\n<\/div>\n<\/li>\n<li id=\"module-788991\" class=\"activity resource modtype_resource \">\n<div>\n<div class=\"mod-indent-outer\">\n<div>\n<div class=\"activityinstance\" style=\"padding-left: 40px;\"><span style=\"color: #993300;\"><img decoding=\"async\" class=\"iconlarge activityicon\" role=\"presentation\" src=\"https:\/\/odissea.xtec.cat\/theme\/image.php\/xtec2\/core\/1583392427\/f\/pdf-24\" alt=\"\" aria-hidden=\"true\" \/><a href=\"https:\/\/projectes.xtec.cat\/xarxadults\/wp-content\/uploads\/usu1741\/2020\/10\/Orientacio\u0301-educativa-a-leducacio\u0301-dadults.pdf\" target=\"_blank\" rel=\"noopener noreferrer\">L&#8217;orientacio\u0301 educativa a l&#8217;educacio\u0301 d&#8217;adults<\/a><\/span><\/div>\n<\/div>\n<\/div>\n<\/div>\n<\/li>\n<li id=\"module-788993\" class=\"activity resource modtype_resource \">\n<div>\n<div class=\"mod-indent-outer\">\n<div>\n<div class=\"activityinstance\" style=\"padding-left: 40px;\"><span style=\"color: #993300;\"><img decoding=\"async\" class=\"iconlarge activityicon\" role=\"presentation\" src=\"https:\/\/odissea.xtec.cat\/theme\/image.php\/xtec2\/core\/1583392427\/f\/pdf-24\" alt=\"\" aria-hidden=\"true\" \/><a href=\"https:\/\/projectes.xtec.cat\/xarxadults\/wp-content\/uploads\/usu1741\/2020\/10\/Lorientacio\u0301-educativa-i-laccio\u0301-tutorial.pdf\" target=\"_blank\" rel=\"noopener noreferrer\">L&#8217;orientacio\u0301 educativa i l&#8217;accio\u0301 tutorial<\/a><\/span><\/div>\n<\/div>\n<\/div>\n<\/div>\n<\/li>\n<li id=\"module-788996\" class=\"activity resource modtype_resource \">\n<div class=\"mod-indent-outer\">\n<div class=\"mod-indent\" style=\"padding-left: 40px;\"><span style=\"color: #993300;\"><img decoding=\"async\" class=\"iconlarge activityicon\" role=\"presentation\" src=\"https:\/\/odissea.xtec.cat\/theme\/image.php\/xtec2\/core\/1583392427\/f\/pdf-24\" alt=\"\" aria-hidden=\"true\" \/><a href=\"https:\/\/projectes.xtec.cat\/xarxadults\/wp-content\/uploads\/usu1741\/2020\/10\/FIC_-Cap-a-un-centre-orientador.pdf\" target=\"_blank\" rel=\"noopener noreferrer\">FIC_Cap a un centre orientador<\/a><\/span><\/div>\n<\/div>\n<\/li>\n<\/ul>\n<\/li>\n<\/ul>\n<p>&nbsp;<\/p>\n","protected":false},"excerpt":{"rendered":"<p><a href=\"https:\/\/projectes.xtec.cat\/xarxadults\/wp-content\/uploads\/usu1741\/2020\/10\/Captura_FIC.jpg\"><\/a><br \/>\nDurant el curs 2020-21, 37 centres de formaci\u00f3 d\u2019adults participaran en una formaci\u00f3 interna de centre, \u00a0emmarcada dins del projecte L\u2019orientaci\u00f3 educativa: factor clau d\u2019\u00e8xit en l\u2019educaci\u00f3 al llarg de la vida.<br \/>\nAquesta iniciativa del Servei d\u2019Educaci\u00f3 al llarg de la Vida ha sorgit&hellip;  <a href=\"https:\/\/projectes.xtec.cat\/xarxadults\/orientacio\/projecte-lorientacio-educativa-factor-clau-dexit-en-leducacio-al-llarg-de-la-vida\/\" title=\"Read Projecte &#8220;L\u2019orientaci\u00f3 educativa: factor clau d\u2019\u00e8xit en l\u2019educaci\u00f3 al llarg de la vida&#8221;\">Llegeix m\u00e9s\u00bb<\/a><\/p>\n","protected":false},"author":1,"featured_media":0,"parent":8216,"menu_order":1,"comment_status":"closed","ping_status":"closed","template":"page-templates\/side-menu.php","meta":{"_bbp_topic_count":0,"_bbp_reply_count":0,"_bbp_total_topic_count":0,"_bbp_total_reply_count":0,"_bbp_voice_count":0,"_bbp_anonymous_reply_count":0,"_bbp_topic_count_hidden":0,"_bbp_reply_count_hidden":0,"_bbp_forum_subforum_count":0,"footnotes":""},"class_list":["post-11765","page","type-page","status-publish","hentry"],"post_mailing_queue_ids":[],"_links":{"self":[{"href":"https:\/\/projectes.xtec.cat\/xarxadults\/wp-json\/wp\/v2\/pages\/11765","targetHints":{"allow":["GET"]}}],"collection":[{"href":"https:\/\/projectes.xtec.cat\/xarxadults\/wp-json\/wp\/v2\/pages"}],"about":[{"href":"https:\/\/projectes.xtec.cat\/xarxadults\/wp-json\/wp\/v2\/types\/page"}],"author":[{"embeddable":true,"href":"https:\/\/projectes.xtec.cat\/xarxadults\/wp-json\/wp\/v2\/users\/1"}],"replies":[{"embeddable":true,"href":"https:\/\/projectes.xtec.cat\/xarxadults\/wp-json\/wp\/v2\/comments?post=11765"}],"version-history":[{"count":3,"href":"https:\/\/projectes.xtec.cat\/xarxadults\/wp-json\/wp\/v2\/pages\/11765\/revisions"}],"predecessor-version":[{"id":11958,"href":"https:\/\/projectes.xtec.cat\/xarxadults\/wp-json\/wp\/v2\/pages\/11765\/revisions\/11958"}],"up":[{"embeddable":true,"href":"https:\/\/projectes.xtec.cat\/xarxadults\/wp-json\/wp\/v2\/pages\/8216"}],"wp:attachment":[{"href":"https:\/\/projectes.xtec.cat\/xarxadults\/wp-json\/wp\/v2\/media?parent=11765"}],"curies":[{"name":"wp","href":"https:\/\/api.w.org\/{rel}","templated":true}]}}