{"id":12357,"date":"2021-03-15T19:42:54","date_gmt":"2021-03-15T18:42:54","guid":{"rendered":"http:\/\/projectes.xtec.cat\/xarxadults\/?page_id=12357"},"modified":"2025-11-27T11:55:46","modified_gmt":"2025-11-27T10:55:46","slug":"formacio-instrumental","status":"publish","type":"page","link":"https:\/\/projectes.xtec.cat\/xarxadults\/ensenyaments\/formacio-instrumental\/","title":{"rendered":"FORMACI\u00d3 INSTRUMENTAL"},"content":{"rendered":"<p>Ja ha estat publicat al <a href=\"https:\/\/dogc.gencat.cat\/ca\/document-del-dogc\/?documentId=938596\" target=\"_blank\" rel=\"noopener\">DOGC l&#8217;ordre<\/a> per la qual s&#8217;estableix el nou curr\u00edculum de formaci\u00f3 instrumental per a persones adultes.<\/p>\n<p><a href=\"https:\/\/dogc.gencat.cat\/ca\/document-del-dogc\/?documentId=938596\" target=\"_blank\" rel=\"noopener\"><img loading=\"lazy\" decoding=\"async\" class=\"size-full wp-image-13805 aligncenter\" src=\"https:\/\/projectes.xtec.cat\/xarxadults\/wp-content\/uploads\/usu1741\/2022\/09\/DOGC-Curri-FI.jpg\" alt=\"\" width=\"725\" height=\"263\" srcset=\"https:\/\/projectes.xtec.cat\/xarxadults\/wp-content\/uploads\/usu1741\/2022\/09\/DOGC-Curri-FI.jpg 725w, https:\/\/projectes.xtec.cat\/xarxadults\/wp-content\/uploads\/usu1741\/2022\/09\/DOGC-Curri-FI-300x109.jpg 300w\" sizes=\"auto, (max-width: 725px) 100vw, 725px\" \/><\/a><\/p>\n<p>Si voleu tenir una informaci\u00f3 m\u00e9s amplia sobre el nou curr\u00edculum de formaci\u00f3 instrumental, podeu anar a la <strong><a href=\"https:\/\/projectes.xtec.cat\/nou-curriculum\/educacio-dadults\/\" target=\"_blank\" rel=\"noopener\">p\u00e0gina dels nous curr\u00edculums<\/a><\/strong> del Departament d&#8217;Educaci\u00f3.<\/p>\n<h4>El nou curr\u00edculum de formaci\u00f3 instrumental<\/h4>\n<p>La formaci\u00f3 instrumental \u00e9s una nova oportunitat d\u2019aprenentatge per a les persones adultes perqu\u00e8 proporciona els mitjans per a l\u2019adquisici\u00f3 de les compet\u00e8ncies, destreses i capacitats que contribueixen a l\u2019actualitzaci\u00f3 de les compet\u00e8ncies clau, facilitant el desenvolupament i l\u2019autonomia personals i acad\u00e8miques, la integraci\u00f3 social i l\u2019acc\u00e9s al m\u00f3n laboral.<\/p>\n<p>L\u2019actualitzaci\u00f3 del curr\u00edculum de formaci\u00f3 instrumental \u00e9s necess\u00e0ria per adaptar aquests ensenyaments als nous paradigmes educatius i a les necessitats educatives emergents en el context del m\u00f3n actual, globalitzat, digitalitzat i en evoluci\u00f3 constant, tot garantint l\u2019atenci\u00f3 educativa en el marc d\u2019un sistema educatiu inclusiu i coeducatiu.<\/p>\n<p>&nbsp;<\/p>\n<p><iframe class=\"wp-embedded-content\" sandbox=\"allow-scripts\" security=\"restricted\" title=\"Nou curr\u00edculum CFI\" frameborder='0' width='1200' height='675' src='https:\/\/view.genially.com\/620d36507be96700112888b6#?secret=sIf8kNZHsc' data-secret='sIf8kNZHsc' scrolling='yes'><\/iframe><\/p>\n<p>&nbsp;<\/p>\n<p>&nbsp;<\/p>\n<table style=\"border-collapse: collapse; width: 100.301%; height: 974px;\">\n<tbody>\n<tr style=\"height: 997px;\">\n<td style=\"width: 33.3333%; height: 424px; text-align: left; vertical-align: top; border-color: #000000; border-style: hidden;\">\n<h5><a href=\"https:\/\/dogc.gencat.cat\/ca\/document-del-dogc\/?documentId=938596\">ORDRE EDU\/217\/2022<\/a><\/h5>\n<p>De 23 de setembre, per la qual s\u2019estableix el curr\u00edculum de la formaci\u00f3 instrumental per a les persones adultes<a href=\"https:\/\/dogc.gencat.cat\/ca\/document-del-dogc\/?documentId=938596\"><img loading=\"lazy\" decoding=\"async\" class=\"aligncenter\" src=\"https:\/\/projectes.xtec.cat\/nou-curriculum\/wp-content\/uploads\/usu2072\/2022\/09\/ordre_adults.png\" alt=\"document ordre\" width=\"406\" height=\"571\" \/><\/a><\/td>\n<td style=\"width: 33.3333%; height: 424px; border-color: #000000; text-align: left; vertical-align: top; border-style: hidden;\">\n<h5><a href=\"https:\/\/dogc.gencat.cat\/ca\/document-del-dogc\/?documentId=944227\">RESOLUCI\u00d3 EDU\/3774\/2022<\/a><\/h5>\n<p>De 28 de novembre, per la qual s\u2019estableixen el procediment, els documents i els requisits formals del proc\u00e9s d\u2019avaluaci\u00f3 dels ensenyaments de la formaci\u00f3 instrumental per a les persones adultes<a href=\"https:\/\/dogc.gencat.cat\/ca\/document-del-dogc\/?documentId=944227\"><img decoding=\"async\" src=\"https:\/\/projectes.xtec.cat\/nou-curriculum\/wp-content\/uploads\/usu2072\/2023\/01\/RESOLUCIO-EDU-3774-2022-de-28-de-novembre-per-la-qual-s-estableixen-1.png\" alt=\"document ordre\" \/><\/a><\/td>\n<td style=\"width: 33.3333%; height: 424px; text-align: left; vertical-align: top; border-color: #000000; border-style: hidden;\">\n<h5>Indicacions<\/h5>\n<p>En el seg\u00fcent document es donen algunes informacions complement\u00e0ries sobre el nou curr\u00edculum<img decoding=\"async\" src=\"https:\/\/projectes.xtec.cat\/nou-curriculum\/wp-content\/uploads\/usu2072\/2022\/06\/Captura-de-Pantalla-2022-06-23-a-les-16.08.18.png\" alt=\"Informacions sobre el nou curr\u00edculum\" \/><\/td>\n<\/tr>\n<tr style=\"height: 95px;\">\n<td style=\"width: 33.3333%; border-style: none; vertical-align: top; height: 95px; border-color: #000000;\">\n<h5>Orientacions sobre el curr\u00edculum de formaci\u00f3 instrumental<\/h5>\n<p><img decoding=\"async\" src=\"https:\/\/projectes.xtec.cat\/nou-curriculum\/wp-content\/uploads\/usu2072\/2022\/10\/orientacions-adults.png\" alt=\"portada orientacions adults\" \/><\/td>\n<td style=\"width: 33.3333%; border-style: none; height: 95px; border-color: #000000; vertical-align: top;\">\n<h5>Acollida<\/h5>\n<p><a href=\"https:\/\/drive.google.com\/drive\/folders\/1zIGUw6zWPaZRMjhINfBiKxRKJQDr4eT8\">Orientacions per a l\u2019avaluaci\u00f3 inicial del futur alumne\/a<\/a><\/p>\n<h5>Programacions<\/h5>\n<p><a href=\"https:\/\/drive.google.com\/drive\/folders\/1DUEtS4SeA93KEV0fRSgbZ-UA7XWriaSo\">Exemples basats en el nou curr\u00edculum<\/a><\/p>\n<p>Aquest material ha estat elaborat per un grup de treball format per 16 docents de formaci\u00f3 instrumental que han aportat la seva experi\u00e8ncia amb l\u2019objectiu que sigui d\u2019utilitat per als centres.<\/td>\n<td style=\"width: 33.3333%; border-style: none; vertical-align: top; height: 95px; border-color: #000000;\"><\/td>\n<\/tr>\n<tr style=\"height: 31px;\">\n<td style=\"width: 33.3333%; border-style: none; vertical-align: top; height: 31px;\"><\/td>\n<td style=\"width: 33.3333%; border-style: none; vertical-align: top; height: 31px;\"><\/td>\n<td style=\"width: 33.3333%; border-style: none; vertical-align: top; height: 31px;\"><\/td>\n<\/tr>\n<tr style=\"height: 393px;\">\n<td style=\"width: 33.3333%; border-style: none; vertical-align: top; height: 393px;\">\n<h5>Projecte de nou curr\u00edculum<\/h5>\n<p><a href=\"https:\/\/drive.google.com\/file\/d\/1IEpn07_w_DJD5cyVsP6JiiOJoq4Gc4ll\/view\"><img decoding=\"async\" src=\"https:\/\/projectes.xtec.cat\/nou-curriculum\/wp-content\/uploads\/usu2072\/2022\/06\/Captura-de-Pantalla-2022-06-23-a-les-15.59.34.png\" alt=\"Projecte de nou curr\u00edculum de la formaci\u00f3 instrumental\" \/><\/a><\/td>\n<td style=\"width: 33.3333%; border-style: none; vertical-align: top; height: 393px;\">\n<h5>Aspectes generals<\/h5>\n<p><a href=\"https:\/\/drive.google.com\/file\/d\/1cnAyaifYVMn5lZfOU7Cjdo19DJoHOxte\/view\"><img decoding=\"async\" src=\"https:\/\/projectes.xtec.cat\/nou-curriculum\/wp-content\/uploads\/usu2072\/2022\/06\/Captura-de-Pantalla-2022-06-23-a-les-15.59.14.png\" alt=\"Aspectes generals sobre el projecte de nou curr\u00edculum de la formaci\u00f3 instrumental\" \/><\/a><\/td>\n<td style=\"width: 33.3333%; border-style: none; vertical-align: top; height: 393px;\">\n<h5>Cap a l\u2019enfocament globalitzat a la formaci\u00f3 instrumental<\/h5>\n<p><a href=\"https:\/\/drive.google.com\/file\/d\/1V1W-6JR2l7qWFuIrHol6lLH8uvjGRqzn\/view\"><img decoding=\"async\" src=\"https:\/\/projectes.xtec.cat\/nou-curriculum\/wp-content\/uploads\/usu2072\/2022\/06\/Captura-de-Pantalla-2022-06-23-a-les-15.59.51.png\" alt=\"Cap a l\u2019enfocament globalitzat a la formaci\u00f3 instrumental\" \/><\/a><\/td>\n<\/tr>\n<tr style=\"height: 31px;\">\n<td style=\"width: 33.3333%; border-style: none; text-align: left; vertical-align: top; height: 31px;\"><\/td>\n<td style=\"width: 33.3333%; border-style: none; text-align: left; vertical-align: top; height: 31px;\"><\/td>\n<td style=\"width: 33.3333%; border-style: none; text-align: left; vertical-align: top; height: 31px;\"><\/td>\n<\/tr>\n<\/tbody>\n<\/table>\n","protected":false},"excerpt":{"rendered":"<p>Ja ha estat publicat al <a href=\"https:\/\/dogc.gencat.cat\/ca\/document-del-dogc\/?documentId=938596\" target=\"_blank\" rel=\"noopener\">DOGC l&#8217;ordre<\/a> per la qual s&#8217;estableix el nou curr\u00edculum de formaci\u00f3 instrumental per a persones adultes.<br \/>\n<a href=\"https:\/\/dogc.gencat.cat\/ca\/document-del-dogc\/?documentId=938596\" target=\"_blank\" rel=\"noopener\"><\/a><br \/>\nSi voleu tenir una informaci\u00f3 m\u00e9s amplia sobre el nou curr\u00edculum de formaci\u00f3 instrumental, podeu anar a la <a&hellip;  <a href=\"https:\/\/projectes.xtec.cat\/xarxadults\/ensenyaments\/formacio-instrumental\/\" title=\"Read FORMACI\u00d3 INSTRUMENTAL\">Llegeix m\u00e9s\u00bb<\/a><\/p>\n","protected":false},"author":1,"featured_media":0,"parent":13527,"menu_order":20,"comment_status":"closed","ping_status":"closed","template":"page-templates\/side-menu.php","meta":{"_bbp_topic_count":0,"_bbp_reply_count":0,"_bbp_total_topic_count":0,"_bbp_total_reply_count":0,"_bbp_voice_count":0,"_bbp_anonymous_reply_count":0,"_bbp_topic_count_hidden":0,"_bbp_reply_count_hidden":0,"_bbp_forum_subforum_count":0,"footnotes":""},"class_list":["post-12357","page","type-page","status-publish","hentry"],"post_mailing_queue_ids":[],"_links":{"self":[{"href":"https:\/\/projectes.xtec.cat\/xarxadults\/wp-json\/wp\/v2\/pages\/12357","targetHints":{"allow":["GET"]}}],"collection":[{"href":"https:\/\/projectes.xtec.cat\/xarxadults\/wp-json\/wp\/v2\/pages"}],"about":[{"href":"https:\/\/projectes.xtec.cat\/xarxadults\/wp-json\/wp\/v2\/types\/page"}],"author":[{"embeddable":true,"href":"https:\/\/projectes.xtec.cat\/xarxadults\/wp-json\/wp\/v2\/users\/1"}],"replies":[{"embeddable":true,"href":"https:\/\/projectes.xtec.cat\/xarxadults\/wp-json\/wp\/v2\/comments?post=12357"}],"version-history":[{"count":8,"href":"https:\/\/projectes.xtec.cat\/xarxadults\/wp-json\/wp\/v2\/pages\/12357\/revisions"}],"predecessor-version":[{"id":14962,"href":"https:\/\/projectes.xtec.cat\/xarxadults\/wp-json\/wp\/v2\/pages\/12357\/revisions\/14962"}],"up":[{"embeddable":true,"href":"https:\/\/projectes.xtec.cat\/xarxadults\/wp-json\/wp\/v2\/pages\/13527"}],"wp:attachment":[{"href":"https:\/\/projectes.xtec.cat\/xarxadults\/wp-json\/wp\/v2\/media?parent=12357"}],"curies":[{"name":"wp","href":"https:\/\/api.w.org\/{rel}","templated":true}]}}