{"id":12362,"date":"2021-03-15T19:48:47","date_gmt":"2021-03-15T18:48:47","guid":{"rendered":"http:\/\/projectes.xtec.cat\/xarxadults\/?page_id=12362"},"modified":"2024-06-25T12:56:48","modified_gmt":"2024-06-25T10:56:48","slug":"llengua-catalana-i-llengua-castellana","status":"publish","type":"page","link":"https:\/\/projectes.xtec.cat\/xarxadults\/ensenyaments\/llengua-catalana-i-llengua-castellana\/","title":{"rendered":"CATAL\u00c0 I CASTELL\u00c0"},"content":{"rendered":"<p>&nbsp;<\/p>\n<p>Estudis que tenen com a objectiu que les persones adultes que ho necessitin assoleixin un grau de compet\u00e8ncia m\u00ednima per comunicar-se en qualsevol de les dues lleng\u00fces oficials de Catalunya. A la Vall d\u2019Aran tamb\u00e9 s\u2019ofereixen estudis de llengua occitana, denominada aran\u00e8s a l\u2019Aran, i comparteixen els mateixos objectius i nivells.<\/p>\n<h4><span style=\"color: #993300;\"><strong>Continguts<\/strong><\/span><\/h4>\n<ul>\n<li style=\"list-style-type: none;\">\n<ul>\n<li>Llengua catalana, \u00a0nivells 1, 2 i 3, que corresponen als nivells A1, A2 i B1 del MECR (Marc europeu com\u00fa de refer\u00e8ncia per a les lleng\u00fces), respectivament.<\/li>\n<li>Llengua castellana, \u00a0nivells 1, 2 i 3, que corresponen als nivells A1, A2 i B1 del MECR (Marc europeu com\u00fa de refer\u00e8ncia per a les lleng\u00fces), respectivament.<\/li>\n<li>Llengua aranesa, \u00a0nivells 1, 2 i 3, que corresponen als nivells A1, A2 i B1 del MECR (Marc europeu com\u00fa de refer\u00e8ncia per a les lleng\u00fces), respectivament.<\/li>\n<\/ul>\n<\/li>\n<\/ul>\n<h4><span style=\"color: #993300;\"><strong>Acc\u00e9s<\/strong><\/span><\/h4>\n<p>Poden accedir a aquests estudis les persones m\u00e9s grans de 18 anys i les que els compleixen durant l&#8217;any natural en qu\u00e8 s&#8217;inicia la formaci\u00f3.<\/p>\n<p>Per tal de situar l\u2019alumnat en el nivell que li correspon d\u2019acord amb les seves compet\u00e8ncies, en el moment de la preinscripci\u00f3 el centre de formaci\u00f3 d\u2019adults li far\u00e0 una prova de nivell.<\/p>\n<h4><span style=\"color: #993300;\"><strong>Tr\u00e0mits<\/strong><\/span><\/h4>\n<p>Per cursar aquest ensenyament cal formalitzar la preinscripci\u00f3 i la matr\u00edcula d&#8217;acord amb el per\u00edode i criteris fixats pel Departament d&#8217;Educaci\u00f3.<\/p>\n<h4><span style=\"color: #993300;\"><strong>Continu\u00eftat<\/strong><\/span><\/h4>\n<p>Podeu trobar m\u00e9s informaci\u00f3 sobre l&#8217;aprenentatge de la llengua catalana a\u00a0<a href=\"https:\/\/llengua.gencat.cat\/ca\/serveis\/aprendre_catala\">Aprendre catal\u00e0<\/a>.<\/p>\n<p>&nbsp;<\/p>\n<p>&nbsp;<\/p>\n","protected":false},"excerpt":{"rendered":"<p>&nbsp;<br \/>\nEstudis que tenen com a objectiu que les persones adultes que ho necessitin assoleixin un grau de compet\u00e8ncia m\u00ednima per comunicar-se en qualsevol de les dues lleng\u00fces oficials de Catalunya. A la Vall d\u2019Aran tamb\u00e9 s\u2019ofereixen estudis de llengua occitana, denominada aran\u00e8s a l\u2019Aran, i&hellip;  <a href=\"https:\/\/projectes.xtec.cat\/xarxadults\/ensenyaments\/llengua-catalana-i-llengua-castellana\/\" title=\"Read CATAL\u00c0 I CASTELL\u00c0\">Llegeix m\u00e9s\u00bb<\/a><\/p>\n","protected":false},"author":1,"featured_media":0,"parent":13527,"menu_order":20,"comment_status":"closed","ping_status":"closed","template":"page-templates\/side-menu.php","meta":{"_bbp_topic_count":0,"_bbp_reply_count":0,"_bbp_total_topic_count":0,"_bbp_total_reply_count":0,"_bbp_voice_count":0,"_bbp_anonymous_reply_count":0,"_bbp_topic_count_hidden":0,"_bbp_reply_count_hidden":0,"_bbp_forum_subforum_count":0,"footnotes":""},"class_list":["post-12362","page","type-page","status-publish","hentry"],"post_mailing_queue_ids":[],"_links":{"self":[{"href":"https:\/\/projectes.xtec.cat\/xarxadults\/wp-json\/wp\/v2\/pages\/12362","targetHints":{"allow":["GET"]}}],"collection":[{"href":"https:\/\/projectes.xtec.cat\/xarxadults\/wp-json\/wp\/v2\/pages"}],"about":[{"href":"https:\/\/projectes.xtec.cat\/xarxadults\/wp-json\/wp\/v2\/types\/page"}],"author":[{"embeddable":true,"href":"https:\/\/projectes.xtec.cat\/xarxadults\/wp-json\/wp\/v2\/users\/1"}],"replies":[{"embeddable":true,"href":"https:\/\/projectes.xtec.cat\/xarxadults\/wp-json\/wp\/v2\/comments?post=12362"}],"version-history":[{"count":4,"href":"https:\/\/projectes.xtec.cat\/xarxadults\/wp-json\/wp\/v2\/pages\/12362\/revisions"}],"predecessor-version":[{"id":14446,"href":"https:\/\/projectes.xtec.cat\/xarxadults\/wp-json\/wp\/v2\/pages\/12362\/revisions\/14446"}],"up":[{"embeddable":true,"href":"https:\/\/projectes.xtec.cat\/xarxadults\/wp-json\/wp\/v2\/pages\/13527"}],"wp:attachment":[{"href":"https:\/\/projectes.xtec.cat\/xarxadults\/wp-json\/wp\/v2\/media?parent=12362"}],"curies":[{"name":"wp","href":"https:\/\/api.w.org\/{rel}","templated":true}]}}