{"id":12392,"date":"2021-03-15T22:55:14","date_gmt":"2021-03-15T21:55:14","guid":{"rendered":"http:\/\/projectes.xtec.cat\/xarxadults\/?page_id=12392"},"modified":"2024-06-25T13:59:04","modified_gmt":"2024-06-25T11:59:04","slug":"preparacio-proves-acces-a-cicles-formatius-de-grau-mitja","status":"publish","type":"page","link":"https:\/\/projectes.xtec.cat\/xarxadults\/ensenyaments\/preparacio-per-a-les-proves-dacces-i-cam\/preparacio-proves-acces-a-cicles-formatius-de-grau-mitja\/","title":{"rendered":"Formaci\u00f3 per a les proves d&#8217;acc\u00e9s als cicles formatius de grau mitj\u00e0"},"content":{"rendered":"<p>&nbsp;<\/p>\n<p>Aquests estudis preparen per presentar-se a les proves d&#8217;acc\u00e9s als cicles de grau mitj\u00e0 de formaci\u00f3 professional, d&#8217;arts pl\u00e0stiques i disseny, i d&#8217;ensenyaments esportius.<\/p>\n<h4><span style=\"color: #993300;\"><strong>Contingut<\/strong><\/span><\/h4>\n<p>Les mat\u00e8ries del curs de formaci\u00f3 per a les proves d&#8217;acc\u00e9s als cicles formatius de grau mitj\u00e0 s\u00f3n les seg\u00fcents:<\/p>\n<ul>\n<li style=\"list-style-type: none;\">\n<ul>\n<li>compet\u00e8ncia en llengua catalana<\/li>\n<li>compet\u00e8ncia en llengua castellana<\/li>\n<li>compet\u00e8ncia en llengua estrangera<\/li>\n<li>compet\u00e8ncia social i ciutadana<\/li>\n<li>compet\u00e8ncia matem\u00e0tica<\/li>\n<li>compet\u00e8ncia d&#8217;interacci\u00f3 amb el m\u00f3n f\u00edsic<\/li>\n<li>compet\u00e8ncia en tecnologies<\/li>\n<\/ul>\n<\/li>\n<\/ul>\n<p>La durada m\u00ednima del curs \u00e9s de 330 hores.<\/p>\n<h4><span style=\"color: #993300;\"><strong>Acc\u00e9s<\/strong><\/span><\/h4>\n<p>Amb car\u00e0cter general, per accedir a l&#8217;educaci\u00f3 d&#8217;adults cal tenir m\u00e9s de 18 anys, o b\u00e9 complir-los durant l&#8217;any natural en qu\u00e8 s&#8217;inicia la formaci\u00f3, per\u00f2 les persones que compleixin com a m\u00ednim 16 anys l&#8217;any natural que inicien la formaci\u00f3 tamb\u00e9 poden accedir al curs de formaci\u00f3 per a les proves d&#8217;acc\u00e9s als cicles formatius de grau mitj\u00e0.<\/p>\n<p>Cal tenir en compte que per realitzar les proves d&#8217;acc\u00e9s als cicles formatius de grau mitj\u00e0 s\u2019han de tenir 17 anys o complir-los l&#8217;any natural en qu\u00e8 es realitza la prova.<\/p>\n<h4><span style=\"color: #993300;\"><strong>Tr\u00e0mits<\/strong><\/span><\/h4>\n<p>Per cursar aquest ensenyament cal formalitzar la preinscripci\u00f3 i la matr\u00edcula d&#8217;acord amb els criteris fixats pel Departament d&#8217;Educaci\u00f3.<\/p>\n<p>Aquest curs \u00e9s gratu\u00eft en els centres dependents del Departament d&#8217;Educaci\u00f3. Per a la resta de centres, consulteu l&#8217;import en el centre corresponent.<\/p>\n<h4><span style=\"color: #993300;\"><strong>Continu\u00eftat<\/strong><\/span><\/h4>\n<p>La qualificaci\u00f3 obtinguda en el curs de formaci\u00f3 per a les proves d&#8217;acc\u00e9s als cicles formatius de grau mitj\u00e0, si \u00e9s positiva, es multiplicar\u00e0 pel coeficient 0,20 i s\u2019afegir\u00e0 a la qualificaci\u00f3 obtinguda a la prova d\u2019acc\u00e9s sempre que sigui positiva.<\/p>\n<p>La superaci\u00f3 de la prova d\u00f3na acc\u00e9s a cursar un cicle formatiu de grau mitj\u00e0.<\/p>\n<h4><span style=\"color: #993300;\"><strong>Models de proves<\/strong><\/span><\/h4>\n<p>L\u2019<a href=\"https:\/\/agora.xtec.cat\/iesmila\/\" target=\"_blank\" rel=\"noopener\"><strong>Institut Mil\u00e0 i Fontanals<\/strong><\/a> d&#8217;Igualada t\u00e9 una recopilaci\u00f3 d&#8217;ex\u00e0mens de convocat\u00f2ries anteriors.<\/p>\n","protected":false},"excerpt":{"rendered":"<p>&nbsp;<br \/>\nAquests estudis preparen per presentar-se a les proves d&#8217;acc\u00e9s als cicles de grau mitj\u00e0 de formaci\u00f3 professional, d&#8217;arts pl\u00e0stiques i disseny, i d&#8217;ensenyaments esportius.<br \/>\nContingut<br \/>\nLes mat\u00e8ries del curs de formaci\u00f3 per a les proves d&#8217;acc\u00e9s als cicles formatius de grau mitj\u00e0 s\u00f3n les seg\u00fcents:<\/p>\n<ul>\n<li style=\"list-style-type: none;\">\n<ul>\n<li>compet\u00e8ncia&hellip;  <a href=\"https:\/\/projectes.xtec.cat\/xarxadults\/ensenyaments\/preparacio-per-a-les-proves-dacces-i-cam\/preparacio-proves-acces-a-cicles-formatius-de-grau-mitja\/\" title=\"Read Formaci\u00f3 per a les proves d&#8217;acc\u00e9s als cicles formatius de grau mitj\u00e0\">Llegeix m\u00e9s\u00bb<\/a><br \/>\n","protected":false},"author":1,"featured_media":0,"parent":12403,"menu_order":20,"comment_status":"closed","ping_status":"closed","template":"page-templates\/side-menu.php","meta":{"_bbp_topic_count":0,"_bbp_reply_count":0,"_bbp_total_topic_count":0,"_bbp_total_reply_count":0,"_bbp_voice_count":0,"_bbp_anonymous_reply_count":0,"_bbp_topic_count_hidden":0,"_bbp_reply_count_hidden":0,"_bbp_forum_subforum_count":0,"footnotes":""},"class_list":["post-12392","page","type-page","status-publish","hentry"],"post_mailing_queue_ids":[],"_links":{"self":[{"href":"https:\/\/projectes.xtec.cat\/xarxadults\/wp-json\/wp\/v2\/pages\/12392","targetHints":{"allow":["GET"]}}],"collection":[{"href":"https:\/\/projectes.xtec.cat\/xarxadults\/wp-json\/wp\/v2\/pages"}],"about":[{"href":"https:\/\/projectes.xtec.cat\/xarxadults\/wp-json\/wp\/v2\/types\/page"}],"author":[{"embeddable":true,"href":"https:\/\/projectes.xtec.cat\/xarxadults\/wp-json\/wp\/v2\/users\/1"}],"replies":[{"embeddable":true,"href":"https:\/\/projectes.xtec.cat\/xarxadults\/wp-json\/wp\/v2\/comments?post=12392"}],"version-history":[{"count":6,"href":"https:\/\/projectes.xtec.cat\/xarxadults\/wp-json\/wp\/v2\/pages\/12392\/revisions"}],"predecessor-version":[{"id":14460,"href":"https:\/\/projectes.xtec.cat\/xarxadults\/wp-json\/wp\/v2\/pages\/12392\/revisions\/14460"}],"up":[{"embeddable":true,"href":"https:\/\/projectes.xtec.cat\/xarxadults\/wp-json\/wp\/v2\/pages\/12403"}],"wp:attachment":[{"href":"https:\/\/projectes.xtec.cat\/xarxadults\/wp-json\/wp\/v2\/media?parent=12392"}],"curies":[{"name":"wp","href":"https:\/\/api.w.org\/{rel}","templated":true}]}}