{"id":12419,"date":"2021-03-15T23:16:16","date_gmt":"2021-03-15T22:16:16","guid":{"rendered":"http:\/\/projectes.xtec.cat\/xarxadults\/?page_id=12419"},"modified":"2024-06-25T12:19:04","modified_gmt":"2024-06-25T10:19:04","slug":"normativa-2","status":"publish","type":"page","link":"https:\/\/projectes.xtec.cat\/xarxadults\/ensenyaments\/preparacio-per-a-les-proves-dacces-i-cam\/normativa-2\/","title":{"rendered":"Normativa"},"content":{"rendered":"<h4 style=\"text-align: justify;\"><span style=\"color: #993300;\">Cursos de formaci\u00f3 preparatoris per a l&#8217;acc\u00e9s a cicles formatius<\/span><\/h4>\n<ul style=\"text-align: justify;\">\n<li><a href=\"https:\/\/dogc.gencat.cat\/ca\/document-del-dogc\/index.html?documentId=986984\">Resoluci\u00f3 EDU\/1855\/2024, de 24 de maig<\/a>, per la qual s&#8217;organitzen el curs de formaci\u00f3 preparatori per a l&#8217;acc\u00e9s a cicles formatius de grau mitj\u00e0 i el curs de formaci\u00f3 preparatori per a l&#8217;acc\u00e9s a cicles formatius de grau superior (DOGC n\u00fam. 9175, de 3.6.2024)<\/li>\n<\/ul>\n<h4 style=\"text-align: justify;\"><span style=\"color: #993300;\">Formaci\u00f3 per a les proves d&#8217;acc\u00e9s a cicles formatius<\/span><\/h4>\n<ul>\n<li><a href=\"https:\/\/dogc.gencat.cat\/ca\/document-del-dogc\/?documentId=793662\">Resoluci\u00f3 EDU\/1686\/2019<\/a>, de 18 de juny, per la qual s&#8217;estableixen els criteris de la formaci\u00f3 per a les proves d&#8217;acc\u00e9s als cicles formatius i s&#8217;estableix el proc\u00e9s d&#8217;autoritzaci\u00f3 i modificaci\u00f3 d&#8217;oferta d&#8217;aquiesta formaci\u00f3 per a centres que no depenen del Depaetament d&#8217;Educaci\u00f3 (DOGC n\u00fam 7870, de 8.5.2019)<\/li>\n<li><a href=\"https:\/\/dogc.gencat.cat\/ca\/document-del-dogc\/?documentId=567520\">Resoluci\u00f3 EDU\/3983\/2010<\/a>, de 9 de desembre, per la qual s&#8217;estableixen els temaris i els criteris d&#8217;avaluaci\u00f3 de les proves d&#8217;acc\u00e9s als cicles formatius de formaci\u00f3 professional inicial, als cicles formatius d&#8217;ensenyaments d&#8217;arts pl\u00e0stiques i disseny, i als cicles d&#8217;ensenyaments esportius (DOGC n\u00fam. 5778, 20.12.2010)<\/li>\n<li style=\"text-align: justify;\"><a href=\"https:\/\/dogc.gencat.cat\/ca\/document-del-dogc\/?documentId=460016\">Resoluci\u00f3 EDU\/2898\/2006<\/a>, de 22 d&#8217;agost, per la qual es regula, amb car\u00e0cter experimental, la formaci\u00f3 per a les proves d&#8217;acc\u00e9s als cicles formatius de formaci\u00f3 professional per al curs 2006-2007 (DOGC n\u00fam. 4717, de 13.9.2006).<\/li>\n<\/ul>\n<p>Tota la normativa que regula la formaci\u00f3 d&#8217;adults la podeu trobar al web <a href=\"https:\/\/triaeducativa.gencat.cat\/ca\/al-llarg-vida\/normativa\/\">Tria educativa<\/a>.<\/p>\n","protected":false},"excerpt":{"rendered":"<p>Cursos de formaci\u00f3 preparatoris per a l&#8217;acc\u00e9s a cicles formatius<\/p>\n<ul style=\"text-align: justify;\">\n<li><a href=\"https:\/\/dogc.gencat.cat\/ca\/document-del-dogc\/index.html?documentId=986984\">Resoluci\u00f3 EDU\/1855\/2024, de 24 de maig<\/a>, per la qual s&#8217;organitzen el curs de formaci\u00f3 preparatori per a l&#8217;acc\u00e9s a cicles formatius de grau mitj\u00e0 i el curs de formaci\u00f3 preparatori per a l&#8217;acc\u00e9s&hellip;  <a href=\"https:\/\/projectes.xtec.cat\/xarxadults\/ensenyaments\/preparacio-per-a-les-proves-dacces-i-cam\/normativa-2\/\" title=\"Read Normativa\">Llegeix m\u00e9s\u00bb<\/a><br \/>\n","protected":false},"author":1,"featured_media":0,"parent":12403,"menu_order":60,"comment_status":"closed","ping_status":"closed","template":"page-templates\/side-menu.php","meta":{"_bbp_topic_count":0,"_bbp_reply_count":0,"_bbp_total_topic_count":0,"_bbp_total_reply_count":0,"_bbp_voice_count":0,"_bbp_anonymous_reply_count":0,"_bbp_topic_count_hidden":0,"_bbp_reply_count_hidden":0,"_bbp_forum_subforum_count":0,"footnotes":""},"class_list":["post-12419","page","type-page","status-publish","hentry"],"post_mailing_queue_ids":[],"_links":{"self":[{"href":"https:\/\/projectes.xtec.cat\/xarxadults\/wp-json\/wp\/v2\/pages\/12419","targetHints":{"allow":["GET"]}}],"collection":[{"href":"https:\/\/projectes.xtec.cat\/xarxadults\/wp-json\/wp\/v2\/pages"}],"about":[{"href":"https:\/\/projectes.xtec.cat\/xarxadults\/wp-json\/wp\/v2\/types\/page"}],"author":[{"embeddable":true,"href":"https:\/\/projectes.xtec.cat\/xarxadults\/wp-json\/wp\/v2\/users\/1"}],"replies":[{"embeddable":true,"href":"https:\/\/projectes.xtec.cat\/xarxadults\/wp-json\/wp\/v2\/comments?post=12419"}],"version-history":[{"count":7,"href":"https:\/\/projectes.xtec.cat\/xarxadults\/wp-json\/wp\/v2\/pages\/12419\/revisions"}],"predecessor-version":[{"id":14445,"href":"https:\/\/projectes.xtec.cat\/xarxadults\/wp-json\/wp\/v2\/pages\/12419\/revisions\/14445"}],"up":[{"embeddable":true,"href":"https:\/\/projectes.xtec.cat\/xarxadults\/wp-json\/wp\/v2\/pages\/12403"}],"wp:attachment":[{"href":"https:\/\/projectes.xtec.cat\/xarxadults\/wp-json\/wp\/v2\/media?parent=12419"}],"curies":[{"name":"wp","href":"https:\/\/api.w.org\/{rel}","templated":true}]}}