{"id":13607,"date":"2022-03-15T12:15:59","date_gmt":"2022-03-15T11:15:59","guid":{"rendered":"https:\/\/projectes.xtec.cat\/xarxadults\/?page_id=13607"},"modified":"2025-04-07T09:08:22","modified_gmt":"2025-04-07T07:08:22","slug":"infografies","status":"publish","type":"page","link":"https:\/\/projectes.xtec.cat\/xarxadults\/preguntes-frequents\/infografies\/","title":{"rendered":"Infografies"},"content":{"rendered":"<p>Per saber-ne m\u00e9s, podeu mirar aquestes infografies.<\/p>\n<ul>\n<li style=\"list-style-type: none;\">\n<ul>\n<li style=\"list-style-type: none;\">\n<ul>\n<li><a href=\"https:\/\/drive.google.com\/file\/d\/1JH99mowIMkF-cOCQXVTno06EkQg5Ify1\/view?usp=sharing\">Informaci\u00f3 general<\/a><\/li>\n<li><a href=\"https:\/\/drive.google.com\/file\/d\/1PSVJShNQKMzgB7Xev8nGm11DZQVUoVKK\/view?usp=sharing\">Lleng\u00fces estrangeres (angl\u00e8s i franc\u00e8s)<\/a><\/li>\n<li><a href=\"https:\/\/drive.google.com\/file\/d\/1lMxBjklZqpE6NilanVgAjAWNhve8D2lL\/view?usp=sharing\">Inform\u00e0tica (COMPETIC)<\/a><\/li>\n<li><a href=\"https:\/\/drive.google.com\/file\/d\/1Tjx8k-Q7j1EJv3c4Raothf8VoOtmXRBa\/view?usp=sharing\">Educaci\u00f3 secund\u00e0ria obligat\u00f2ria per Adults (GESO)<\/a><\/li>\n<li><a href=\"https:\/\/drive.google.com\/file\/d\/1okpej_NPFD4vK-m8UzKqyNs6c6FA4mTX\/view?usp=sharing\">Preparaci\u00f3 per a les proves d\u2019acc\u00e9s<\/a><\/li>\n<\/ul>\n<\/li>\n<\/ul>\n<\/li>\n<\/ul>\n","protected":false},"excerpt":{"rendered":"<p>Per saber-ne m\u00e9s, podeu mirar aquestes infografies.<\/p>\n<ul>\n<li style=\"list-style-type: none;\">\n<ul>\n<li style=\"list-style-type: none;\">\n<ul>\n<li><a href=\"https:\/\/drive.google.com\/file\/d\/1JH99mowIMkF-cOCQXVTno06EkQg5Ify1\/view?usp=sharing\">Informaci\u00f3 general<\/a><\/li>\n<li><a href=\"https:\/\/drive.google.com\/file\/d\/1PSVJShNQKMzgB7Xev8nGm11DZQVUoVKK\/view?usp=sharing\">Lleng\u00fces estrangeres (angl\u00e8s i franc\u00e8s)<\/a><\/li>\n<li><a href=\"https:\/\/drive.google.com\/file\/d\/1lMxBjklZqpE6NilanVgAjAWNhve8D2lL\/view?usp=sharing\">Inform\u00e0tica (COMPETIC)<\/a><\/li>\n<li><a href=\"https:\/\/drive.google.com\/file\/d\/1Tjx8k-Q7j1EJv3c4Raothf8VoOtmXRBa\/view?usp=sharing\">Educaci\u00f3 secund\u00e0ria obligat\u00f2ria per Adults (GESO)<\/a><\/li>\n<li><a href=\"https:\/\/drive.google.com\/file\/d\/1okpej_NPFD4vK-m8UzKqyNs6c6FA4mTX\/view?usp=sharing\">Preparaci\u00f3 per a les proves d\u2019acc\u00e9s<\/a><\/li>\n<\/ul>\n<\/li>\n<\/ul>\n<\/li>\n<\/ul>\n","protected":false},"author":361,"featured_media":0,"parent":13516,"menu_order":1,"comment_status":"closed","ping_status":"closed","template":"page-templates\/side-menu.php","meta":{"_bbp_topic_count":0,"_bbp_reply_count":0,"_bbp_total_topic_count":0,"_bbp_total_reply_count":0,"_bbp_voice_count":0,"_bbp_anonymous_reply_count":0,"_bbp_topic_count_hidden":0,"_bbp_reply_count_hidden":0,"_bbp_forum_subforum_count":0,"footnotes":""},"class_list":["post-13607","page","type-page","status-publish","hentry"],"post_mailing_queue_ids":[],"_links":{"self":[{"href":"https:\/\/projectes.xtec.cat\/xarxadults\/wp-json\/wp\/v2\/pages\/13607","targetHints":{"allow":["GET"]}}],"collection":[{"href":"https:\/\/projectes.xtec.cat\/xarxadults\/wp-json\/wp\/v2\/pages"}],"about":[{"href":"https:\/\/projectes.xtec.cat\/xarxadults\/wp-json\/wp\/v2\/types\/page"}],"author":[{"embeddable":true,"href":"https:\/\/projectes.xtec.cat\/xarxadults\/wp-json\/wp\/v2\/users\/361"}],"replies":[{"embeddable":true,"href":"https:\/\/projectes.xtec.cat\/xarxadults\/wp-json\/wp\/v2\/comments?post=13607"}],"version-history":[{"count":5,"href":"https:\/\/projectes.xtec.cat\/xarxadults\/wp-json\/wp\/v2\/pages\/13607\/revisions"}],"predecessor-version":[{"id":14801,"href":"https:\/\/projectes.xtec.cat\/xarxadults\/wp-json\/wp\/v2\/pages\/13607\/revisions\/14801"}],"up":[{"embeddable":true,"href":"https:\/\/projectes.xtec.cat\/xarxadults\/wp-json\/wp\/v2\/pages\/13516"}],"wp:attachment":[{"href":"https:\/\/projectes.xtec.cat\/xarxadults\/wp-json\/wp\/v2\/media?parent=13607"}],"curies":[{"name":"wp","href":"https:\/\/api.w.org\/{rel}","templated":true}]}}