{"id":8216,"date":"2017-12-14T13:27:29","date_gmt":"2017-12-14T12:27:29","guid":{"rendered":"http:\/\/projectes.xtec.cat\/xarxadults\/?page_id=8216"},"modified":"2022-11-11T10:46:58","modified_gmt":"2022-11-11T09:46:58","slug":"orientacio","status":"publish","type":"page","link":"https:\/\/projectes.xtec.cat\/xarxadults\/orientacio\/","title":{"rendered":"Orientaci\u00f3"},"content":{"rendered":"<p style=\"text-align: justify;\">L\u2019<strong>orientaci\u00f3 educativa<\/strong> \u00e9s un element transversal que s\u2019articula des de totes les \u00e0rees i ensenyaments aix\u00f2 com en totes les etapes educatives. A l\u2019educaci\u00f3 d\u2019adults pren especial import\u00e0ncia per una banda per la diversitat d\u2019interessos, d\u2019objectius i de perspectives de futur dels alumnes quan i per altra banda per les caracter\u00edstiques dels ensenyaments que s\u2019imparteixen als centres de formaci\u00f3 d\u2019adults.Per tant la tasca d\u2019<strong>acci\u00f3 tutorial<\/strong> en els centres de formaci\u00f3 d\u2019adults engloba tota la traject\u00f2ria de l\u2019alumnat, des de l\u2019acollida al centre fins a la seva projecci\u00f3 formativa i social m\u00e9s enll\u00e0 de l\u2019escola d\u2019adults. En el mateix sentit l\u2019orientaci\u00f3 educativa implica tot l\u2019<strong>equip docent<\/strong> sota el marc d\u2019un <strong>projecte compartit.<\/strong><\/p>\n<p style=\"text-align: justify;\">Tots aquests elements es recullen a la <a href=\"http:\/\/dogc.gencat.cat\/ca\/pdogc_canals_interns\/pdogc_resultats_fitxa\/?documentId=480169&amp;language=ca_ES&amp;action=fitxa\">Llei 12\/2009, del 10 de juliol, d\u2019educaci\u00f3<\/a> \u00a0que \u00e9s el marc normatiu dels principis i les actuacions que el sistema educatiu desplega per a donar resposta a les necessitats educatives de cada persona. En el Pre\u00e0mbul, la llei presenta l\u2019educaci\u00f3 de qualitat com aquella que d\u00f3na oportunitats educatives a tothom durant tota la vida i, a la vegada, permet a cada persona el bastiment del seu projecte vital. En el seu articulat, entre les\u00a0 funcions dels docents est\u00e0 l\u2019exercir la tutoria dels alumnes i la direcci\u00f3 i l\u2019orientaci\u00f3 global de llur aprenentatge. (art.104 2 c). Dintre dels criteris d\u2019organitzaci\u00f3 pedag\u00f2gica en els ensenyaments postobligatoris indica que correspon al tutor\/a l\u2019atenci\u00f3 general dels alumnes, directament i per mitj\u00e0 de l\u2019orientaci\u00f3 de l\u2019acci\u00f3 conjunta de l\u2019equip docent (&#8230;) (art.80.2)<\/p>\n<p style=\"text-align: justify;\">Per altra banda, en el cap\u00edtol IV referit a l\u2019Educaci\u00f3 d\u2019adults manifesta com a objectius de l\u2019educaci\u00f3 d\u2019adults, entre altres:<\/p>\n<ul>\n<li><strong>Possibilitar a totes les persones el desenvolupament de llur projecte personal i professional i facilitar-los la participaci\u00f3 social.<\/strong><\/li>\n<li><strong>Informar i orientar les persones sobre les accions formatives m\u00e9s adequades a llurs interessos i possibilitats.<\/strong><\/li>\n<\/ul>\n<p style=\"text-align: justify;\">Com a suport als centres en els\u00a0<a href=\"https:\/\/educacio.gencat.cat\/ca\/arees-actuacio\/centres-serveis-educatius\/centres\/organitzacio-gestio\/doigc\/\">documents per a l\u2019organitzaci\u00f3 i la gesti\u00f3 dels centres<\/a> que el Departament d\u2019Ensenyament publica cada curs, podreu trobar <strong>directrius espec\u00edfiques pels centres de formaci\u00f3 d\u2019adults pel que respecta a l\u2019acollida i l\u2019orientaci\u00f3, l\u2019avaluaci\u00f3 inicial, l\u2019acci\u00f3 tutorial i la documentaci\u00f3 acad\u00e8mica.<\/strong><\/p>\n<p style=\"text-align: justify;\">Definir com es vol dur a terme l\u2019orientaci\u00f3 educativa i quines s\u00f3n les prioritats i el comprom\u00eds per part de l\u2019equip \u00e9s el document d\u2019<strong>identitat del centre<\/strong>. Cada centre concreta el seu<strong> projecte \u00fanic i singular<\/strong>, del qual se\u2019n fa un seguiment per revisar-lo en funci\u00f3 dels canvis que es puguin donar, tant a nivell de centre, com de perfil d\u2019alumnat o demandes socials.<\/p>\n<p style=\"text-align: justify;\"><strong>Els reptes a assolir inclouen la implicaci\u00f3 de l\u2019equip docent, la construcci\u00f3 de la realitat amb una visi\u00f3 compartida, saber crear comprom\u00eds, definir una fita i crear objectius comuns.<\/strong><\/p>\n","protected":false},"excerpt":{"rendered":"<p>L\u2019orientaci\u00f3 educativa \u00e9s un element transversal que s\u2019articula des de totes les \u00e0rees i ensenyaments aix\u00f2 com en totes les etapes educatives. A l\u2019educaci\u00f3 d\u2019adults pren especial import\u00e0ncia per una banda per la diversitat d\u2019interessos, d\u2019objectius i de perspectives de futur dels alumnes quan i&hellip;  <a href=\"https:\/\/projectes.xtec.cat\/xarxadults\/orientacio\/\" title=\"Read Orientaci\u00f3\">Llegeix m\u00e9s\u00bb<\/a><\/p>\n","protected":false},"author":5,"featured_media":0,"parent":0,"menu_order":6,"comment_status":"closed","ping_status":"closed","template":"page-templates\/side-menu.php","meta":{"_bbp_topic_count":0,"_bbp_reply_count":0,"_bbp_total_topic_count":0,"_bbp_total_reply_count":0,"_bbp_voice_count":0,"_bbp_anonymous_reply_count":0,"_bbp_topic_count_hidden":0,"_bbp_reply_count_hidden":0,"_bbp_forum_subforum_count":0,"footnotes":""},"class_list":["post-8216","page","type-page","status-publish","hentry"],"post_mailing_queue_ids":[],"_links":{"self":[{"href":"https:\/\/projectes.xtec.cat\/xarxadults\/wp-json\/wp\/v2\/pages\/8216","targetHints":{"allow":["GET"]}}],"collection":[{"href":"https:\/\/projectes.xtec.cat\/xarxadults\/wp-json\/wp\/v2\/pages"}],"about":[{"href":"https:\/\/projectes.xtec.cat\/xarxadults\/wp-json\/wp\/v2\/types\/page"}],"author":[{"embeddable":true,"href":"https:\/\/projectes.xtec.cat\/xarxadults\/wp-json\/wp\/v2\/users\/5"}],"replies":[{"embeddable":true,"href":"https:\/\/projectes.xtec.cat\/xarxadults\/wp-json\/wp\/v2\/comments?post=8216"}],"version-history":[{"count":4,"href":"https:\/\/projectes.xtec.cat\/xarxadults\/wp-json\/wp\/v2\/pages\/8216\/revisions"}],"predecessor-version":[{"id":12967,"href":"https:\/\/projectes.xtec.cat\/xarxadults\/wp-json\/wp\/v2\/pages\/8216\/revisions\/12967"}],"wp:attachment":[{"href":"https:\/\/projectes.xtec.cat\/xarxadults\/wp-json\/wp\/v2\/media?parent=8216"}],"curies":[{"name":"wp","href":"https:\/\/api.w.org\/{rel}","templated":true}]}}