{"id":8739,"date":"2018-01-13T17:21:06","date_gmt":"2018-01-13T16:21:06","guid":{"rendered":"http:\/\/projectes.xtec.cat\/xarxadults\/?page_id=8739"},"modified":"2024-12-04T08:49:01","modified_gmt":"2024-12-04T07:49:01","slug":"orientacions","status":"publish","type":"page","link":"https:\/\/projectes.xtec.cat\/xarxadults\/ensenyaments\/curriculum\/orientacions\/","title":{"rendered":"Certificaci\u00f3 del nivell b\u00e0sic"},"content":{"rendered":"<p>\u200b<\/p>\n<div style=\"font-size: 16px;\">\n<p style=\"text-align: justify;\">El Departament dissenya i fixa els criteris de correcci\u00f3 de la prova de certificaci\u00f3 final per al nivell 3 que ser\u00e0 implementada i avaluada pel professorat del mateix centre\/aula. La prova permet evidenciar el domini que t\u00e9 la persona de les compet\u00e8ncies ling\u00fc\u00edstiques del nivell b\u00e0sic de llengua estrangera.<\/p>\n<p style=\"text-align: justify;\">L&#8217;alumne\/a obtindr\u00e0 a la prova una nota d&#8217;entre 0 i 10 punts, amb dos decimals. Seran positives les qualificacions iguals o superiors a 6. Aquesta nota tindr\u00e0 un valor del 40% del valor de la nota global.<\/p>\n<p style=\"text-align: justify;\">La nota global\/final ser\u00e0 num\u00e8rica i s&#8217;obt\u00e9 aplicant la f\u00f3rmula seg\u00fcent:<\/p>\n<p style=\"text-align: justify;\">\u00a0 \u00a0 \u00a0 \u00a0 \u00a0 \u00a0 \u00a0 \u00a0 \u00a0 \u00a0 \u00a0 \u00a0 <em>\u00a0 Nota global final\u00a0<\/em>=\u00a0<em>(Nota avaluaci\u00f3 cont\u00ednua x 60 + Nota prova final x 40) \/ 100<\/em><\/p>\n<p style=\"text-align: justify;\">Per obtenir la qualificaci\u00f3 d&#8217;apte\/a cal que la nota global sigui igual o superior a\u00a0<strong>6,5<\/strong>.<\/p>\n<p style=\"text-align: justify;\">La qualificaci\u00f3 final ser\u00e0\u00a0<strong><i>Apte\/a<\/i>\u00a0<\/strong>o\u00a0<strong><i>No apte\/a<\/i><\/strong>.<\/p>\n<\/div>\n","protected":false},"excerpt":{"rendered":"<p>\u200b<\/p>\n<p>El Departament dissenya i fixa els criteris de correcci\u00f3 de la prova de certificaci\u00f3 final per al nivell 3 que ser\u00e0 implementada i avaluada pel professorat del mateix centre\/aula. La prova permet evidenciar el domini que t\u00e9 la persona de les compet\u00e8ncies ling\u00fc\u00edstiques del nivell&hellip;  <a href=\"https:\/\/projectes.xtec.cat\/xarxadults\/ensenyaments\/curriculum\/orientacions\/\" title=\"Read Certificaci\u00f3 del nivell b\u00e0sic\">Llegeix m\u00e9s\u00bb<\/a><\/p>\n","protected":false},"author":3,"featured_media":0,"parent":8441,"menu_order":30,"comment_status":"closed","ping_status":"closed","template":"page-templates\/side-menu.php","meta":{"_bbp_topic_count":0,"_bbp_reply_count":0,"_bbp_total_topic_count":0,"_bbp_total_reply_count":0,"_bbp_voice_count":0,"_bbp_anonymous_reply_count":0,"_bbp_topic_count_hidden":0,"_bbp_reply_count_hidden":0,"_bbp_forum_subforum_count":0,"footnotes":""},"class_list":["post-8739","page","type-page","status-publish","hentry"],"post_mailing_queue_ids":[],"_links":{"self":[{"href":"https:\/\/projectes.xtec.cat\/xarxadults\/wp-json\/wp\/v2\/pages\/8739","targetHints":{"allow":["GET"]}}],"collection":[{"href":"https:\/\/projectes.xtec.cat\/xarxadults\/wp-json\/wp\/v2\/pages"}],"about":[{"href":"https:\/\/projectes.xtec.cat\/xarxadults\/wp-json\/wp\/v2\/types\/page"}],"author":[{"embeddable":true,"href":"https:\/\/projectes.xtec.cat\/xarxadults\/wp-json\/wp\/v2\/users\/3"}],"replies":[{"embeddable":true,"href":"https:\/\/projectes.xtec.cat\/xarxadults\/wp-json\/wp\/v2\/comments?post=8739"}],"version-history":[{"count":7,"href":"https:\/\/projectes.xtec.cat\/xarxadults\/wp-json\/wp\/v2\/pages\/8739\/revisions"}],"predecessor-version":[{"id":14577,"href":"https:\/\/projectes.xtec.cat\/xarxadults\/wp-json\/wp\/v2\/pages\/8739\/revisions\/14577"}],"up":[{"embeddable":true,"href":"https:\/\/projectes.xtec.cat\/xarxadults\/wp-json\/wp\/v2\/pages\/8441"}],"wp:attachment":[{"href":"https:\/\/projectes.xtec.cat\/xarxadults\/wp-json\/wp\/v2\/media?parent=8739"}],"curies":[{"name":"wp","href":"https:\/\/api.w.org\/{rel}","templated":true}]}}