{"id":9659,"date":"2018-11-28T10:14:40","date_gmt":"2018-11-28T09:14:40","guid":{"rendered":"http:\/\/projectes.xtec.cat\/xarxadults\/?page_id=9659"},"modified":"2022-01-20T09:54:02","modified_gmt":"2022-01-20T08:54:02","slug":"educacio-al-llarg-de-la-vida-transformacio-educativa","status":"publish","type":"page","link":"https:\/\/projectes.xtec.cat\/xarxadults\/activitats-2\/jornades-i-trobades-pedagogiques\/educacio-al-llarg-de-la-vida-transformacio-educativa\/","title":{"rendered":"Educaci\u00f3 al llarg de la vida. Transformaci\u00f3 educativa"},"content":{"rendered":"<h5><span style=\"color: #800000;\">Trobada pedag\u00f2gica adre\u00e7ada als docents i equips directius de centres de formaci\u00f3 d&#8217;adults que imparteixen ensenyaments de GES.<\/span><\/h5>\n<p><span style=\"color: #333333;\">Barcelona, 26 de novembre de 2018<\/span><\/p>\n<ul>\n<li style=\"text-align: justify;\"><b><\/b><strong><a href=\"https:\/\/drive.google.com\/file\/d\/1owpcz5neZcfW_c4JZ6gsrpVpkOOhSwhy\/view?usp=sharing\" target=\"_blank\" rel=\"noopener noreferrer\">L&#8217;EDUCACI\u00d3 AL LLARG DE LA VIDA<\/a>, <\/strong>a c\u00e0rrec de la sra. Neus Lorenzo Gal\u00e9s<\/li>\n<li><b>Presentaci\u00f3 dels nous m\u00f2duls opcionals de GES<\/b><\/li>\n<\/ul>\n<table style=\"width: 766px; height: 93px;\">\n<tbody>\n<tr style=\"height: 31px;\">\n<td style=\"width: 152px; background-color: #980000; height: 30px;\"><span style=\"color: #ffffff;\"><strong>Pon\u00e8ncies<\/strong><\/span><\/td>\n<td style=\"width: 606px; height: 30px;\">\n<ul>\n<li><a href=\"https:\/\/drive.google.com\/file\/d\/1QTrKgMHvbwmefPPVENavFbktM7b-PCtO\/view?usp=sharing\" target=\"_blank\" rel=\"noopener noreferrer\">Franc\u00e8s conversacional (nivell b\u00e0sic)<\/a>, a c\u00e0rrec de Pascal Biras.<\/li>\n<li><a href=\"https:\/\/drive.google.com\/file\/d\/1shaAj-haU0lUMHJwdNSpKuMOeYgd4CjN\/view?usp=sharing\" target=\"_blank\" rel=\"noopener noreferrer\">Angl\u00e8s per al turisme 1<\/a>, a c\u00e0rrec d&#8217;Abel G\u00e1lvez.<\/li>\n<li><a href=\"https:\/\/drive.google.com\/file\/d\/1OMGucJufS6d0DWVMDT9wmHn_YPPslv1d\/view?usp=sharing\" target=\"_blank\" rel=\"noopener noreferrer\">Angl\u00e8s per al turisme 2<\/a>, a c\u00e0rrec d&#8217;Abel G\u00e1lvez.<\/li>\n<li><a href=\"https:\/\/drive.google.com\/file\/d\/1yNBexBa15koUSKrIy1yzldcc1QwyPtCo\/view?usp=sharing\" target=\"_blank\" rel=\"noopener noreferrer\">Catal\u00e0 administratiu<\/a>, a c\u00e0rrec de M\u00edriam Arboix.<\/li>\n<li><a href=\"https:\/\/drive.google.com\/file\/d\/1gooYsAE_U5ha1fNaJVHe6v5jJMcp2vgK\/view?usp=sharing\" target=\"_blank\" rel=\"noopener noreferrer\">Aprenem a pensar<\/a>, a c\u00e0rrec de M\u00edriam Arboix.<\/li>\n<li><a href=\"https:\/\/drive.google.com\/file\/d\/1TyNBBHlVwsX_DIep4VZ_K-_2wUZJEDpr\/view?usp=sharing\" target=\"_blank\" rel=\"noopener noreferrer\">Descobreix la ind\u00fastria 4.0<\/a>, a c\u00e0rrec de S\u00f2nia Mora.<\/li>\n<li><a href=\"https:\/\/drive.google.com\/file\/d\/1RVLONAqf3HAsMjhv3IF6RKFl9ow5FLjR\/view?usp=sharing\" target=\"_blank\" rel=\"noopener noreferrer\">Iniciaci\u00f3 a la creaci\u00f3 d&#8217;aplicaci\u00f3 m\u00f2bils i Creaci\u00f3 avan\u00e7ada d&#8217;aplicacions m\u00f2bils,<\/a> a c\u00e0rrec de Roser Cuss\u00f3.<\/li>\n<li><a href=\"https:\/\/drive.google.com\/file\/d\/1TBXbk-nubowQYgmNyRwvCe-93wAYfdez\/view?usp=sharing\" target=\"_blank\" rel=\"noopener noreferrer\">La igualtat de g\u00e8nere al segle XXI<\/a>, a c\u00e0rrec de Montserrat S\u00e1nchez.<\/li>\n<li><a href=\"https:\/\/drive.google.com\/file\/d\/1Cwhxlhx4JCS5MC4WoIKD_SSj-CvhJQoJ\/view?usp=sharing\" target=\"_blank\" rel=\"noopener noreferrer\">Trobar feina&#8230; jo puc!<\/a>, a c\u00e0rrec de Carlos Moratal.<\/li>\n<li><a href=\"https:\/\/drive.google.com\/file\/d\/1nHelyG7acdfk2GqWmv3QdEeprZKBPN8x\/view?usp=sharing\" target=\"_blank\" rel=\"noopener noreferrer\">Emprendre: de la idea al model de negoci,<\/a> a c\u00e0rrec de Josep Moratal.<\/li>\n<\/ul>\n<\/td>\n<\/tr>\n<\/tbody>\n<\/table>\n","protected":false},"excerpt":{"rendered":"<p>Trobada pedag\u00f2gica adre\u00e7ada als docents i equips directius de centres de formaci\u00f3 d&#8217;adults que imparteixen ensenyaments de GES.<br \/>\nBarcelona, 26 de novembre de 2018<\/p>\n<ul>\n<li style=\"text-align: justify;\"><a href=\"https:\/\/drive.google.com\/file\/d\/1owpcz5neZcfW_c4JZ6gsrpVpkOOhSwhy\/view?usp=sharing\" target=\"_blank\" rel=\"noopener noreferrer\">L&#8217;EDUCACI\u00d3 AL LLARG DE LA VIDA<\/a>, a c\u00e0rrec de la sra. Neus Lorenzo Gal\u00e9s<\/li>\n<li>Presentaci\u00f3 dels nous m\u00f2duls&hellip;  <a href=\"https:\/\/projectes.xtec.cat\/xarxadults\/activitats-2\/jornades-i-trobades-pedagogiques\/educacio-al-llarg-de-la-vida-transformacio-educativa\/\" title=\"Read Educaci\u00f3 al llarg de la vida. Transformaci\u00f3 educativa\">Llegeix m\u00e9s\u00bb<\/a><br \/>\n","protected":false},"author":3,"featured_media":0,"parent":13345,"menu_order":60,"comment_status":"closed","ping_status":"closed","template":"page-templates\/side-menu.php","meta":{"_bbp_topic_count":0,"_bbp_reply_count":0,"_bbp_total_topic_count":0,"_bbp_total_reply_count":0,"_bbp_voice_count":0,"_bbp_anonymous_reply_count":0,"_bbp_topic_count_hidden":0,"_bbp_reply_count_hidden":0,"_bbp_forum_subforum_count":0,"footnotes":""},"class_list":["post-9659","page","type-page","status-publish","hentry"],"post_mailing_queue_ids":[],"_links":{"self":[{"href":"https:\/\/projectes.xtec.cat\/xarxadults\/wp-json\/wp\/v2\/pages\/9659","targetHints":{"allow":["GET"]}}],"collection":[{"href":"https:\/\/projectes.xtec.cat\/xarxadults\/wp-json\/wp\/v2\/pages"}],"about":[{"href":"https:\/\/projectes.xtec.cat\/xarxadults\/wp-json\/wp\/v2\/types\/page"}],"author":[{"embeddable":true,"href":"https:\/\/projectes.xtec.cat\/xarxadults\/wp-json\/wp\/v2\/users\/3"}],"replies":[{"embeddable":true,"href":"https:\/\/projectes.xtec.cat\/xarxadults\/wp-json\/wp\/v2\/comments?post=9659"}],"version-history":[{"count":4,"href":"https:\/\/projectes.xtec.cat\/xarxadults\/wp-json\/wp\/v2\/pages\/9659\/revisions"}],"predecessor-version":[{"id":12878,"href":"https:\/\/projectes.xtec.cat\/xarxadults\/wp-json\/wp\/v2\/pages\/9659\/revisions\/12878"}],"up":[{"embeddable":true,"href":"https:\/\/projectes.xtec.cat\/xarxadults\/wp-json\/wp\/v2\/pages\/13345"}],"wp:attachment":[{"href":"https:\/\/projectes.xtec.cat\/xarxadults\/wp-json\/wp\/v2\/media?parent=9659"}],"curies":[{"name":"wp","href":"https:\/\/api.w.org\/{rel}","templated":true}]}}