{"id":9823,"date":"2019-02-12T08:32:08","date_gmt":"2019-02-12T07:32:08","guid":{"rendered":"http:\/\/projectes.xtec.cat\/xarxadults\/?page_id=9823"},"modified":"2021-02-01T22:27:17","modified_gmt":"2021-02-01T21:27:17","slug":"serious-games","status":"publish","type":"page","link":"https:\/\/projectes.xtec.cat\/xarxadults\/iniciatives-pedagogiques\/bones-practiques\/serious-games\/","title":{"rendered":"Serious games"},"content":{"rendered":"<p style=\"font-family: 'Helvetica Neue', Helvetica, Helvetica, Arial, sans-serif; font-size: 20px; text-align: justify;\">Els <strong>Serious g<a href=\"https:\/\/projectes.xtec.cat\/xarxadults\/wp-content\/uploads\/usu1741\/2019\/02\/serious.fw_-e1549533978453.png\"><img loading=\"lazy\" decoding=\"async\" class=\"alignleft wp-image-9814 size-medium\" title=\"Home amb ulleres de realitat virtual\" src=\"https:\/\/projectes.xtec.cat\/xarxadults\/wp-content\/uploads\/usu1741\/2019\/02\/serious.fw_-281x300.png\" alt=\"Home amb ulleres de realitat virtual\" width=\"281\" height=\"300\" \/><\/a>ames<\/strong> o \u201cJocs seriosos\u201d s\u00f3n jocs on l\u2019objectiu principal \u00e9s l&#8217;aprenentatge o\u00a0la pr\u00e0ctica d&#8217;habilitats m\u00e9s que la\u00a0diversi\u00f3 o l\u2019entreteniment. L\u2019\u00fas dels Serious games ha crescut sobretot en sectors com l&#8217;educaci\u00f3, la defensa, l&#8217;aeron\u00e0utica, la ci\u00e8ncia o la salut. La seva finalitat pot ser d&#8217;all\u00f2 m\u00e9s variada: des d\u2019entrenar equips de bombers en situacions d&#8217;emerg\u00e8ncia fins a la capacitaci\u00f3 d&#8217;un equip de metges, l&#8217;ensenyament de matem\u00e0tiques o la pr\u00e0ctica d&#8217;idiomes. Les noves tecnologies transformen el nostre m\u00f3n, i\u00a0 els nostres alumnes hi han de participar. De la m\u00e0 de\u00a0<a href=\"http:\/\/humantiks.com\/\" target=\"_blank\" rel=\"noopener noreferrer\">Humantiks<\/a> dos centres d&#8217;adults ja han viscut l&#8217;experi\u00e8ncia dels Serious\u00a0 games en forma de\u00a0taller de sensibilitzaci\u00f3.<\/p>\n<p style=\"font-family: 'Helvetica Neue', Helvetica, Helvetica, Arial, sans-serif; font-size: 20px; text-align: justify;\">A l<a href=\"https:\/\/projectes.xtec.cat\/xarxadults\/wp-content\/uploads\/usu1741\/2019\/02\/Serious-CFA-ManuelSacrist\u00e1nTaller-e1549960207172.png\"><img loading=\"lazy\" decoding=\"async\" class=\"alignright wp-image-9833 size-medium\" src=\"https:\/\/projectes.xtec.cat\/xarxadults\/wp-content\/uploads\/usu1741\/2019\/02\/Serious-CFA-ManuelSacrist\u00e1nTaller-e1549960207172-300x160.png\" alt=\"Alumnes amb una docent en una pr\u00e0ctica del programa \" width=\"300\" height=\"160\" srcset=\"https:\/\/projectes.xtec.cat\/xarxadults\/wp-content\/uploads\/usu1741\/2019\/02\/Serious-CFA-ManuelSacrist\u00e1nTaller-e1549960207172-300x160.png 300w, https:\/\/projectes.xtec.cat\/xarxadults\/wp-content\/uploads\/usu1741\/2019\/02\/Serious-CFA-ManuelSacrist\u00e1nTaller-e1549960207172-768x410.png 768w, https:\/\/projectes.xtec.cat\/xarxadults\/wp-content\/uploads\/usu1741\/2019\/02\/Serious-CFA-ManuelSacrist\u00e1nTaller-e1549960207172-1024x547.png 1024w, https:\/\/projectes.xtec.cat\/xarxadults\/wp-content\/uploads\/usu1741\/2019\/02\/Serious-CFA-ManuelSacrist\u00e1nTaller-e1549960207172.png 1132w\" sizes=\"auto, (max-width: 300px) 100vw, 300px\" \/><\/a>a primera part del taller es van mostrar alguns exemples de <strong>Serious games<\/strong> i la seva aplica<span style=\"font-size: 20px;\">ci\u00f3 a la vida <\/span><span style=\"font-size: 20px;\">quotidiana. A continuaci\u00f3 va arribar l\u2019hora de con\u00e8ixer de m\u00e9s a prop les tecnologies de realitat virtual i realitat augmentada, els seus usos i aplicacions i provar\u00a0alguns dispo<\/span><span style=\"font-size: 20px;\">sitius<\/span><span style=\"font-size: 20px;\">. Els alumnes van tenir l\u2019oportunitat de viure diferents experi\u00e8ncies de realitat virtual i augmentada amb les ulleres <em>Oculus GO<\/em> i les <em>Google Cardboard.<\/em><\/span><\/p>\n<p style=\"font-family: 'Helvetica Neue', Helvetica, Helvetica, Arial, sans-serif; font-size: 20px; text-align: justify;\"><a href=\"https:\/\/projectes.xtec.cat\/xarxadults\/wp-content\/uploads\/usu1741\/2019\/02\/Serious-CFA-Santiago-Rusi\u00f1ol-e1549959321739.jpg\"><img loading=\"lazy\" decoding=\"async\" class=\"alignleft wp-image-9829 size-medium\" title=\"Home amb ulleres de realitat virtual en una classe\" src=\"https:\/\/projectes.xtec.cat\/xarxadults\/wp-content\/uploads\/usu1741\/2019\/02\/Serious-CFA-Santiago-Rusi\u00f1ol-e1549959321739-300x209.jpg\" alt=\"Home amb ulleres de realitat virtual en una classe\" width=\"300\" height=\"209\" srcset=\"https:\/\/projectes.xtec.cat\/xarxadults\/wp-content\/uploads\/usu1741\/2019\/02\/Serious-CFA-Santiago-Rusi\u00f1ol-e1549959321739-300x209.jpg 300w, https:\/\/projectes.xtec.cat\/xarxadults\/wp-content\/uploads\/usu1741\/2019\/02\/Serious-CFA-Santiago-Rusi\u00f1ol-e1549959321739-768x536.jpg 768w, https:\/\/projectes.xtec.cat\/xarxadults\/wp-content\/uploads\/usu1741\/2019\/02\/Serious-CFA-Santiago-Rusi\u00f1ol-e1549959321739.jpg 825w\" sizes=\"auto, (max-width: 300px) 100vw, 300px\" \/><\/a>A l\u2019\u00faltima part del taller els alumnes van ser els protagonistes, ja que a trav\u00e9s d\u2019una din\u00e0mica de grup anomenada <em>Game Jam<\/em> van crear conceptualment un <strong>Serious game<\/strong> a partir d\u2019una necessitat compartida o sup\u00f2sit proposat pel formador. Aqu\u00ed tots hi comptaven; tots els alumnes van treballar en grups utilitzant t\u00e8cniques pr\u00f2pies de la gamificaci\u00f3 per definir i planificar el projecte de co-creaci\u00f3, que\u00a0al final van presentar davant els companys dels altres grups. Podeu veure un v\u00eddeo de l&#8217;experi\u00e8ncia <a href=\"https:\/\/drive.google.com\/file\/d\/1d6_GP6Ed1GH5OzYj6GbO0fH17J9s3smf\/view?usp=sharing\" target=\"_blank\" rel=\"noopener noreferrer\">aqu\u00ed<\/a>. Davant la bona acollida per part dels alumnes i docents participants i la valoraci\u00f3 positiva d&#8217;aquesta experi\u00e8ncia s&#8217;est\u00e0 treballant perqu\u00e8 es\u00a0pugui estendre als centres de formaci\u00f3 d&#8217;adults d&#8217;arreu del territori.<\/p>\n","protected":false},"excerpt":{"rendered":"<p>Els Serious g<a href=\"https:\/\/projectes.xtec.cat\/xarxadults\/wp-content\/uploads\/usu1741\/2019\/02\/serious.fw_-e1549533978453.png\"><\/a>ames o \u201cJocs seriosos\u201d s\u00f3n jocs on l\u2019objectiu principal \u00e9s l&#8217;aprenentatge o\u00a0la pr\u00e0ctica d&#8217;habilitats m\u00e9s que la\u00a0diversi\u00f3 o l\u2019entreteniment. L\u2019\u00fas dels Serious games ha crescut sobretot en sectors com l&#8217;educaci\u00f3, la defensa, l&#8217;aeron\u00e0utica, la ci\u00e8ncia o la salut. La seva finalitat pot&hellip;  <a href=\"https:\/\/projectes.xtec.cat\/xarxadults\/iniciatives-pedagogiques\/bones-practiques\/serious-games\/\" title=\"Read Serious games\">Llegeix m\u00e9s\u00bb<\/a><\/p>\n","protected":false},"author":3,"featured_media":0,"parent":10048,"menu_order":20,"comment_status":"closed","ping_status":"closed","template":"page-templates\/side-menu.php","meta":{"_bbp_topic_count":0,"_bbp_reply_count":0,"_bbp_total_topic_count":0,"_bbp_total_reply_count":0,"_bbp_voice_count":0,"_bbp_anonymous_reply_count":0,"_bbp_topic_count_hidden":0,"_bbp_reply_count_hidden":0,"_bbp_forum_subforum_count":0,"footnotes":""},"class_list":["post-9823","page","type-page","status-publish","hentry"],"post_mailing_queue_ids":[],"_links":{"self":[{"href":"https:\/\/projectes.xtec.cat\/xarxadults\/wp-json\/wp\/v2\/pages\/9823","targetHints":{"allow":["GET"]}}],"collection":[{"href":"https:\/\/projectes.xtec.cat\/xarxadults\/wp-json\/wp\/v2\/pages"}],"about":[{"href":"https:\/\/projectes.xtec.cat\/xarxadults\/wp-json\/wp\/v2\/types\/page"}],"author":[{"embeddable":true,"href":"https:\/\/projectes.xtec.cat\/xarxadults\/wp-json\/wp\/v2\/users\/3"}],"replies":[{"embeddable":true,"href":"https:\/\/projectes.xtec.cat\/xarxadults\/wp-json\/wp\/v2\/comments?post=9823"}],"version-history":[{"count":5,"href":"https:\/\/projectes.xtec.cat\/xarxadults\/wp-json\/wp\/v2\/pages\/9823\/revisions"}],"predecessor-version":[{"id":11993,"href":"https:\/\/projectes.xtec.cat\/xarxadults\/wp-json\/wp\/v2\/pages\/9823\/revisions\/11993"}],"up":[{"embeddable":true,"href":"https:\/\/projectes.xtec.cat\/xarxadults\/wp-json\/wp\/v2\/pages\/10048"}],"wp:attachment":[{"href":"https:\/\/projectes.xtec.cat\/xarxadults\/wp-json\/wp\/v2\/media?parent=9823"}],"curies":[{"name":"wp","href":"https:\/\/api.w.org\/{rel}","templated":true}]}}