{"id":10621,"date":"2022-04-13T14:08:17","date_gmt":"2022-04-13T12:08:17","guid":{"rendered":"https:\/\/projectes.xtec.cat\/xtcd\/?page_id=10621"},"modified":"2022-09-08T13:03:13","modified_gmt":"2022-09-08T11:03:13","slug":"presentacio-3a-sessio-xtcd","status":"publish","type":"page","link":"https:\/\/projectes.xtec.cat\/xtcd\/sessions-2021-22\/presentacio-3a-sessio-xtcd\/","title":{"rendered":"Les interaccions entre el centre i la mentoria digital"},"content":{"rendered":"<div class=\"seccio\">\n<div class=\"wp-block-columns\">\n<div class=\"wp-block-column\" style=\"flex-basis: 40%;\">\n<p><strong>Data<\/strong><br \/>\n21 d\u2019abril de 2022, 17:30<\/p>\n<p><strong>Descripci\u00f3<\/strong><br \/>\nEn aquesta part comuna de les tres subxarxes es conversar\u00e0 amb els alguns dels agents involucrats en la transformaci\u00f3 digital dels centres i quins processos i interaccions s&#8217;han iniciat amb l&#8217;arribada dels mentors. Un membre d&#8217;un equip directiu, un coordinador\/a digital, un mentor\/a digital i un\/a referent digital d&#8217;un CRP explicaran les seves experi\u00e8ncies.<\/p>\n<p><strong>Participen<\/strong><\/p>\n<p><strong>Escola Sant Salvador de Cercs<\/strong><br \/>\nDirectora: Cristina Grant<br \/>\nCoordinadora digital: Violant Gonz\u00e1lez<br \/>\nMentor: Sergi Calvo<br \/>\nReferent CRP: Fina Madrid<\/p>\n<p><strong>Institut Manuel V\u00e1zquez Montalb\u00e1n de Sant Adri\u00e0 del Bes\u00f2s<\/strong><br \/>\nDirector: C\u00e9sar Caparr\u00f3s<br \/>\nDocent formador (professor de tecnologia): Miguel \u00c1ngel Baeza<br \/>\nMentor: Jordi Saa<br \/>\nReferent CRP: Joan Abad<\/p>\n<\/div>\n<div class=\"wp-block-column\" style=\"flex-basis: 60%;\">\n<div class=\"h5p-iframe-wrapper\"><iframe id=\"h5p-iframe-19\" class=\"h5p-iframe\" data-content-id=\"19\" style=\"height:1px\" src=\"about:blank\" frameBorder=\"0\" scrolling=\"no\" title=\"XTCD - 2122 - Interacci\u00f3 mentoria\"><\/iframe><\/div>\n<\/div>\n<\/div>\n<\/div>\n","protected":false},"excerpt":{"rendered":"<p>Data 21 d\u2019abril de 2022, 17:30 Descripci\u00f3 En aquesta part comuna de les tres subxarxes es conversar\u00e0 amb els alguns dels agents involucrats en la transformaci\u00f3 digital dels centres i quins processos i interaccions s&#8217;han iniciat amb l&#8217;arribada dels mentors. Un membre d&#8217;un equip directiu, un coordinador\/a digital, un mentor\/a digital i un\/a referent digital [&hellip;]<\/p>\n","protected":false},"author":2,"featured_media":0,"parent":9322,"menu_order":40,"comment_status":"closed","ping_status":"closed","template":"","meta":{"site-sidebar-layout":"no-sidebar","site-content-layout":"plain-container","ast-site-content-layout":"","site-content-style":"default","site-sidebar-style":"default","ast-global-header-display":"","ast-banner-title-visibility":"","ast-main-header-display":"disabled","ast-hfb-above-header-display":"","ast-hfb-below-header-display":"","ast-hfb-mobile-header-display":"","site-post-title":"","ast-breadcrumbs-content":"","ast-featured-img":"","footer-sml-layout":"","theme-transparent-header-meta":"default","adv-header-id-meta":"9237","stick-header-meta":"default","header-above-stick-meta":"","header-main-stick-meta":"","header-below-stick-meta":"","astra-migrate-meta-layouts":"default","ast-page-background-enabled":"default","ast-page-background-meta":{"desktop":{"background-color":"","background-image":"","background-repeat":"repeat","background-position":"center center","background-size":"auto","background-attachment":"scroll","background-type":"","background-media":"","overlay-type":"","overlay-color":"","overlay-opacity":"","overlay-gradient":""},"tablet":{"background-color":"","background-image":"","background-repeat":"repeat","background-position":"center center","background-size":"auto","background-attachment":"scroll","background-type":"","background-media":"","overlay-type":"","overlay-color":"","overlay-opacity":"","overlay-gradient":""},"mobile":{"background-color":"","background-image":"","background-repeat":"repeat","background-position":"center center","background-size":"auto","background-attachment":"scroll","background-type":"","background-media":"","overlay-type":"","overlay-color":"","overlay-opacity":"","overlay-gradient":""}},"ast-content-background-meta":{"desktop":{"background-color":"var(--ast-global-color-5)","background-image":"","background-repeat":"repeat","background-position":"center center","background-size":"auto","background-attachment":"scroll","background-type":"","background-media":"","overlay-type":"","overlay-color":"","overlay-opacity":"","overlay-gradient":""},"tablet":{"background-color":"var(--ast-global-color-5)","background-image":"","background-repeat":"repeat","background-position":"center center","background-size":"auto","background-attachment":"scroll","background-type":"","background-media":"","overlay-type":"","overlay-color":"","overlay-opacity":"","overlay-gradient":""},"mobile":{"background-color":"var(--ast-global-color-5)","background-image":"","background-repeat":"repeat","background-position":"center center","background-size":"auto","background-attachment":"scroll","background-type":"","background-media":"","overlay-type":"","overlay-color":"","overlay-opacity":"","overlay-gradient":""}},"footnotes":""},"class_list":["post-10621","page","type-page","status-publish","hentry"],"_links":{"self":[{"href":"https:\/\/projectes.xtec.cat\/xtcd\/wp-json\/wp\/v2\/pages\/10621","targetHints":{"allow":["GET"]}}],"collection":[{"href":"https:\/\/projectes.xtec.cat\/xtcd\/wp-json\/wp\/v2\/pages"}],"about":[{"href":"https:\/\/projectes.xtec.cat\/xtcd\/wp-json\/wp\/v2\/types\/page"}],"author":[{"embeddable":true,"href":"https:\/\/projectes.xtec.cat\/xtcd\/wp-json\/wp\/v2\/users\/2"}],"replies":[{"embeddable":true,"href":"https:\/\/projectes.xtec.cat\/xtcd\/wp-json\/wp\/v2\/comments?post=10621"}],"version-history":[{"count":4,"href":"https:\/\/projectes.xtec.cat\/xtcd\/wp-json\/wp\/v2\/pages\/10621\/revisions"}],"predecessor-version":[{"id":10764,"href":"https:\/\/projectes.xtec.cat\/xtcd\/wp-json\/wp\/v2\/pages\/10621\/revisions\/10764"}],"up":[{"embeddable":true,"href":"https:\/\/projectes.xtec.cat\/xtcd\/wp-json\/wp\/v2\/pages\/9322"}],"wp:attachment":[{"href":"https:\/\/projectes.xtec.cat\/xtcd\/wp-json\/wp\/v2\/media?parent=10621"}],"curies":[{"name":"wp","href":"https:\/\/api.w.org\/{rel}","templated":true}]}}