{"id":12319,"date":"2023-06-20T13:25:07","date_gmt":"2023-06-20T11:25:07","guid":{"rendered":"https:\/\/projectes.xtec.cat\/xtcd\/?page_id=12319"},"modified":"2023-08-31T18:17:22","modified_gmt":"2023-08-31T16:17:22","slug":"sessio-de-tancament","status":"publish","type":"page","link":"https:\/\/projectes.xtec.cat\/xtcd\/coordinacio-digital-de-centre\/sessions-2022-23\/sessio-de-tancament\/","title":{"rendered":"Subxarxa de la Coordinaci\u00f3 digital de centre. Sessi\u00f3 de tancament"},"content":{"rendered":"\n<div style=\"height:52px\" aria-hidden=\"true\" class=\"wp-block-spacer\"><\/div>\n\n\n\n<div class=\"wp-block-columns is-layout-flex wp-container-core-columns-is-layout-2 wp-block-columns-is-layout-flex\">\n<div class=\"wp-block-column is-layout-flow wp-block-column-is-layout-flow\">\n<h2 class=\"wp-block-heading\">Data<\/h2>\n\n\n\n<p>29 de juny de 2023, 18:00 h<\/p>\n\n\n\n<h2 class=\"wp-block-heading\">Descripci\u00f3<\/h2>\n\n\n\n<p>En aquesta darrera sessi\u00f3 es far\u00e0 balan\u00e7 de la subxarxa i es tractaran els seg\u00fcents temes: <\/p>\n\n\n\n<ul class=\"wp-block-list\"><li>Desplegaments previstos<\/li><li>Restabliment de final\/inici de curs<\/li><li>Pilotatge nou t\u00e8cnic digital + Referent CISE<\/li><li>Informaci\u00f3 de servei (bones pr\u00e0ctiques, incid\u00e8ncies, etc.)<\/li><li>Ampliaci\u00f3 de Google Workspace XTEC<\/li><li>Pilotatge Microsoft 365<\/li><li>Nodes2: Gutenberg, Getwid Blocks<\/li><li>Certificaci\u00f3 de la subxarxa<\/li><li>Preguntes i respostes<\/li><\/ul>\n\n\n\n<h2 class=\"wp-block-heading\">Participants<\/h2>\n\n\n\n<ul class=\"wp-block-list\"><li>Xavier Meler (\u00c0rea de Cultura Digital)<\/li><li>Joan de Gr\u00e0cia (\u00c0rea de Cultura Digital)<\/li><li>Assessors de CD i Gestors TIC (Girona i CCE)<\/li><\/ul>\n\n\n\n<h2 class=\"wp-block-heading\">Recursos associats<\/h2>\n\n\n\n<ul class=\"wp-block-list\"><li><a rel=\"noreferrer noopener\" href=\"https:\/\/docs.google.com\/presentation\/d\/e\/2PACX-1vSBVerIsetKBF-EEGNMQ_4wBVZaFBlm3NINYqAE8LacU4iL-cqyjlUjdSwPvCua-LsWbPkt-U6zg2TH\/pub?start=false&amp;loop=false&amp;delayms=3000\" data-type=\"URL\" data-id=\"https:\/\/docs.google.com\/presentation\/d\/e\/2PACX-1vSBVerIsetKBF-EEGNMQ_4wBVZaFBlm3NINYqAE8LacU4iL-cqyjlUjdSwPvCua-LsWbPkt-U6zg2TH\/pub?start=false&amp;loop=false&amp;delayms=3000\" target=\"_blank\">Presentaci\u00f3<\/a> <\/li><\/ul>\n<\/div>\n\n\n\n<div class=\"wp-block-column is-layout-flow wp-block-column-is-layout-flow\">\n<div class=\"h5p-iframe-wrapper\"><iframe id=\"h5p-iframe-52\" class=\"h5p-iframe\" data-content-id=\"52\" style=\"height:1px\" src=\"about:blank\" frameBorder=\"0\" scrolling=\"no\" title=\"XT-CDC - 2223 - Sessi\u00f3 de tancament\"><\/iframe><\/div>\n\n\n\n<p>Si no podeu veure el v\u00eddeo aneu a:<a href=\" https:\/\/youtu.be\/D1vP3uFdygo\"> https:\/\/youtu.be\/D1vP3uFdygo<\/a><\/p>\n\n\n\n<div class=\"wp-block-columns is-layout-flex wp-container-core-columns-is-layout-1 wp-block-columns-is-layout-flex\">\n<div class=\"wp-block-column is-vertically-aligned-center is-layout-flow wp-block-column-is-layout-flow\" style=\"flex-basis:30%\">\n<div class=\"wp-block-buttons is-layout-flex wp-block-buttons-is-layout-flex\">\n<div class=\"wp-block-button is-style-outline is-style-outline--1\"><a class=\"wp-block-button__link\" href=\"https:\/\/comunitat.edigital.cat\/c\/coordinacio-digital\/sessio-presentacio-sub-cdc\/147\" target=\"_blank\" rel=\"noreferrer noopener\">XAT<\/a><\/div>\n<\/div>\n<\/div>\n\n\n\n<div class=\"wp-block-column is-vertically-aligned-center is-layout-flow wp-block-column-is-layout-flow\">\n<div class=\"wp-block-buttons is-layout-flex wp-block-buttons-is-layout-flex\">\n<div class=\"wp-block-button is-style-outline is-style-outline--2\"><a class=\"wp-block-button__link\" href=\"https:\/\/forms.gle\/6HjD6zZqpBqdNF238\" target=\"_blank\" rel=\"noreferrer noopener\">Formulari d&#8217;assist\u00e8ncia i valoraci\u00f3<\/a><\/div>\n<\/div>\n<\/div>\n<\/div>\n<\/div>\n<\/div>\n\n\n\n<div style=\"height:51px\" aria-hidden=\"true\" class=\"wp-block-spacer\"><\/div>\n","protected":false},"excerpt":{"rendered":"<p>Data 29 de juny de 2023, 18:00 h Descripci\u00f3 En aquesta darrera sessi\u00f3 es far\u00e0 balan\u00e7 de la subxarxa i es tractaran els seg\u00fcents temes: Desplegaments previstos Restabliment de final\/inici de curs Pilotatge nou t\u00e8cnic digital + Referent CISE Informaci\u00f3 de servei (bones pr\u00e0ctiques, incid\u00e8ncies, etc.) Ampliaci\u00f3 de Google Workspace XTEC Pilotatge Microsoft 365 Nodes2: [&hellip;]<\/p>\n","protected":false},"author":450,"featured_media":0,"parent":11059,"menu_order":0,"comment_status":"closed","ping_status":"close","template":"","meta":{"site-sidebar-layout":"no-sidebar","site-content-layout":"plain-container","ast-site-content-layout":"","site-content-style":"default","site-sidebar-style":"default","ast-global-header-display":"disabled","ast-banner-title-visibility":"","ast-main-header-display":"","ast-hfb-above-header-display":"","ast-hfb-below-header-display":"","ast-hfb-mobile-header-display":"","site-post-title":"","ast-breadcrumbs-content":"","ast-featured-img":"","footer-sml-layout":"","theme-transparent-header-meta":"","adv-header-id-meta":"9237","stick-header-meta":"","header-above-stick-meta":"","header-main-stick-meta":"","header-below-stick-meta":"","astra-migrate-meta-layouts":"default","ast-page-background-enabled":"default","ast-page-background-meta":{"desktop":{"background-color":"","background-image":"","background-repeat":"repeat","background-position":"center center","background-size":"auto","background-attachment":"scroll","background-type":"","background-media":"","overlay-type":"","overlay-color":"","overlay-opacity":"","overlay-gradient":""},"tablet":{"background-color":"","background-image":"","background-repeat":"repeat","background-position":"center center","background-size":"auto","background-attachment":"scroll","background-type":"","background-media":"","overlay-type":"","overlay-color":"","overlay-opacity":"","overlay-gradient":""},"mobile":{"background-color":"","background-image":"","background-repeat":"repeat","background-position":"center center","background-size":"auto","background-attachment":"scroll","background-type":"","background-media":"","overlay-type":"","overlay-color":"","overlay-opacity":"","overlay-gradient":""}},"ast-content-background-meta":{"desktop":{"background-color":"var(--ast-global-color-5)","background-image":"","background-repeat":"repeat","background-position":"center center","background-size":"auto","background-attachment":"scroll","background-type":"","background-media":"","overlay-type":"","overlay-color":"","overlay-opacity":"","overlay-gradient":""},"tablet":{"background-color":"var(--ast-global-color-5)","background-image":"","background-repeat":"repeat","background-position":"center center","background-size":"auto","background-attachment":"scroll","background-type":"","background-media":"","overlay-type":"","overlay-color":"","overlay-opacity":"","overlay-gradient":""},"mobile":{"background-color":"var(--ast-global-color-5)","background-image":"","background-repeat":"repeat","background-position":"center center","background-size":"auto","background-attachment":"scroll","background-type":"","background-media":"","overlay-type":"","overlay-color":"","overlay-opacity":"","overlay-gradient":""}},"footnotes":""},"class_list":["post-12319","page","type-page","status-publish","hentry"],"_links":{"self":[{"href":"https:\/\/projectes.xtec.cat\/xtcd\/wp-json\/wp\/v2\/pages\/12319","targetHints":{"allow":["GET"]}}],"collection":[{"href":"https:\/\/projectes.xtec.cat\/xtcd\/wp-json\/wp\/v2\/pages"}],"about":[{"href":"https:\/\/projectes.xtec.cat\/xtcd\/wp-json\/wp\/v2\/types\/page"}],"author":[{"embeddable":true,"href":"https:\/\/projectes.xtec.cat\/xtcd\/wp-json\/wp\/v2\/users\/450"}],"replies":[{"embeddable":true,"href":"https:\/\/projectes.xtec.cat\/xtcd\/wp-json\/wp\/v2\/comments?post=12319"}],"version-history":[{"count":2,"href":"https:\/\/projectes.xtec.cat\/xtcd\/wp-json\/wp\/v2\/pages\/12319\/revisions"}],"predecessor-version":[{"id":12424,"href":"https:\/\/projectes.xtec.cat\/xtcd\/wp-json\/wp\/v2\/pages\/12319\/revisions\/12424"}],"up":[{"embeddable":true,"href":"https:\/\/projectes.xtec.cat\/xtcd\/wp-json\/wp\/v2\/pages\/11059"}],"wp:attachment":[{"href":"https:\/\/projectes.xtec.cat\/xtcd\/wp-json\/wp\/v2\/media?parent=12319"}],"curies":[{"name":"wp","href":"https:\/\/api.w.org\/{rel}","templated":true}]}}