{"id":608,"date":"2015-11-27T10:04:51","date_gmt":"2015-11-27T09:04:51","guid":{"rendered":"http:\/\/projectes.xtec.cat\/xtcd\/?page_id=608"},"modified":"2021-09-11T15:27:39","modified_gmt":"2021-09-11T13:27:39","slug":"horari-i-calendari","status":"publish","type":"page","link":"https:\/\/projectes.xtec.cat\/xtcd\/horari-i-calendari\/","title":{"rendered":"Calendari"},"content":{"rendered":"<h6><b>Calendari<\/b><\/h6>\n<p><span style=\"font-weight: 400;\">A t\u00edtol orientatiu,\u00a0 les dates de les sessions s\u00f3n:<\/span><\/p>\n<ul>\n<li style=\"font-weight: 400;\"><span style=\"font-weight: 400;\">Sessi\u00f3 1 &#8211; Darrera setmana d\u2019octubre, <\/span><b>26 d\u2019octubre de 2020<\/b><\/li>\n<li style=\"font-weight: 400;\"><span style=\"font-weight: 400;\">Sessi\u00f3 2 &#8211;<\/span> <span style=\"font-weight: 400;\">Primera quinzena de desembre, <\/span><b>14 de desembre de 2020<\/b><\/li>\n<li style=\"font-weight: 400;\"><span style=\"font-weight: 400;\">Sessi\u00f3 3 &#8211; Darrera setmana de gener, <\/span><b>25 de gener de 2021<\/b><\/li>\n<li style=\"font-weight: 400;\"><span style=\"font-weight: 400;\">Sessi\u00f3 4 &#8211; Segona setmana de mar\u00e7, <\/span><b>22 de mar\u00e7 de 2021<\/b><\/li>\n<li style=\"font-weight: 400;\"><a href=\"https:\/\/projectes.xtec.cat\/xtcd\/sessio-5-2020-2021\/\">Sessi\u00f3 5<\/a><span style=\"font-weight: 400;\"> &#8211; <\/span><span style=\"font-weight: 400;\">Primera quinzena <\/span><span style=\"font-weight: 400;\">de maig o posterior, <\/span><b style=\"font-family: inherit; font-size: 1em;\">10 de maig de 2021<\/b><\/li>\n<\/ul>\n","protected":false},"excerpt":{"rendered":"<p>Calendari A t\u00edtol orientatiu,\u00a0 les dates de les sessions s\u00f3n: Sessi\u00f3 1 &#8211; Darrera setmana d\u2019octubre, 26 d\u2019octubre de 2020 Sessi\u00f3 2 &#8211; Primera quinzena de desembre, 14 de desembre de 2020 Sessi\u00f3 3 &#8211; Darrera setmana de gener, 25 de gener de 2021 Sessi\u00f3 4 &#8211; Segona setmana de mar\u00e7, 22 de mar\u00e7 de [&hellip;]<\/p>\n","protected":false},"author":1,"featured_media":0,"parent":0,"menu_order":10,"comment_status":"closed","ping_status":"closed","template":"","meta":{"site-sidebar-layout":"default","site-content-layout":"","ast-site-content-layout":"","site-content-style":"default","site-sidebar-style":"default","ast-global-header-display":"","ast-banner-title-visibility":"","ast-main-header-display":"","ast-hfb-above-header-display":"","ast-hfb-below-header-display":"","ast-hfb-mobile-header-display":"","site-post-title":"","ast-breadcrumbs-content":"","ast-featured-img":"","footer-sml-layout":"","theme-transparent-header-meta":"","adv-header-id-meta":"","stick-header-meta":"","header-above-stick-meta":"","header-main-stick-meta":"","header-below-stick-meta":"","astra-migrate-meta-layouts":"default","ast-page-background-enabled":"default","ast-page-background-meta":{"desktop":{"background-color":"","background-image":"","background-repeat":"repeat","background-position":"center center","background-size":"auto","background-attachment":"scroll","background-type":"","background-media":"","overlay-type":"","overlay-color":"","overlay-opacity":"","overlay-gradient":""},"tablet":{"background-color":"","background-image":"","background-repeat":"repeat","background-position":"center center","background-size":"auto","background-attachment":"scroll","background-type":"","background-media":"","overlay-type":"","overlay-color":"","overlay-opacity":"","overlay-gradient":""},"mobile":{"background-color":"","background-image":"","background-repeat":"repeat","background-position":"center center","background-size":"auto","background-attachment":"scroll","background-type":"","background-media":"","overlay-type":"","overlay-color":"","overlay-opacity":"","overlay-gradient":""}},"ast-content-background-meta":{"desktop":{"background-color":"var(--ast-global-color-5)","background-image":"","background-repeat":"repeat","background-position":"center center","background-size":"auto","background-attachment":"scroll","background-type":"","background-media":"","overlay-type":"","overlay-color":"","overlay-opacity":"","overlay-gradient":""},"tablet":{"background-color":"var(--ast-global-color-5)","background-image":"","background-repeat":"repeat","background-position":"center center","background-size":"auto","background-attachment":"scroll","background-type":"","background-media":"","overlay-type":"","overlay-color":"","overlay-opacity":"","overlay-gradient":""},"mobile":{"background-color":"var(--ast-global-color-5)","background-image":"","background-repeat":"repeat","background-position":"center center","background-size":"auto","background-attachment":"scroll","background-type":"","background-media":"","overlay-type":"","overlay-color":"","overlay-opacity":"","overlay-gradient":""}},"footnotes":""},"class_list":["post-608","page","type-page","status-publish","hentry"],"_links":{"self":[{"href":"https:\/\/projectes.xtec.cat\/xtcd\/wp-json\/wp\/v2\/pages\/608","targetHints":{"allow":["GET"]}}],"collection":[{"href":"https:\/\/projectes.xtec.cat\/xtcd\/wp-json\/wp\/v2\/pages"}],"about":[{"href":"https:\/\/projectes.xtec.cat\/xtcd\/wp-json\/wp\/v2\/types\/page"}],"author":[{"embeddable":true,"href":"https:\/\/projectes.xtec.cat\/xtcd\/wp-json\/wp\/v2\/users\/1"}],"replies":[{"embeddable":true,"href":"https:\/\/projectes.xtec.cat\/xtcd\/wp-json\/wp\/v2\/comments?post=608"}],"version-history":[{"count":3,"href":"https:\/\/projectes.xtec.cat\/xtcd\/wp-json\/wp\/v2\/pages\/608\/revisions"}],"predecessor-version":[{"id":8936,"href":"https:\/\/projectes.xtec.cat\/xtcd\/wp-json\/wp\/v2\/pages\/608\/revisions\/8936"}],"wp:attachment":[{"href":"https:\/\/projectes.xtec.cat\/xtcd\/wp-json\/wp\/v2\/media?parent=608"}],"curies":[{"name":"wp","href":"https:\/\/api.w.org\/{rel}","templated":true}]}}