{"id":8663,"date":"2020-02-23T14:06:06","date_gmt":"2020-02-23T13:06:06","guid":{"rendered":"https:\/\/projectes.xtec.cat\/xtcd\/?page_id=8663"},"modified":"2021-09-11T15:27:40","modified_gmt":"2021-09-11T13:27:40","slug":"sessio-4-segona-part-capsula","status":"publish","type":"page","link":"https:\/\/projectes.xtec.cat\/xtcd\/sessio-4-segona-part-capsula\/","title":{"rendered":"Sessi\u00f3 4 &#8211; Segona part &#8211; C\u00e0psula"},"content":{"rendered":"<h3>Gui\u00f3 de la segona sessi\u00f3. Segona part<\/h3>\n<table style=\"border-style: hidden; border: 0;\">\n<tbody>\n<tr style=\"border-style: hidden;\">\n<td style=\"width: 102px; border-style: hidden;\"><a href=\"https:\/\/projectes.xtec.cat\/xtcd\/wp-content\/uploads\/usu1403\/2019\/10\/icons8-time-machine-100.png\"><img loading=\"lazy\" decoding=\"async\" class=\"alignnone wp-image-8358\" src=\"https:\/\/projectes.xtec.cat\/xtcd\/wp-content\/uploads\/usu1403\/2019\/10\/icons8-time-machine-100.png\" alt=\"\" width=\"67\" height=\"68\" \/><\/a><\/td>\n<td style=\"width: 1205px;\"><strong><span style=\"font-size: 16px;\">Duraci\u00f3: 20&#8242;<\/span><\/strong><\/td>\n<\/tr>\n<\/tbody>\n<\/table>\n<h4><span style=\"color: #993300;\">BLOC \u00daNIC<\/span><\/h4>\n<h4>C\u00e0psula &#8211; 20&#8242;<\/h4>\n<h4>Plat\u00f3 de Televisi\u00f3<\/h4>\n<p>&nbsp;<\/p>\n<p>En un centre educatiu es duen a terme diferents esdeveniments (certamens, obres de teatre, festes, entrevistes, \u2026) susceptibles de ser\u00a0<strong>retransmesos en directe<\/strong>. Emetre&#8217;ls amplificar\u00e0 el potencial educatiu pel qual han estat dissenyats i al mateix temps es podran obrir a la comunitat educativa. Tamb\u00e9 permetr\u00e0 que l&#8217;alumnat pugui revisar quan vulgui els seus aprenentatges.<\/p>\n<p><a href=\"https:\/\/projectes.xtec.cat\/xtcd\/wp-content\/uploads\/usu1403\/2020\/02\/platoTV.jpg\"><img loading=\"lazy\" decoding=\"async\" class=\"alignleft size-medium wp-image-8664\" src=\"https:\/\/projectes.xtec.cat\/xtcd\/wp-content\/uploads\/usu1403\/2020\/02\/platoTV-300x236.jpg\" alt=\"\" width=\"300\" height=\"236\" srcset=\"https:\/\/projectes.xtec.cat\/xtcd\/wp-content\/uploads\/usu1403\/2020\/02\/platoTV-300x236.jpg 300w, https:\/\/projectes.xtec.cat\/xtcd\/wp-content\/uploads\/usu1403\/2020\/02\/platoTV-768x604.jpg 768w, https:\/\/projectes.xtec.cat\/xtcd\/wp-content\/uploads\/usu1403\/2020\/02\/platoTV-1024x806.jpg 1024w, https:\/\/projectes.xtec.cat\/xtcd\/wp-content\/uploads\/usu1403\/2020\/02\/platoTV.jpg 1280w\" sizes=\"auto, (max-width: 300px) 100vw, 300px\" \/><\/a><\/p>\n<p>El plat\u00f3 de televisi\u00f3 \u00e9s el lloc on ubiquem tota la tecnologia per poder fer elsenregistraments i les emissions en directe. Podem tenir diferents modalitats de plat\u00f3 de televisi\u00f3:<\/p>\n<p>&#8211; Plat\u00f3 fix. Situat en un lloc del centre. Es poden fer enregistraments i retransmissions en directe.<br \/>\n&#8211; Unitat m\u00f2bil. Es fa la retransmissi\u00f3 des fora del plat\u00f3.<br \/>\n&#8211; Plat\u00f3 combinat. Es fa l&#8217;emissi\u00f3 des del plat\u00f3 fix i es fan connexions des d&#8217;altres llocs.<\/p>\n<p>La utilitzaci\u00f3 de dispositius m\u00f2bils ( tauletes, m\u00f2bils, ordinadors port\u00e0tils,\u2026) permet que el plat\u00f3 pugui ser m\u00f2bil o combinat.<\/p>\n<p>La documentaci\u00f3, a nivell introductori, creada per aquest espai breu del Seminari, \u00e9s a: <a href=\"https:\/\/sites.google.com\/xtec.cat\/emissionsendirecte\/emissi\u00f3-en-directe\" target=\"_blank\" rel=\"noopener noreferrer\">https:\/\/sites.google.com\/xtec.cat\/emissionsendirecte\/emissi\u00f3-en-directe<\/a><\/p>\n<p>La documentaci\u00f3 completa, que est\u00e0 en proc\u00e9s d&#8217;elaboraci\u00f3, estar\u00e0 disponible a <a href=\"http:\/\/ateneu.xtec.cat\/wikiform\/wikiexport\/cmd\/tac\/multimedia\/b4_video\/08_platodetv\">Ateneu<\/a>.<\/p>\n<p>&nbsp;<\/p>\n","protected":false},"excerpt":{"rendered":"<p>Gui\u00f3 de la segona sessi\u00f3. Segona part Duraci\u00f3: 20&#8242; BLOC \u00daNIC C\u00e0psula &#8211; 20&#8242; Plat\u00f3 de Televisi\u00f3 &nbsp; En un centre educatiu es duen a terme diferents esdeveniments (certamens, obres de teatre, festes, entrevistes, \u2026) susceptibles de ser\u00a0retransmesos en directe. Emetre&#8217;ls amplificar\u00e0 el potencial educatiu pel qual han estat dissenyats i al mateix temps es [&hellip;]<\/p>\n","protected":false},"author":1,"featured_media":0,"parent":0,"menu_order":0,"comment_status":"closed","ping_status":"closed","template":"","meta":{"site-sidebar-layout":"default","site-content-layout":"","ast-site-content-layout":"","site-content-style":"default","site-sidebar-style":"default","ast-global-header-display":"","ast-banner-title-visibility":"","ast-main-header-display":"","ast-hfb-above-header-display":"","ast-hfb-below-header-display":"","ast-hfb-mobile-header-display":"","site-post-title":"","ast-breadcrumbs-content":"","ast-featured-img":"","footer-sml-layout":"","theme-transparent-header-meta":"","adv-header-id-meta":"","stick-header-meta":"","header-above-stick-meta":"","header-main-stick-meta":"","header-below-stick-meta":"","astra-migrate-meta-layouts":"default","ast-page-background-enabled":"default","ast-page-background-meta":{"desktop":{"background-color":"","background-image":"","background-repeat":"repeat","background-position":"center center","background-size":"auto","background-attachment":"scroll","background-type":"","background-media":"","overlay-type":"","overlay-color":"","overlay-opacity":"","overlay-gradient":""},"tablet":{"background-color":"","background-image":"","background-repeat":"repeat","background-position":"center center","background-size":"auto","background-attachment":"scroll","background-type":"","background-media":"","overlay-type":"","overlay-color":"","overlay-opacity":"","overlay-gradient":""},"mobile":{"background-color":"","background-image":"","background-repeat":"repeat","background-position":"center center","background-size":"auto","background-attachment":"scroll","background-type":"","background-media":"","overlay-type":"","overlay-color":"","overlay-opacity":"","overlay-gradient":""}},"ast-content-background-meta":{"desktop":{"background-color":"var(--ast-global-color-5)","background-image":"","background-repeat":"repeat","background-position":"center center","background-size":"auto","background-attachment":"scroll","background-type":"","background-media":"","overlay-type":"","overlay-color":"","overlay-opacity":"","overlay-gradient":""},"tablet":{"background-color":"var(--ast-global-color-5)","background-image":"","background-repeat":"repeat","background-position":"center center","background-size":"auto","background-attachment":"scroll","background-type":"","background-media":"","overlay-type":"","overlay-color":"","overlay-opacity":"","overlay-gradient":""},"mobile":{"background-color":"var(--ast-global-color-5)","background-image":"","background-repeat":"repeat","background-position":"center center","background-size":"auto","background-attachment":"scroll","background-type":"","background-media":"","overlay-type":"","overlay-color":"","overlay-opacity":"","overlay-gradient":""}},"footnotes":""},"class_list":["post-8663","page","type-page","status-publish","hentry"],"_links":{"self":[{"href":"https:\/\/projectes.xtec.cat\/xtcd\/wp-json\/wp\/v2\/pages\/8663","targetHints":{"allow":["GET"]}}],"collection":[{"href":"https:\/\/projectes.xtec.cat\/xtcd\/wp-json\/wp\/v2\/pages"}],"about":[{"href":"https:\/\/projectes.xtec.cat\/xtcd\/wp-json\/wp\/v2\/types\/page"}],"author":[{"embeddable":true,"href":"https:\/\/projectes.xtec.cat\/xtcd\/wp-json\/wp\/v2\/users\/1"}],"replies":[{"embeddable":true,"href":"https:\/\/projectes.xtec.cat\/xtcd\/wp-json\/wp\/v2\/comments?post=8663"}],"version-history":[{"count":3,"href":"https:\/\/projectes.xtec.cat\/xtcd\/wp-json\/wp\/v2\/pages\/8663\/revisions"}],"predecessor-version":[{"id":8675,"href":"https:\/\/projectes.xtec.cat\/xtcd\/wp-json\/wp\/v2\/pages\/8663\/revisions\/8675"}],"wp:attachment":[{"href":"https:\/\/projectes.xtec.cat\/xtcd\/wp-json\/wp\/v2\/media?parent=8663"}],"curies":[{"name":"wp","href":"https:\/\/api.w.org\/{rel}","templated":true}]}}