{"id":8761,"date":"2020-11-25T12:51:24","date_gmt":"2020-11-25T11:51:24","guid":{"rendered":"https:\/\/projectes.xtec.cat\/xtcd\/?page_id=8761"},"modified":"2021-09-11T15:27:40","modified_gmt":"2021-09-11T13:27:40","slug":"sessio-2-2020-21","status":"publish","type":"page","link":"https:\/\/projectes.xtec.cat\/xtcd\/sessio-2-2020-21\/","title":{"rendered":"Sessi\u00f3 2 &#8211; 2020\/21"},"content":{"rendered":"<p>&nbsp;<\/p>\n<div>\n<h2><span style=\"color: #850404;\">Continguts digitals\u00a0<\/span><\/h2>\n<p><strong>14 de desembre de 2020<\/strong> &#8211; <strong>17:30 h<\/strong><\/p>\n<p><a href=\"https:\/\/projectes.xtec.cat\/xtcd\/wp-content\/uploads\/usu1403\/2020\/11\/Captura-de-pantalla-2020-11-23-a-las-16.21.04.png\"><img loading=\"lazy\" decoding=\"async\" class=\"alignleft wp-image-8764\" src=\"https:\/\/projectes.xtec.cat\/xtcd\/wp-content\/uploads\/usu1403\/2020\/11\/Captura-de-pantalla-2020-11-23-a-las-16.21.04-300x293.png\" alt=\"\" width=\"400\" height=\"390\" srcset=\"https:\/\/projectes.xtec.cat\/xtcd\/wp-content\/uploads\/usu1403\/2020\/11\/Captura-de-pantalla-2020-11-23-a-las-16.21.04-300x293.png 300w, https:\/\/projectes.xtec.cat\/xtcd\/wp-content\/uploads\/usu1403\/2020\/11\/Captura-de-pantalla-2020-11-23-a-las-16.21.04.png 589w\" sizes=\"auto, (max-width: 400px) 100vw, 400px\" \/><\/a><\/p>\n<p>&nbsp;<\/p>\n<p>Segona sessi\u00f3 dels Seminaris de la Xarxa Territorial de Cultura Digital #XTCD, punt de trobada de les accions per a la transformaci\u00f3 digital dels centres educatius de Catalunya, treballant en xarxa per a construir coneixement i millorar la compet\u00e8ncia digital d\u2019alumnat, docents i centres, facilitant espais digitals per afavorir la reflexi\u00f3 i compartir coneixement.<\/p>\n<\/div>\n<div>\n<p>En el marc de l\u2019eix 2 del <a href=\"http:\/\/ensenyament.gencat.cat\/ca\/departament\/linies-estrategiques\/pla-educacio-digital\" target=\"_blank\" rel=\"noopener noreferrer\">Pla d&#8217;educaci\u00f3 digital de Catalunya<\/a> (PEDC), s\u2019inscriu l\u2019<strong>assoliment de la compet\u00e8ncia digital del professorat<\/strong>, en concret en l\u2019objectiu espec\u00edfic 1:\u00a0<span style=\"font-family: inherit; font-size: 1em;\">Definir la formaci\u00f3 permanent del professorat dirigida a l\u2019assoliment de la compet\u00e8ncia digital docent.<\/span><\/p>\n<p>Aquest objectiu recull la l\u00ednia d\u2019actuaci\u00f3 1.2: <span style=\"font-family: inherit; font-size: 1em;\">Promoure el treball en xarxa dels docents i dels centres per compartir les evid\u00e8ncies d\u2019implementaci\u00f3 en centre de la formaci\u00f3 del professorat.<\/span><\/p>\n<p>L\u2019objectiu d&#8217;aquesta sessi\u00f3 \u00e9s facilitar orientacions, estrat\u00e8gies i recursos per a aquesta l\u00ednia d\u2019actuaci\u00f3 del PEDC.<\/p>\n<\/div>\n<p><span style=\"color: #850404;\">\u00a0<\/span><\/p>\n<h5>Estructura de la sessi\u00f3<\/h5>\n<p style=\"text-align: left;\">Aquesta primera sessi\u00f3 est\u00e0 formada per diversos blocs de continguts. Tots ells es descriuen m\u00e9s avall. Els tres primers blocs es desenvoluparan en format <em>webinar<\/em> que es podr\u00e0 seguir accedint l&#8217;enlla\u00e7 seg\u00fcent:<\/p>\n<p>&nbsp;<\/p>\n<p style=\"text-align: center;\"><a href=\"https:\/\/www.youtube.com\/watch?v=-m2R8iLg2Bs\" target=\"_blank\" rel=\"noopener noreferrer\"><img loading=\"lazy\" decoding=\"async\" class=\"wp-image-8765 size-full aligncenter\" src=\"https:\/\/projectes.xtec.cat\/xtcd\/wp-content\/uploads\/usu1403\/2020\/11\/Captura-de-pantalla-2020-11-23-a-las-13.04.45.png\" alt=\"\" width=\"397\" height=\"224\" srcset=\"https:\/\/projectes.xtec.cat\/xtcd\/wp-content\/uploads\/usu1403\/2020\/11\/Captura-de-pantalla-2020-11-23-a-las-13.04.45.png 397w, https:\/\/projectes.xtec.cat\/xtcd\/wp-content\/uploads\/usu1403\/2020\/11\/Captura-de-pantalla-2020-11-23-a-las-13.04.45-300x169.png 300w\" sizes=\"auto, (max-width: 397px) 100vw, 397px\" \/><\/a>14 de desembre de 2020 &#8211; 17:30 h<\/p>\n<p>&nbsp;<\/p>\n<h5>1 &#8211; Introducci\u00f3<\/h5>\n<blockquote><p><span style=\"color: #404040;\">Aquest primer bloc inclour\u00e0:<\/span><\/p>\n<ul style=\"list-style-type: square;\">\n<li><span style=\"color: #404040;\"><span style=\"color: #404040;\">Presentaci\u00f3 de la 2a sessi\u00f3. Contingut i orientacions<\/span><\/span><\/li>\n<li><span style=\"color: #404040;\">Confer\u00e8ncia &#8220;Continguts digitals educatius&#8221; a c\u00e0rre de la Dra Mariona Gran\u00e9 Or\u00f3.<br \/>\n<em>Llicenciada en Filosofia i Ci\u00e8ncies de l&#8217;Educaci\u00f3, i Doctora per la Universitat de Barcelona. \u00c9s professora en els \u00e0mbits d&#8217;educaci\u00f3 i comunicaci\u00f3 audiovisual. I \u00e9s membre del grup de recerca consolidat LMI des 1994. La seva l\u00ednia d&#8217;investigaci\u00f3 principal se centra en les tecnologies de la informaci\u00f3 i la comunicaci\u00f3 en educaci\u00f3. \u00c9s especialista en integraci\u00f3 de les TIC en entorns d&#8217;ensenyament i aprenentatge, i en disseny interactiu i multim\u00e8dia d&#8217;entorns i recursos educatius.<\/em><\/span><\/li>\n<\/ul>\n<p style=\"padding-left: 40px;\"><strong><a href=\"https:\/\/drive.google.com\/file\/d\/1NmD1WfU1FiHjU421RnyH6v7qJe3pHyvx\/view?usp=sharing\" target=\"_blank\" rel=\"noopener noreferrer\">Presentaci\u00f3<\/a><\/strong> de la Dra Mariona Gran\u00e9 utilitzada al <em>webinar<\/em><\/p>\n<p><span style=\"color: #404040;\">Previsi\u00f3 de durada: 30&#8242;<\/span><\/p>\n<p>&nbsp;<\/p><\/blockquote>\n<h5>2 &#8211; P\u00edndola formativa<\/h5>\n<blockquote><p><span style=\"color: #404040;\">Els materials corresponents a aquest bloc estan referenciats a l&#8217;apartat Documentaci\u00f3 d&#8217;aquesta mateixa p\u00e0gina. <\/span><span style=\"color: #404040;\">A c\u00e0rrec de l\u2019\u00c0rea de Cultura Digital.<\/span><\/p>\n<p><span style=\"color: #404040;\">Es presentaran els diferents portals educatius de l&#8217;\u00c0rea de Cultura Digital i alguns recursos per disposar i\/o generar continguts digitals.<br \/>\n<\/span><br \/>\n<span style=\"color: #404040;\">Previsi\u00f3 de durada: 45&#8242;<\/span><\/p>\n<p>&nbsp;<\/p><\/blockquote>\n<h5>3 &#8211; Compartim experi\u00e8ncies<\/h5>\n<blockquote><p><span style=\"color: #000000;\">Exposici\u00f3 d&#8217;una experi\u00e8ncia de centre relacionada amb els continguts digitals.<\/span><\/p>\n<p style=\"padding-left: 40px;\"><a href=\"https:\/\/agora.xtec.cat\/ceip-la-parellada\/\"><b>Escola La Parellada<\/b><\/a><span style=\"font-weight: 400;\"> de Santa Oliva &#8211; Hugo Cardillo &#8211; <\/span><b>15\u2019<\/b><\/p>\n<p style=\"padding-left: 80px;\"><a href=\"https:\/\/drive.google.com\/file\/d\/1U3kqwkVwOsy0woQ87bwWxLUUlbTh-jl5\/view?usp=sharing\" target=\"_blank\" rel=\"noopener noreferrer\"><strong>Presentaci\u00f3<\/strong><\/a> del director de l&#8217;escola, Hugo Cardillo<\/p>\n<p><span style=\"color: #000000;\">Previsi\u00f3 de durada: 30&#8242;<\/span><\/p>\n<p>&nbsp;<\/p><\/blockquote>\n<h5>4 &#8211; Debat i dubtes<\/h5>\n<blockquote><p><span style=\"color: #404040;\">Els participants <strong>inscrits<\/strong> al GTAF,\u00a0 accediran a un grup territorial del <a href=\"https:\/\/odissea.xtec.cat\/course\/view.php?id=71142\" target=\"_blank\" rel=\"noopener noreferrer\">curs creat a Odissea<\/a>.\u00a0 S\u2019hi inclouen tasques concretes sobre el tema de la sessi\u00f3.<\/span><br \/>\n<span style=\"color: #404040;\">Aquest espai a Odissea est\u00e0 gestionat i dinamitzat pels Centres de Recursos Pedag\u00f2gics, els Serveis Territorials i l&#8217;\u00c0rea de Cultura Digital.<br \/>\n<\/span><\/p>\n<p>&nbsp;<\/p><\/blockquote>\n<h5><\/h5>\n<h5>Documentaci\u00f3<\/h5>\n<blockquote><p><a href=\"https:\/\/projectes.xtec.cat\/xtcd\/wp-content\/uploads\/usu1403\/2020\/11\/website.png\"><img loading=\"lazy\" decoding=\"async\" class=\"alignleft wp-image-8783\" src=\"https:\/\/projectes.xtec.cat\/xtcd\/wp-content\/uploads\/usu1403\/2020\/11\/website-150x150.png\" alt=\"\" width=\"50\" height=\"50\" srcset=\"https:\/\/projectes.xtec.cat\/xtcd\/wp-content\/uploads\/usu1403\/2020\/11\/website-150x150.png 150w, https:\/\/projectes.xtec.cat\/xtcd\/wp-content\/uploads\/usu1403\/2020\/11\/website-300x300.png 300w, https:\/\/projectes.xtec.cat\/xtcd\/wp-content\/uploads\/usu1403\/2020\/11\/website.png 512w\" sizes=\"auto, (max-width: 50px) 100vw, 50px\" \/><\/a><br \/>\n<span style=\"color: #000000;\">Accediu a la<\/span> <a href=\"https:\/\/projectes.xtec.cat\/xtcd\/sessio-2-2020-21\/sessio-2-2020-21-1\/\" target=\"_blank\" rel=\"noopener noreferrer\">p\u00e0gina amb les presentacions<\/a> <span style=\"color: #000000;\">dels diferents serveis i recursos.<\/span><\/p><\/blockquote>\n<p>&nbsp;<\/p>\n<p><i>Int\u00e8rpret de llengua de signes &#8211; Eva Colldeforn<\/i><\/p>\n<p>&nbsp;<\/p>\n","protected":false},"excerpt":{"rendered":"<p>&nbsp; Continguts digitals\u00a0 14 de desembre de 2020 &#8211; 17:30 h &nbsp; Segona sessi\u00f3 dels Seminaris de la Xarxa Territorial de Cultura Digital #XTCD, punt de trobada de les accions per a la transformaci\u00f3 digital dels centres educatius de Catalunya, treballant en xarxa per a construir coneixement i millorar la compet\u00e8ncia digital d\u2019alumnat, docents i [&hellip;]<\/p>\n","protected":false},"author":1,"featured_media":0,"parent":0,"menu_order":0,"comment_status":"closed","ping_status":"closed","template":"","meta":{"site-sidebar-layout":"default","site-content-layout":"","ast-site-content-layout":"","site-content-style":"default","site-sidebar-style":"default","ast-global-header-display":"","ast-banner-title-visibility":"","ast-main-header-display":"","ast-hfb-above-header-display":"","ast-hfb-below-header-display":"","ast-hfb-mobile-header-display":"","site-post-title":"","ast-breadcrumbs-content":"","ast-featured-img":"","footer-sml-layout":"","theme-transparent-header-meta":"","adv-header-id-meta":"","stick-header-meta":"","header-above-stick-meta":"","header-main-stick-meta":"","header-below-stick-meta":"","astra-migrate-meta-layouts":"default","ast-page-background-enabled":"default","ast-page-background-meta":{"desktop":{"background-color":"","background-image":"","background-repeat":"repeat","background-position":"center center","background-size":"auto","background-attachment":"scroll","background-type":"","background-media":"","overlay-type":"","overlay-color":"","overlay-opacity":"","overlay-gradient":""},"tablet":{"background-color":"","background-image":"","background-repeat":"repeat","background-position":"center center","background-size":"auto","background-attachment":"scroll","background-type":"","background-media":"","overlay-type":"","overlay-color":"","overlay-opacity":"","overlay-gradient":""},"mobile":{"background-color":"","background-image":"","background-repeat":"repeat","background-position":"center center","background-size":"auto","background-attachment":"scroll","background-type":"","background-media":"","overlay-type":"","overlay-color":"","overlay-opacity":"","overlay-gradient":""}},"ast-content-background-meta":{"desktop":{"background-color":"var(--ast-global-color-5)","background-image":"","background-repeat":"repeat","background-position":"center center","background-size":"auto","background-attachment":"scroll","background-type":"","background-media":"","overlay-type":"","overlay-color":"","overlay-opacity":"","overlay-gradient":""},"tablet":{"background-color":"var(--ast-global-color-5)","background-image":"","background-repeat":"repeat","background-position":"center center","background-size":"auto","background-attachment":"scroll","background-type":"","background-media":"","overlay-type":"","overlay-color":"","overlay-opacity":"","overlay-gradient":""},"mobile":{"background-color":"var(--ast-global-color-5)","background-image":"","background-repeat":"repeat","background-position":"center center","background-size":"auto","background-attachment":"scroll","background-type":"","background-media":"","overlay-type":"","overlay-color":"","overlay-opacity":"","overlay-gradient":""}},"footnotes":""},"class_list":["post-8761","page","type-page","status-publish","hentry"],"_links":{"self":[{"href":"https:\/\/projectes.xtec.cat\/xtcd\/wp-json\/wp\/v2\/pages\/8761","targetHints":{"allow":["GET"]}}],"collection":[{"href":"https:\/\/projectes.xtec.cat\/xtcd\/wp-json\/wp\/v2\/pages"}],"about":[{"href":"https:\/\/projectes.xtec.cat\/xtcd\/wp-json\/wp\/v2\/types\/page"}],"author":[{"embeddable":true,"href":"https:\/\/projectes.xtec.cat\/xtcd\/wp-json\/wp\/v2\/users\/1"}],"replies":[{"embeddable":true,"href":"https:\/\/projectes.xtec.cat\/xtcd\/wp-json\/wp\/v2\/comments?post=8761"}],"version-history":[{"count":4,"href":"https:\/\/projectes.xtec.cat\/xtcd\/wp-json\/wp\/v2\/pages\/8761\/revisions"}],"predecessor-version":[{"id":8817,"href":"https:\/\/projectes.xtec.cat\/xtcd\/wp-json\/wp\/v2\/pages\/8761\/revisions\/8817"}],"wp:attachment":[{"href":"https:\/\/projectes.xtec.cat\/xtcd\/wp-json\/wp\/v2\/media?parent=8761"}],"curies":[{"name":"wp","href":"https:\/\/api.w.org\/{rel}","templated":true}]}}